000
CXUS55 KRIW 280901
CF6LND
PRELIMINARY LOCAL CLIMATOLOGICAL DATA (WS FORM: F-6)

                                          STATION:   LANDER WY
                                          MONTH:     DECEMBER
                                          YEAR:      2014
                                          LATITUDE:   42 49 N
                                          LONGITUDE: 108 44 W

  TEMPERATURE IN F:       :PCPN:    SNOW:  WIND      :SUNSHINE: SKY     :PK WND
================================================================================
1   2   3   4   5  6A  6B    7    8   9   10  11  12  13   14  15   16   17  18
                                     12Z  AVG MX 2MIN
DY MAX MIN AVG DEP HDD CDD  WTR  SNW DPTH SPD SPD DIR MIN PSBL S-S WX    SPD DR
================================================================================

 1  45   9  27   4  38   0 0.00  0.0    0  5.6 22 230   M    M   2        32 210
 2  53  28  41  18  24   0 0.00  0.0    0 11.7 35 300   M    M   0        45 290
 3  43  20  32  10  33   0 0.00  0.0    0  4.4 13 340   M    M   2        14 360
 4  52  24  38  16  27   0 0.00  0.0    0  4.5 12 330   M    M   0        13 340
 5  54  27  41  19  24   0 0.00  0.0    0  4.3 13 240   M    M   0        13 240
 6  45  26  36  14  29   0 0.00  0.0    0  2.9 10 300   M    M   0        15 290
 7  52  25  39  18  26   0 0.00  0.0    0  4.0 16 240   M    M   0        19 240
 8  47  24  36  15  29   0 0.00  0.0    0  3.1 10 360   M    M   0        12 360
 9  56  22  39  18  26   0 0.00  0.0    0  6.1 15  10   M    M   0        19  20
10  52  27  40  19  25   0 0.00  0.0    0  2.3 12 250   M    M   0        13 250
11  45  22  34  14  31   0 0.00  0.0    0  3.4 12 270   M    M   0        14 260
12  49  29  39  19  26   0 0.00  0.0    0  4.8 13 270   M    M   0        16 330
13  54  33  44  24  21   0 0.00  0.0    0  6.2 22 150   M    M   5        26 150
14  39  26  33  13  32   0 0.74  5.0    3  7.1 15 150   M    M  10 12     18 320
15  31  12  22   2  43   0 0.07  0.6    5  7.3 15 150   M    M   6 1      17 160
16  20   7  14  -6  51   0 0.00  0.0    5  2.3  9 340   M    M   5 128    10 320
17  18  -1   9 -11  56   0 0.00  0.0    5  1.5  9 310   M    M   4 128    12 320
18  13  -5   4 -16  61   0 0.00  0.0    5  1.1  8 260   M    M   2 128     9 250
19  17  -6   6 -14  59   0 0.00  0.0    4  2.5 16 340   M    M   1 128    18 350
20  31   7  19  -1  46   0 0.00  0.0    4  3.7 12 260   M    M   0 18     12 260
21  39  14  27   7  38   0 0.00  0.0    4  5.9 20 280   M    M   2 1      23 320
22  35  17  26   6  39   0    T  0.1    4  7.8 35 300   M    M   7 18     44 300
23  29  12  21   1  44   0 0.00  0.0    4  4.7 15 240   M    M   3        17 240
24  36  11  24   4  41   0 0.00  0.0    4  4.8 14 300   M    M   1 8      19  40
25  27  18  23   3  42   0 0.62  9.6   12  6.8 18  40   M    M  10 12     24 320
26  20  12  16  -4  49   0 0.04  1.0   12  2.0  9 240   M    M  10 1      10 240
27  17   1   9 -11  56   0 0.00  0.0   11  3.7 14 250   M    M   2 18     14 250
================================================================================
SM 1019  441      1016   0  1.47    16.3 124.5          M       72
================================================================================
AV 37.7 16.3                               4.6 FASTST   M    M   3    MAX(MPH)
                                 MISC ---->  # 35 300               # 45  290
================================================================================
NOTES:
# LAST OF SEVERAL OCCURRENCES

COLUMN 17 PEAK WIND IN M.P.H.

PRELIMINARY LOCAL CLIMATOLOGICAL DATA (WS FORM: F-6) , PAGE 2

                                          STATION:  LANDER WY
                                          MONTH:    DECEMBER
                                          YEAR:     2014
                                          LATITUDE:   42 49 N
                                          LONGITUDE: 108 44 W

[TEMPERATURE DATA]      [PRECIPITATION DATA]       SYMBOLS USED IN COLUMN 16

AVERAGE MONTHLY: 27.0   TOTAL FOR MONTH:   1.47    1 = FOG OR MIST
DPTR FM NORMAL:   6.4   DPTR FM NORMAL:    0.95    2 = FOG REDUCING VISIBILITY
HIGHEST:    56 ON  9    GRTST 24HR  0.75 ON 14-15      TO 1/4 MILE OR LESS
LOWEST:     -6 ON 19                               3 = THUNDER
                        SNOW, ICE PELLETS, HAIL    4 = ICE PELLETS
                        TOTAL MONTH:  16.3 INCHES  5 = HAIL
                        GRTST 24HR   9.6 ON   M    6 = FREEZING RAIN OR DRIZZLE
                        GRTST DEPTH:  12 ON 26,25  7 = DUSTSTORM OR SANDSTORM:
                                                       VSBY 1/2 MILE OR LESS
                                                   8 = SMOKE OR HAZE
[NO. OF DAYS WITH]      [WEATHER - DAYS WITH]      9 = BLOWING SNOW
                                                   X = TORNADO
MAX 32 OR BELOW:  10    0.01 INCH OR MORE:   4
MAX 90 OR ABOVE:   0    0.10 INCH OR MORE:   2
MIN 32 OR BELOW:  26    0.50 INCH OR MORE:   2
MIN  0 OR BELOW:   3    1.00 INCH OR MORE:   0

[HDD (BASE 65) ]
TOTAL THIS MO.  1016    CLEAR  (SCALE 0-3)  18
DPTR FM NORMAL  -181    PTCLDY (SCALE 4-7)   6
TOTAL FM JUL 1  2557    CLOUDY (SCALE 8-10)  3
DPTR FM NORMAL  -513

[CDD (BASE 65) ]
TOTAL THIS MO.     0
DPTR FM NORMAL     0    [PRESSURE DATA]
TOTAL FM JAN 1   445    HIGHEST SLP M ON M
DPTR FM NORMAL   -27    LOWEST  SLP 29.42 ON 25

[REMARKS]
