000
CXUS55 KJKL 291000
CF6LOZ
PRELIMINARY LOCAL CLIMATOLOGICAL DATA (WS FORM: F-6)

                                          STATION:   LONDON KY
                                          MONTH:     MARCH
                                          YEAR:      2015
                                          LATITUDE:   37  4 N
                                          LONGITUDE:  84  5 W

  TEMPERATURE IN F:       :PCPN:    SNOW:  WIND      :SUNSHINE: SKY     :PK WND
================================================================================
1   2   3   4   5  6A  6B    7    8   9   10  11  12  13   14  15   16   17  18
                                     12Z  AVG MX 2MIN
DY MAX MIN AVG DEP HDD CDD  WTR  SNW DPTH SPD SPD DIR MIN PSBL S-S WX    SPD DR
================================================================================

 1  50  33  42  -1  23   0 0.02    M    M  3.3  9 210   M    M  10 18     12 200
 2  46  32  39  -5  26   0 0.15    M    M  6.3 14 340   M    M   4 18     18 340
 3  62  32  47   3  18   0 0.43    M    M  5.9 16 220   M    M   9 18     23 230
 4  62  34  48   4  17   0 1.79    M    M  7.7 20 230   M    M  10 1      29 220
 5  34   8  21 -23  44   0 0.39    M    M  8.5 18  10   M    M   8 168    24 360
 6  33   2  18 -27  47   0 0.00    M    M  1.9  7 120   M    M   0         9  40
 7  57  19  38  -7  27   0 0.00    M    M  6.7 18 240   M    M   0        22 240
 8  62  29  46   1  19   0 0.00    M    M  2.4 13 240   M    M   0        16 240
 9  59  45  52   7  13   0 0.00    M    M  3.5 13 250   M    M   7        17 210
10  63  49  56  10   9   0 0.61    M    M  6.5 21 250   M    M  10 18     28 250
11  61  42  52   6  13   0 0.27    M    M  4.2 10 270   M    M   9 128    14 330
12  67  40  54   8  11   0 0.00    M    M  5.9 14  60   M    M   5 128    18  60
13  60  49  55   9  10   0 0.52    M    M  6.5 16 150   M    M  10 1      23 160
14  59  49  54   7  11   0 0.23    M    M  5.1 13 300   M    M   9 12     17 270
15  68  40  54   7  11   0 0.00    M    M  3.1 12 300   M    M   1 18     14 300
16  76  38  57  10   8   0 0.00    M    M  4.2 15 240   M    M   0        20 240
17  68  44  56   8   9   0 0.00    M    M  7.6 17 350   M    M   2        28 290
18  51  34  43  -5  22   0 0.00    M    M  6.9 13  30   M    M   3        19  20
19  48  40  44  -4  21   0 0.15    M    M  4.5 14  30   M    M  10 18     18  30
20  51  45  48   0  17   0 0.10    M    M  5.5 12 260   M    M  10 18     14 270
21  66  45  56   7   9   0    T    M    M  3.2  9 270   M    M   4 18     12 250
22  65  46  56   7   9   0 0.00    M    M  6.2 14  20   M    M   1        17  10
23  71  39  55   6  10   0 0.00    M    M  4.9 16 250   M    M   1        20 290
24  73  39  56   6   9   0    T    M    M  4.2 15  20   M    M   3        18  30
25  77  52  65  15   0   0 0.00    M    M  7.9 24 220   M    M   6        32 230
26  69  41  55   5  10   0 0.57    M    M  8.7 28 280   M    M   9 18     37 260
27  48  31  40 -11  25   0    T    M    M  9.5 17 320   M    M   9        26 340
28  42  27  35 -16  30   0 0.00    M    M  6.9 15 360   M    M   4        20 350
================================================================================
SM 1648 1024       478   0  5.23    M    157.7          M      154
================================================================================
AV 58.9 36.6                               5.6 FASTST   M    M   6    MAX(MPH)
                                 MISC ---->  # 28 280               # 37  260
================================================================================
NOTES:
# LAST OF SEVERAL OCCURRENCES

COLUMN 17 PEAK WIND IN M.P.H.

PRELIMINARY LOCAL CLIMATOLOGICAL DATA (WS FORM: F-6) , PAGE 2

                                          STATION:  LONDON KY
                                          MONTH:    MARCH
                                          YEAR:     2015
                                          LATITUDE:   37  4 N
                                          LONGITUDE:  84  5 W

[TEMPERATURE DATA]      [PRECIPITATION DATA]       SYMBOLS USED IN COLUMN 16

AVERAGE MONTHLY: 47.7   TOTAL FOR MONTH:   5.23    1 = FOG OR MIST
DPTR FM NORMAL:   0.8   DPTR FM NORMAL:    1.58    2 = FOG REDUCING VISIBILITY
HIGHEST:    77 ON 25    GRTST 24HR  1.79 ON  4- 4      TO 1/4 MILE OR LESS
LOWEST:      2 ON  6                               3 = THUNDER
                        SNOW, ICE PELLETS, HAIL    4 = ICE PELLETS
                        TOTAL MONTH:    M          5 = HAIL
                        GRTST 24HR    M  ON   M    6 = FREEZING RAIN OR DRIZZLE
                        GRTST DEPTH:  M  ON   M    7 = DUSTSTORM OR SANDSTORM:
                                                       VSBY 1/2 MILE OR LESS
                                                   8 = SMOKE OR HAZE
[NO. OF DAYS WITH]      [WEATHER - DAYS WITH]      9 = BLOWING SNOW
                                                   X = TORNADO
MAX 32 OR BELOW:   0    0.01 INCH OR MORE:  12
MAX 90 OR ABOVE:   0    0.10 INCH OR MORE:  11
MIN 32 OR BELOW:   8    0.50 INCH OR MORE:   4
MIN  0 OR BELOW:   0    1.00 INCH OR MORE:   1

[HDD (BASE 65) ]
TOTAL THIS MO.   478    CLEAR  (SCALE 0-3)   9
DPTR FM NORMAL   -29    PTCLDY (SCALE 4-7)   7
TOTAL FM JUL 1  4099    CLOUDY (SCALE 8-10) 12
DPTR FM NORMAL   316

[CDD (BASE 65) ]
TOTAL THIS MO.     0
DPTR FM NORMAL     0    [PRESSURE DATA]
TOTAL FM JAN 1     0    HIGHEST SLP M ON M
DPTR FM NORMAL     0    LOWEST  SLP 29.73 ON 26

[REMARKS]
