000
CXUS54 KCRP 301300
CF6LRD
PRELIMINARY LOCAL CLIMATOLOGICAL DATA (WS FORM: F-6)

                                          STATION:   LAREDO
                                          MONTH:     OCTOBER
                                          YEAR:      2014
                                          LATITUDE:   27 31 N
                                          LONGITUDE:  99 28 W

  TEMPERATURE IN F:       :PCPN:    SNOW:  WIND      :SUNSHINE: SKY     :PK WND
================================================================================
1   2   3   4   5  6A  6B    7    8   9   10  11  12  13   14  15   16   17  18
                                     12Z  AVG MX 2MIN
DY MAX MIN AVG DEP HDD CDD  WTR  SNW DPTH SPD SPD DIR MIN PSBL S-S WX    SPD DR
================================================================================

 1  95  75  85   6   0  20 0.00  0.0    0  9.6 16 150   M    M   0        21 140
 2  96  77  87   8   0  22 0.00  0.0    0 10.7 23 160   M    M   1 1      26 160
 3  90  72  81   2   0  16    T  0.0    0 10.8 22  50   M    M   1 8      28  60
 4  87  61  74  -5   0   9 0.00  0.0    0  6.4 14 120   M    M   0 8      18 120
 5  91  67  79   1   0  14 0.00  0.0    0 10.9 18 160   M    M   0        22 130
 6  93  71  82   4   0  17 0.00  0.0    0  7.5 16 120   M    M   0        18 130
 7  94  75  85   7   0  20 0.00  0.0    0  9.2 20 130   M    M   3 1      24 130
 8  94  76  85   7   0  20 0.00  0.0    0 12.0 18 120   M    M   2 1      22 130
 9  95  78  87   9   0  22 0.00  0.0    0 14.8 22 140   M    M   3        28 150
10  96  77  87  10   0  22 0.00  0.0    0 12.8 20 130   M    M   3        23 130
11  88  73  81   4   0  16 0.00  0.0    0  9.9 20 290   M    M   2        23 320
12  91  69  80   3   0  15 0.00  0.0    0 10.5 23 160   M    M   6        26 160
13  86  68  77   0   0  12 0.00  0.0    0 15.8 33 330   M    M   0        39 330
14  85  55  70  -6   0   5 0.00  0.0    0  6.8 13 320   M    M   0         M  M
15  88  54  71  -5   0   6 0.00  0.0    0  4.9 13 140   M    M   0        16 140
16  90  61  76   0   0  11 0.00  0.0    0  9.3 15 150   M    M   0 8      18 160
17  92  64  78   2   0  13 0.00  0.0    0  8.5 14 130   M    M   0        16 130
18  93  72  83   8   0  18 0.00  0.0    0  8.3 27 130   M    M   2 3      32 120
19  85  71  78   3   0  13    T  0.0    0  9.6 17 110   M    M   5        20 110
20  87  67  77   2   0  12    T  0.0    0  7.5 20  90   M    M   3        24  80
21  83  69  76   1   0  11 0.13  0.0    0  6.2 17 140   M    M   6 1      18 140
22  88  68  78   4   0  13    T  0.0    0  7.8 15 100   M    M   6        18 110
23  85  69  77   3   0  12 0.00  0.0    0  5.2 13  50   M    M   6        16  40
24  89  64  77   3   0  12 0.00  0.0    0  3.0 13 130   M    M   0        16 140
25  90  64  77   3   0  12 0.00  0.0    0  5.8 14 130   M    M   0        20 150
26  89  63  76   3   0  11 0.00  0.0    0  8.1 15 140   M    M   0        20 150
27  90  66  78   5   0  13 0.00  0.0    0  9.6 18 160   M    M   0 8      23 170
28  91  67  79   6   0  14 0.00  0.0    0  7.0 12 130   M    M   0 8      14  12
29  89  68  79   7   0  14 0.00  0.0    0  3.4 12  80   M    M   3 8       1 140
================================================================================
SM 2610 1981         0 415  0.13     0.0 251.8          M       52
================================================================================
AV 90.0 68.3                               8.7 FASTST   M    M   2    MAX(MPH)
                                 MISC ---->    33   M                 39    M
================================================================================
NOTES:
# LAST OF SEVERAL OCCURRENCES

COLUMN 17 PEAK WIND IN M.P.H.

PRELIMINARY LOCAL CLIMATOLOGICAL DATA (WS FORM: F-6) , PAGE 2

                                          STATION:  LAREDO
                                          MONTH:    OCTOBER
                                          YEAR:     2014
                                          LATITUDE:   27 31 N
                                          LONGITUDE:  99 28 W

[TEMPERATURE DATA]      [PRECIPITATION DATA]       SYMBOLS USED IN COLUMN 16

AVERAGE MONTHLY: 79.2   TOTAL FOR MONTH:   0.13    1 = FOG OR MIST
DPTR FM NORMAL:   3.1   DPTR FM NORMAL:   -1.99    2 = FOG REDUCING VISIBILITY
HIGHEST:    96 ON 10, 2 GRTST 24HR  0.13 ON 21-21      TO 1/4 MILE OR LESS
LOWEST:     54 ON 15                               3 = THUNDER
                        SNOW, ICE PELLETS, HAIL    4 = ICE PELLETS
                        TOTAL MONTH:   0.0 INCH    5 = HAIL
                        GRTST 24HR     0.0         6 = FREEZING RAIN OR DRIZZLE
                        GRTST DEPTH:   0           7 = DUSTSTORM OR SANDSTORM:
                                                       VSBY 1/2 MILE OR LESS
                                                   8 = SMOKE OR HAZE
[NO. OF DAYS WITH]      [WEATHER - DAYS WITH]      9 = BLOWING SNOW
                                                   X = TORNADO
MAX 32 OR BELOW:   0    0.01 INCH OR MORE:   1
MAX 90 OR ABOVE:  16    0.10 INCH OR MORE:   1
MIN 32 OR BELOW:   0    0.50 INCH OR MORE:   0
MIN  0 OR BELOW:   0    1.00 INCH OR MORE:   0

[HDD (BASE 65) ]
TOTAL THIS MO.     0    CLEAR  (SCALE 0-3)  23
DPTR FM NORMAL    -6    PTCLDY (SCALE 4-7)   6
TOTAL FM JUL 1     0    CLOUDY (SCALE 8-10)  0
DPTR FM NORMAL    -7

[CDD (BASE 65) ]
TOTAL THIS MO.   415
DPTR FM NORMAL    86    [PRESSURE DATA]
TOTAL FM JAN 1  4394    HIGHEST SLP M ON M
DPTR FM NORMAL   280    LOWEST  SLP M ON M

[REMARKS]
