000
CXUS54 KCRP 011705
CF6LRD
PRELIMINARY LOCAL CLIMATOLOGICAL DATA (WS FORM: F-6)

                                          STATION:   LAREDO
                                          MONTH:     FEBRUARY
                                          YEAR:      2015
                                          LATITUDE:   27 31 N
                                          LONGITUDE:  99 28 W

  TEMPERATURE IN F:       :PCPN:    SNOW:  WIND      :SUNSHINE: SKY     :PK WND
================================================================================
1   2   3   4   5  6A  6B    7    8   9   10  11  12  13   14  15   16   17  18
                                     12Z  AVG MX 2MIN
DY MAX MIN AVG DEP HDD CDD  WTR  SNW DPTH SPD SPD DIR MIN PSBL S-S WX    SPD DR
================================================================================

 1  75  57  66   8   0   1 0.00  0.0    0  8.3 22  50   M    M   3 12     26  50
 2  61  46  54  -5  11   0    T  0.0    0  8.3 26  30   M    M   8        32  30
 3  46  42  44 -15  21   0 0.16  0.0    0  4.7 10  60   M    M   9 1      13  80
 4  64  45  55  -4  10   0 0.01  0.0    0  3.1  9 140   M    M   5 1      12 140
 5  52  48  50  -9  15   0    T  0.0    0  8.1 18 350   M    M   9 1      22 320
 6  60  48  54  -5  11   0 0.00  0.0    0  4.1  9 180   M    M  10        12 180
 7  75  54  65   5   0   0 0.00  0.0    0  8.2 18 190   M    M   5        22 190
 8  85  52  69   9   0   4 0.00  0.0    0  6.0 12 150   M    M   1 12     15 160
 9  85  49  67   7   0   2 0.00  0.0    0  5.5  9 170   M    M   0        12 330
10  86  53  70  10   0   5 0.00  0.0    0  9.2 18 130   M    M   0 8      22 160
11  81  54  68   8   0   3 0.00  0.0    0 11.5 21 130   M    M   1        23 130
12  69  57  63   2   2   0 0.00  0.0    0 11.4 23  50   M    M   9 1      30  60
13  73  52  63   2   2   0 0.00  0.0    0  5.6 12 170   M    M   5        14 160
14  74  54  64   3   1   0 0.00  0.0    0  5.5 13 130   M    M   6 18     16 130
15  77  62  70   9   0   5    T  0.0    0 11.8 22 170   M    M   4        26 170
16  74  44  59  -2   6   0 0.06  0.0    0 11.8 32 320   M    M   4 18     39 320
17  59  42  51 -11  14   0 0.01  0.0    0  8.3 17 330   M    M   6        22 350
18  69  37  53  -9  12   0 0.00  0.0    0  8.6 17 160   M    M   0        22 170
19  74  43  59  -3   6   0 0.00  0.0    0 12.8 23 160   M    M   1        30 150
20  83  55  69   7   0   4 0.00  0.0    0 14.6 24 140   M    M   0 8      30 140
21  88  62  75  12   0  10 0.00  0.0    0 10.1 22 150   M    M   0        25 160
22  87  52  70   7   0   5 0.00  0.0    0 13.0 28  40   M    M   5        32  40
23  52  37  45 -18  20   0 0.03  0.0    0 13.0 25  30   M    M  10 1      29  30
24  44  36  40 -23  25   0    T  0.0    0  5.2 12 120   M    M  10        13 120
25  71  37  54 -10  11   0 0.00  0.0    0  9.0 23 330   M    M   2        29 320
26  75  44  60  -4   5   0 0.00  0.0    0 11.2 25 110   M    M   1        31 110
27  46  36  41 -23  24   0 0.01  0.0    0 11.9 21  50   M    M  10 1      25  50
28  44  36  40 -24  25   0 0.01  0.0    0  8.2 14 330   M    M  10 1      17 330
================================================================================
SM 1929 1334       221  39  0.29     0.0 249.0          M      134
================================================================================
AV 68.9 47.6                               8.9 FASTST   M    M   5    MAX(MPH)
                                 MISC ---->  # 32 320               # 39  320
================================================================================
NOTES:
# LAST OF SEVERAL OCCURRENCES

COLUMN 17 PEAK WIND IN M.P.H.

PRELIMINARY LOCAL CLIMATOLOGICAL DATA (WS FORM: F-6) , PAGE 2

                                          STATION:  LAREDO
                                          MONTH:    FEBRUARY
                                          YEAR:     2015
                                          LATITUDE:   27 31 N
                                          LONGITUDE:  99 28 W

[TEMPERATURE DATA]      [PRECIPITATION DATA]       SYMBOLS USED IN COLUMN 16

AVERAGE MONTHLY: 58.3   TOTAL FOR MONTH:   0.29    1 = FOG OR MIST
DPTR FM NORMAL:  -2.9   DPTR FM NORMAL:   -0.65    2 = FOG REDUCING VISIBILITY
HIGHEST:    88 ON 21    GRTST 24HR  0.16 ON  3- 3      TO 1/4 MILE OR LESS
LOWEST:     36 ON 28,27                            3 = THUNDER
                        SNOW, ICE PELLETS, HAIL    4 = ICE PELLETS
                        TOTAL MONTH:   0.0 INCH    5 = HAIL
                        GRTST 24HR     0.0         6 = FREEZING RAIN OR DRIZZLE
                        GRTST DEPTH:   0           7 = DUSTSTORM OR SANDSTORM:
                                                       VSBY 1/2 MILE OR LESS
                                                   8 = SMOKE OR HAZE
[NO. OF DAYS WITH]      [WEATHER - DAYS WITH]      9 = BLOWING SNOW
                                                   X = TORNADO
MAX 32 OR BELOW:   0    0.01 INCH OR MORE:   7
MAX 90 OR ABOVE:   0    0.10 INCH OR MORE:   1
MIN 32 OR BELOW:   0    0.50 INCH OR MORE:   0
MIN  0 OR BELOW:   0    1.00 INCH OR MORE:   0

[HDD (BASE 65) ]
TOTAL THIS MO.   221    CLEAR  (SCALE 0-3)  11
DPTR FM NORMAL    56    PTCLDY (SCALE 4-7)   9
TOTAL FM JUL 1   935    CLOUDY (SCALE 8-10)  8
DPTR FM NORMAL    91

[CDD (BASE 65) ]
TOTAL THIS MO.    39
DPTR FM NORMAL   -18    [PRESSURE DATA]
TOTAL FM JAN 1    48    HIGHEST SLP M ON M
DPTR FM NORMAL   -37    LOWEST  SLP M ON M

[REMARKS]
#FINAL-02-15#
