000
CXUS54 KLZK 301330
CF6LRF
PRELIMINARY LOCAL CLIMATOLOGICAL DATA (WS FORM: F-6)

                                          STATION:   Jacksonville/Little Rock AFB
                                          MONTH:     JUNE
                                          YEAR:      2015
                                          LATITUDE:   34 55 N
                                          LONGITUDE:  92  9 W

  TEMPERATURE IN F:       :PCPN:    SNOW:  WIND      :SUNSHINE: SKY     :PK WND
================================================================================
1   2   3   4   5  6A  6B    7    8   9   10  11  12  13   14  15   16   17  18
                                     12Z  AVG MX 2MIN
DY MAX MIN AVG DEP HDD CDD  WTR  SNW DPTH SPD SPD DIR MIN PSBL S-S WX    SPD DR
================================================================================

 1  76  63  70  -4   0   5    T  0.0    0  4.7  8  30   M    M   8 8       M  M
 2  79  63  71  -3   0   6    T  0.0    0  3.9 10  40   M    M   5         M  M
 3  78  62  70  -5   0   5    T  0.0    0  3.0  6  70   M    M   6         M  M
 4  87  62  75   0   0  10    T  0.0    0  2.5  6 150   M    M   1         M  M
 5  91  63  77   2   0  12    T  0.0    0  2.5  6 210   M    M   0 8       M  M
 6  86  67  77   1   0  12    T  0.0    0  2.3  7  60   M    M   2         M  M
 7  93  68  81   5   0  16 0.00  0.0    0  3.5  8 170   M    M   1         M  M
 8  92  74  83   7   0  18    T  0.0    0  6.8 16 240   M    M   2        24 250
 9  93  68  81   5   0  16 0.00  0.0    0  2.2  8  30   M    M   0         M  M
10  95  66  81   4   0  16    T  0.0    0  1.9  5  60   M    M   0         M  M
11  94  68  81   4   0  16    T  0.0    0  5.8 13 210   M    M   0         M  M
12  93  75  84   7   0  19 0.00  0.0    0  6.4 10 210   M    M   2         M  M
13  87  74  81   4   0  16 0.06  0.0    0  6.8 10 170   M    M   5 38     31 220
14  93  74  84   7   0  19 0.02  0.0    0  6.4 14 190   M    M   5         M  M
15  92  72  82   4   0  17    T  0.0    0  5.7 13 220   M    M   3 3       M  M
16  92  72  82   4   0  17 0.01  0.0    0  3.9  8  80   M    M   3 3       M  M
17  94  71  83   5   0  18 0.31  0.0    0  5.1 12 150   M    M   3 1      30 210
18   M   M   M   M   M   M 0.59    M    0  8.9 14 160   M    M   7 1      21 160
19  87  71  79   0   0  14 0.10  0.0    0 10.5 18 220   M    M   5 1      25 260
20  93  67  80   1   0  15 0.00  0.0    0  6.5 16 220   M    M   1        24 220
21  91  74  83   4   0  18 0.00  0.0    0  7.2 14 230   M    M   3         M  M
22  94  72  83   4   0  18 0.00  0.0    0  8.7 16 220   M    M   2        24 240
23  96  73  85   6   0  20 0.00  0.0    0  6.1 14 240   M    M   0         M  M
24  97  75  86   6   0  21 0.00  0.0    0  4.1 12 200   M    M   0 8       M  M
25  98  72  85   5   0  20 0.00  0.0    0  6.0 12 190   M    M   0         M  M
26  97  70  84   4   0  19 1.84  0.0    0  6.8 14 260   M    M   2 13     18 230
27  85  69  77  -3   0  12 0.00  0.0    0  5.1 12 360   M    M   4         M  M
28  88  65  77  -3   0  12 0.00  0.0    0  4.8  8 280   M    M   0         M  M
29  92  69  81   1   0  16 0.00  0.0    0  7.1 15 270   M    M   1        17 270
================================================================================
SM 2533 1939         0 423  2.93     0.0 155.2          M       71
================================================================================
AV 90.5 69.2                               5.4 FASTST   M    M   2    MAX(MPH)
                                 MISC ---->    18   M                 31    M
================================================================================
NOTES:
# LAST OF SEVERAL OCCURRENCES

COLUMN 17 PEAK WIND IN M.P.H.

PRELIMINARY LOCAL CLIMATOLOGICAL DATA (WS FORM: F-6) , PAGE 2

                                          STATION:  Jacksonville/Little Rock AFB
                                          MONTH:    JUNE
                                          YEAR:     2015
                                          LATITUDE:   34 55 N
                                          LONGITUDE:  92  9 W

[TEMPERATURE DATA]      [PRECIPITATION DATA]       SYMBOLS USED IN COLUMN 16

AVERAGE MONTHLY: 79.9   TOTAL FOR MONTH:   2.93    1 = FOG OR MIST
DPTR FM NORMAL:   2.3   DPTR FM NORMAL:   -0.81    2 = FOG REDUCING VISIBILITY
HIGHEST:    98 ON 25    GRTST 24HR  1.84 ON 26-26      TO 1/4 MILE OR LESS
LOWEST:     62 ON  4, 3                            3 = THUNDER
                        SNOW, ICE PELLETS, HAIL    4 = ICE PELLETS
                        TOTAL MONTH:   0.0 INCH    5 = HAIL
                        GRTST 24HR     0.0         6 = FREEZING RAIN OR DRIZZLE
                        GRTST DEPTH:   0           7 = DUSTSTORM OR SANDSTORM:
                                                       VSBY 1/2 MILE OR LESS
                                                   8 = SMOKE OR HAZE
[NO. OF DAYS WITH]      [WEATHER - DAYS WITH]      9 = BLOWING SNOW
                                                   X = TORNADO
MAX 32 OR BELOW:   0    0.01 INCH OR MORE:   7
MAX 90 OR ABOVE:  19    0.10 INCH OR MORE:   4
MIN 32 OR BELOW:   0    0.50 INCH OR MORE:   2
MIN  0 OR BELOW:   0    1.00 INCH OR MORE:   1

[HDD (BASE 65) ]
TOTAL THIS MO.     0    CLEAR  (SCALE 0-3)  21
DPTR FM NORMAL   -11    PTCLDY (SCALE 4-7)   8
TOTAL FM JUL 1  3463    CLOUDY (SCALE 8-10)  0
DPTR FM NORMAL   283

[CDD (BASE 65) ]
TOTAL THIS MO.   423
DPTR FM NORMAL    49    [PRESSURE DATA]
TOTAL FM JAN 1   673    HIGHEST SLP M ON M
DPTR FM NORMAL    45    LOWEST  SLP M ON M

[REMARKS]
