000
CXUS54 KLZK 011430
CF6LRF
PRELIMINARY LOCAL CLIMATOLOGICAL DATA (WS FORM: F-6)

                                          STATION:   Jacksonville/Little Rock AFB
                                          MONTH:     FEBRUARY
                                          YEAR:      2015
                                          LATITUDE:   34 55 N
                                          LONGITUDE:  92  9 W

  TEMPERATURE IN F:       :PCPN:    SNOW:  WIND      :SUNSHINE: SKY     :PK WND
================================================================================
1   2   3   4   5  6A  6B    7    8   9   10  11  12  13   14  15   16   17  18
                                     12Z  AVG MX 2MIN
DY MAX MIN AVG DEP HDD CDD  WTR  SNW DPTH SPD SPD DIR MIN PSBL S-S WX    SPD DR
================================================================================

 1   M   M   M   M   M   M 0.07    M    0 12.9 21 270   M    M  10 1      35 290
 2  39  24  32 -10  33   0 0.00  0.0    0  6.8 17 280   M    M   4        32 300
 3  52  20  36  -6  29   0 0.00  0.0    0  4.3  9 200   M    M   0         M  M
 4  57  27  42  -1  23   0    T  0.0    0  5.1 14 340   M    M   7 1      20 340
 5  40  22  31 -12  34   0 0.00  0.0    0  8.5 17  20   M    M   2        23  30
 6  52  20  36  -7  29   0 0.00  0.0    0  4.7 14 200   M    M   0        21 200
 7  66  31  49   6  16   0 0.00  0.0    0  7.2 18 210   M    M   1        23 220
 8  69  39  54  10  11   0 0.00  0.0    0  7.8 21 210   M    M   7        25 210
 9  62  39  51   7  14   0 0.00  0.0    0  7.2 12 340   M    M   0        17 350
10  51  33  42  -2  23   0 0.00  0.0    0  5.8 13  40   M    M   3         M  M
11  63  28  46   2  19   0 0.00  0.0    0  3.0 13 350   M    M   1        20 350
12  45  31  38  -7  27   0 0.00  0.0    0  9.4 16 340   M    M   2        25 340
13  46  25  36  -9  29   0 0.00  0.0    0  4.3  9 110   M    M   1         M  M
14  73  24  49   4  16   0 0.00  0.0    0  7.8 17  70   M    M   0        31  80
15  36  22  29 -16  36   0    T    M    0 12.4 20  60   M    M   4 6      30  80
16  28  22  25 -21  40   0 0.50  0.8    1  6.1 10 330   M    M   7 1468    M  M
17  39  14  27 -19  38   0 0.02  0.9    1  4.1  9 210   M    M   2 1       M  M
18  40  18  29 -17  36   0 0.00  0.0    1 10.7 16 270   M    M   2        30 270
19  31  17  24 -22  41   0 0.00  0.0    0  5.8  8  70   M    M   6         M  M
20  34  24  29 -18  36   0 0.12    T    0  7.2 10  80   M    M  10 16      M  M
21  42  29  36 -11  29   0 0.75  0.0    0  4.3  9 350   M    M   7 123    20  10
22  41  31  36 -11  29   0 0.34    M    0 10.0 15  40   M    M   9 14     21  40
23  31  21  26 -22  39   0 0.02    M    0  7.9 16  30   M    M   7 1      22  30
24  40  23  32 -16  33   0 0.00  0.0    0  4.8 10 250   M    M   6         M  M
25  35  27  31 -17  34   0    T    M    0  2.4  6 250   M    M   4 126     M  M
26  39  24  32 -16  33   0    T    M    0  7.2 16 320   M    M   6 126    22 330
27  29  19  24 -25  41   0    T    T    0  9.2 14  60   M    M   1        21  60
28  39  24  32 -17  33   0    T    T    T  8.4 13  70   M    M   8         M  M
================================================================================
SM 1219  678       801   0  1.82     1.7 195.3          M      117
================================================================================
AV 45.1 25.1                               7.0 FASTST   M    M   4    MAX(MPH)
                                 MISC ---->    21   M               # 35  290
================================================================================
NOTES:
# LAST OF SEVERAL OCCURRENCES

COLUMN 17 PEAK WIND IN M.P.H.

PRELIMINARY LOCAL CLIMATOLOGICAL DATA (WS FORM: F-6) , PAGE 2

                                          STATION:  Jacksonville/Little Rock AFB
                                          MONTH:    FEBRUARY
                                          YEAR:     2015
                                          LATITUDE:   34 55 N
                                          LONGITUDE:  92  9 W

[TEMPERATURE DATA]      [PRECIPITATION DATA]       SYMBOLS USED IN COLUMN 16

AVERAGE MONTHLY: 35.1   TOTAL FOR MONTH:   1.82    1 = FOG OR MIST
DPTR FM NORMAL: -10.2   DPTR FM NORMAL:       M    2 = FOG REDUCING VISIBILITY
HIGHEST:    73 ON 14    GRTST 24HR  0.75 ON 21-21      TO 1/4 MILE OR LESS
LOWEST:     14 ON 17                               3 = THUNDER
                        SNOW, ICE PELLETS, HAIL    4 = ICE PELLETS
                        TOTAL MONTH:   1.7 INCHES  5 = HAIL
                        GRTST 24HR   0.9 ON   M    6 = FREEZING RAIN OR DRIZZLE
                        GRTST DEPTH:   1 ON 18,17  7 = DUSTSTORM OR SANDSTORM:
                                                       VSBY 1/2 MILE OR LESS
                                                   8 = SMOKE OR HAZE
[NO. OF DAYS WITH]      [WEATHER - DAYS WITH]      9 = BLOWING SNOW
                                                   X = TORNADO
MAX 32 OR BELOW:   4    0.01 INCH OR MORE:   7
MAX 90 OR ABOVE:   0    0.10 INCH OR MORE:   4
MIN 32 OR BELOW:  24    0.50 INCH OR MORE:   2
MIN  0 OR BELOW:   0    1.00 INCH OR MORE:   0

[HDD (BASE 65) ]
TOTAL THIS MO.   801    CLEAR  (SCALE 0-3)  13
DPTR FM NORMAL   239    PTCLDY (SCALE 4-7)  12
TOTAL FM JUL 1  2901    CLOUDY (SCALE 8-10)  3
DPTR FM NORMAL   292

[CDD (BASE 65) ]
TOTAL THIS MO.     0
DPTR FM NORMAL    -1    [PRESSURE DATA]
TOTAL FM JAN 1     0    HIGHEST SLP M ON M
DPTR FM NORMAL    -1    LOWEST  SLP M ON M

[REMARKS]
#FINAL-02-15#
