000
CXUS54 KEPZ 211200
CF6LRU
PRELIMINARY LOCAL CLIMATOLOGICAL DATA (WS FORM: F-6)

                                          STATION:   LAS CRUCES
                                          MONTH:     AUGUST
                                          YEAR:      2014
                                          LATITUDE:   32 17 N
                                          LONGITUDE: 106 46 W

  TEMPERATURE IN F:       :PCPN:    SNOW:  WIND      :SUNSHINE: SKY     :PK WND
================================================================================
1   2   3   4   5  6A  6B    7    8   9   10  11  12  13   14  15   16   17  18
                                     12Z  AVG MX 2MIN
DY MAX MIN AVG DEP HDD CDD  WTR  SNW DPTH SPD SPD DIR MIN PSBL S-S WX    SPD DR
================================================================================

 1  79  64  72   M   0   7 0.39  0.0    0  6.3 13 350   M    M   8        18 350
 2  78  66  72   M   0   7 0.00  0.0    0  9.1 15 120   M    M  10        20 130
 3  83  67  75   M   0  10 0.00  0.0    0  7.1 15 130   M    M   6        20 140
 4  83  65  74   M   0   9 0.09  0.0    0  6.1 16 270   M    M   8 3      21 270
 5  88  63  76   M   0  11 0.00  0.0    0  4.5 12 200   M    M   2         M  M
 6  93  65  79   M   0  14 0.00  0.0    0  3.6  9 260   M    M   1         M  M
 7  88  69  79   M   0  14 0.07  0.0    0  8.0 21 360   M    M   5 3      27 360
 8  87  69  78   M   0  13    T  0.0    0  3.5  8  60   M    M   4         M  M
 9  85  65  75   M   0  10 0.10  0.0    0  6.7 14 170   M    M   3 3      17 110
10  90  65  78   M   0  13 0.02  0.0    0  6.1 16  60   M    M   3 3       9  20
11  87  70  79   M   0  14 0.00  0.0    0  9.4 17 100   M    M   4        23 110
12  88  65  77   M   0  12 0.03  0.0    0  8.1 16 120   M    M   4 3      22 120
13  92  68  80   M   0  15 0.00  0.0    0  6.2 18 150   M    M   4 3      28 160
14  88  64  76   M   0  11 0.25  0.0    0  7.0 17 350   M    M   6 3      18 280
15  89  65  77   M   0  12 0.02  0.0    0  6.3 14 330   M    M   2        23 330
16  94  70  82   M   0  17 0.00  0.0    0  5.3 20  40   M    M   3 3      25  40
17  92  67  80   M   0  15 0.00  0.0    0  4.8  9 100   M    M   1         M  M
18  92  67  80   M   0  15 0.00  0.0    0  5.3 14 220   M    M   0         M  M
19  90  69  80   M   0  15 0.00  0.0    0 10.5 40 230   M    M   3 3      51 230
20  91  64  78   M   0  13 0.00  0.0    0 10.5 20 260   M    M   2        24 260
================================================================================
SM 1757 1327         0 247  0.97     0.0 134.4          M       79
================================================================================
AV 87.8 66.3                               6.7 FASTST   M    M   4    MAX(MPH)
                                 MISC ---->    40   M                 51    M
================================================================================
NOTES:
# LAST OF SEVERAL OCCURRENCES

COLUMN 17 PEAK WIND IN M.P.H.

PRELIMINARY LOCAL CLIMATOLOGICAL DATA (WS FORM: F-6) , PAGE 2

                                          STATION:  LAS CRUCES
                                          MONTH:    AUGUST
                                          YEAR:     2014
                                          LATITUDE:   32 17 N
                                          LONGITUDE: 106 46 W

[TEMPERATURE DATA]      [PRECIPITATION DATA]       SYMBOLS USED IN COLUMN 16

AVERAGE MONTHLY: 77.1   TOTAL FOR MONTH:   0.97    1 = FOG OR MIST
DPTR FM NORMAL:     M   DPTR FM NORMAL:       M    2 = FOG REDUCING VISIBILITY
HIGHEST:    94 ON 16    GRTST 24HR  0.39 ON  1- 1      TO 1/4 MILE OR LESS
LOWEST:     63 ON  5                               3 = THUNDER
                        SNOW, ICE PELLETS, HAIL    4 = ICE PELLETS
                        TOTAL MONTH:   0.0 INCH    5 = HAIL
                        GRTST 24HR     0.0         6 = FREEZING RAIN OR DRIZZLE
                        GRTST DEPTH:   0           7 = DUSTSTORM OR SANDSTORM:
                                                       VSBY 1/2 MILE OR LESS
                                                   8 = SMOKE OR HAZE
[NO. OF DAYS WITH]      [WEATHER - DAYS WITH]      9 = BLOWING SNOW
                                                   X = TORNADO
MAX 32 OR BELOW:   0    0.01 INCH OR MORE:   8
MAX 90 OR ABOVE:   8    0.10 INCH OR MORE:   3
MIN 32 OR BELOW:   0    0.50 INCH OR MORE:   0
MIN  0 OR BELOW:   0    1.00 INCH OR MORE:   0

[HDD (BASE 65) ]
TOTAL THIS MO.     0    CLEAR  (SCALE 0-3)  10
DPTR FM NORMAL     M    PTCLDY (SCALE 4-7)   8
TOTAL FM JUL 1     0    CLOUDY (SCALE 8-10)  2
DPTR FM NORMAL     M

[CDD (BASE 65) ]
TOTAL THIS MO.   247
DPTR FM NORMAL     M    [PRESSURE DATA]
TOTAL FM JAN 1  1542    HIGHEST SLP M ON M
DPTR FM NORMAL     M    LOWEST  SLP M ON M

[REMARKS]
