000
CXUS54 KEPZ 291200
CF6LRU
PRELIMINARY LOCAL CLIMATOLOGICAL DATA (WS FORM: F-6)

                                          STATION:   LAS CRUCES
                                          MONTH:     SEPTEMBER
                                          YEAR:      2016
                                          LATITUDE:   32 17 N
                                          LONGITUDE: 106 46 W

  TEMPERATURE IN F:       :PCPN:    SNOW:  WIND      :SUNSHINE: SKY     :PK WND
================================================================================
1   2   3   4   5  6A  6B    7    8   9   10  11  12  13   14  15   16   17  18
                                     12Z  AVG MX 2MIN
DY MAX MIN AVG DEP HDD CDD  WTR  SNW DPTH SPD SPD DIR MIN PSBL S-S WX    SPD DR
================================================================================

 1  84  68  76   M   0  11    T  0.0    0  5.8 17  60   M    M   4 3      28  60
 2  87  61  74   M   0   9 0.06  0.0    0  7.1 21 240   M    M   3 3      28 240
 3  90  63  77   M   0  12 0.00  0.0    0  4.7 12 130   M    M   2        16 250
 4  95  67  81   M   0  16 0.00  0.0    0  6.7 17 200   M    M   2        28 190
 5  94  70  82   M   0  17 0.00  0.0    0  9.5 15 130   M    M   2        22 160
 6  78  65  72   M   0   7 0.04  0.0    0  4.6 13 210   M    M   6         M  M
 7  79  64  72   M   0   7 0.49  0.0    0  5.4 12 200   M    M   9        29 200
 8  80  66  73   M   0   8 0.01  0.0    0  6.6 13 240   M    M   6        16 240
 9  92  61  77   M   0  12 0.00  0.0    0  5.5 13 280   M    M   0         M  M
10  83  63  73   M   0   8 0.00  0.0    0  8.2 15 120   M    M   0        20 350
11  87  58  73   M   0   8 0.00  0.0    0  3.9  9  90   M    M   0         M  M
12  89  65  77   M   0  12 0.00  0.0    0 10.0 16 280   M    M   2        29 280
13  87  61  74   M   0   9 0.00  0.0    0  4.1  8 280   M    M   2         M  M
14  90  56  73   M   0   8 0.00  0.0    0  5.6 13 230   M    M   4        17 180
15  90  61  76   M   0  11 0.00  0.0    0  6.1 13 260   M    M   1        21 260
16  87  57  72   M   0   7 0.00  0.0    0  7.5 15 240   M    M   0        23 240
17  90  55  73   M   0   8 0.00  0.0    0  3.8 10 250   M    M   0        16 250
18  93  53  73   M   0   8 0.00  0.0    0  5.9 12 260   M    M   0        12 250
19  94  55  75   M   0  10 0.00  0.0    0  4.3  9 280   M    M   0         M  M
20  95  62  79   M   0  14 0.00  0.0    0  5.8 12 160   M    M   0        20 160
21  94  70  82   M   0  17 0.00  0.0    0  5.3 12 140   M    M   4         M  M
22  93  67  80   M   0  15 0.00  0.0    0  8.4 17 180   M    M   3 3      24 200
23  87  65  76   M   0  11 0.00  0.0    0 11.6 23 230   M    M   2        29 230
24  81  56  69   M   0   4 0.00  0.0    0  9.9 21 260   M    M   1        30 260
25  82  59  71   M   0   6 0.00  0.0    0 12.7 18 120   M    M   3        27 120
26  68  52  60   M   5   0 0.20  0.0    0  8.2 17 100   M    M  10        28 100
27  72  51  62   M   3   0 0.00  0.0    0  2.0  6 280   M    M   6         M  M
28  79  54  67   M   0   2 0.00  0.0    0  3.0  7 130   M    M   0         M  M
================================================================================
SM 2420 1705         8 257  0.80     0.0 182.2          M       72
================================================================================
AV 86.4 60.9                               6.5 FASTST   M    M   3    MAX(MPH)
                                 MISC ---->  # 23 230                 30    M
================================================================================
NOTES:
# LAST OF SEVERAL OCCURRENCES

COLUMN 17 PEAK WIND IN M.P.H.

PRELIMINARY LOCAL CLIMATOLOGICAL DATA (WS FORM: F-6) , PAGE 2

                                          STATION:  LAS CRUCES
                                          MONTH:    SEPTEMBER
                                          YEAR:     2016
                                          LATITUDE:   32 17 N
                                          LONGITUDE: 106 46 W

[TEMPERATURE DATA]      [PRECIPITATION DATA]       SYMBOLS USED IN COLUMN 16

AVERAGE MONTHLY: 73.7   TOTAL FOR MONTH:   0.80    1 = FOG OR MIST
DPTR FM NORMAL:     M   DPTR FM NORMAL:       M    2 = FOG REDUCING VISIBILITY
HIGHEST:    95 ON 20, 4 GRTST 24HR  0.49 ON  7- 7      TO 1/4 MILE OR LESS
LOWEST:     51 ON 27                               3 = THUNDER
                        SNOW, ICE PELLETS, HAIL    4 = ICE PELLETS
                        TOTAL MONTH:   0.0 INCH    5 = HAIL
                        GRTST 24HR     0.0         6 = FREEZING RAIN OR DRIZZLE
                        GRTST DEPTH:   0           7 = DUSTSTORM OR SANDSTORM:
                                                       VSBY 1/2 MILE OR LESS
                                                   8 = SMOKE OR HAZE
[NO. OF DAYS WITH]      [WEATHER - DAYS WITH]      9 = BLOWING SNOW
                                                   X = TORNADO
MAX 32 OR BELOW:   0    0.01 INCH OR MORE:   5
MAX 90 OR ABOVE:  12    0.10 INCH OR MORE:   2
MIN 32 OR BELOW:   0    0.50 INCH OR MORE:   0
MIN  0 OR BELOW:   0    1.00 INCH OR MORE:   0

[HDD (BASE 65) ]
TOTAL THIS MO.     8    CLEAR  (SCALE 0-3)  20
DPTR FM NORMAL     M    PTCLDY (SCALE 4-7)   6
TOTAL FM JUL 1     8    CLOUDY (SCALE 8-10)  2
DPTR FM NORMAL     M

[CDD (BASE 65) ]
TOTAL THIS MO.   257
DPTR FM NORMAL     M    [PRESSURE DATA]
TOTAL FM JAN 1  1912    HIGHEST SLP M ON M
DPTR FM NORMAL     M    LOWEST  SLP M ON M

[REMARKS]
