000
CXUS55 KBYZ 281055
CF6LVM
PRELIMINARY LOCAL CLIMATOLOGICAL DATA (WS FORM: F-6)

                                          STATION:   LIVINGSTON MT
                                          MONTH:     MARCH
                                          YEAR:      2015
                                          LATITUDE:   45 41 N
                                          LONGITUDE: 110 26 W

  TEMPERATURE IN F:       :PCPN:    SNOW:  WIND      :SUNSHINE: SKY     :PK WND
================================================================================
1   2   3   4   5  6A  6B    7    8   9   10  11  12  13   14  15   16   17  18
                                     12Z  AVG MX 2MIN
DY MAX MIN AVG DEP HDD CDD  WTR  SNW DPTH SPD SPD DIR MIN PSBL S-S WX    SPD DR
================================================================================

 1  34   3  19 -13  46   0 0.00    M    M  8.4 23 260   M    M   0        27 260
 2  44  12  28  -4  37   0    T    M    M 14.6 24 270   M    M   3        36 270
 3  19   1  10 -22  55   0    T    M    M 10.3 21 270   M    M   5 8      26  90
 4  34  -2  16 -17  49   0 0.00    M    M 16.1 31 260   M    M   1        45 260
 5  50  29  40   7  25   0 0.00    M    M 22.3 37 230   M    M   4        47 210
 6  57  38  48  15  17   0 0.00    M    M 22.3 38 260   M    M   2        46 260
 7  57  28  43   9  22   0 0.00    M    M 16.7 30 230   M    M   5        41 230
 8  57  24  41   7  24   0 0.00    M    M 15.5 29 250   M    M   0        34 250
 9  62  35  49  15  16   0 0.00    M    M 19.6 31 250   M    M   0        39 240
10  67  34  51  17  14   0 0.00    M    M 16.5 30 230   M    M   0        37 250
11  64  49  57  22   8   0 0.00    M    M 22.3 38 220   M    M   2        51 220
12  64  39  52  17  13   0    T    M    M 13.9 30 250   M    M   6        36 250
13  66  29  48  13  17   0 0.00    M    M 10.1 21 250   M    M   0        25 250
14  69  42  56  21   9   0 0.00    M    M 31.3 53 230   M    M   1        66 220
15  68  57  63  27   2   0 0.00    M    M 32.0 44 210   M    M   5        54 220
16  63  32  48  12  17   0    T    M    M 20.7 36 220   M    M   9 1      45 210
17  38  30  34  -2  31   0 0.08    M    M  8.5 21  90   M    M  10 1      27  90
18  55  35  45   9  20   0 0.03    M    M 14.8 36 250   M    M   8 1      45 250
19  61  34  48  12  17   0 0.00    M    M 15.8 28 260   M    M   2        34 250
20  68  45  57  20   8   0 0.00    M    M 16.2 31 230   M    M   0        39 230
21  70  38  54  17  11   0    T    M    M 15.8 39 280   M    M   4        50 280
22  61  31  46   9  19   0 0.03    M    M 11.3 23 270   M    M   1        30 290
23  62  22  42   5  23   0 0.13    M    M  8.9 33 260   M    M   4 1      39 260
24  48  33  41   4  24   0    T    M    M 14.5 32 220   M    M   8        41 220
25  50  32  41   3  24   0    T    M    M 20.0 32 240   M    M   8        41 240
26  63  44  54  16  11   0 0.00    M    M 22.3 35 270   M    M   9        47 270
27  74  40  57  19   8   0 0.00    M    M 17.8 31 210   M    M   2        44 240
================================================================================
SM 1525  834       567   0  0.27    M    458.5          M       99
================================================================================
AV 56.5 30.9                              17.0 FASTST   M    M   4    MAX(MPH)
                                 MISC ---->  # 53 230               # 66  220
================================================================================
NOTES:
# LAST OF SEVERAL OCCURRENCES

COLUMN 17 PEAK WIND IN M.P.H.

PRELIMINARY LOCAL CLIMATOLOGICAL DATA (WS FORM: F-6) , PAGE 2

                                          STATION:  LIVINGSTON MT
                                          MONTH:    MARCH
                                          YEAR:     2015
                                          LATITUDE:   45 41 N
                                          LONGITUDE: 110 26 W

[TEMPERATURE DATA]      [PRECIPITATION DATA]       SYMBOLS USED IN COLUMN 16

AVERAGE MONTHLY: 43.7   TOTAL FOR MONTH:   0.27    1 = FOG OR MIST
DPTR FM NORMAL:   8.5   DPTR FM NORMAL:   -0.42    2 = FOG REDUCING VISIBILITY
HIGHEST:    74 ON 27    GRTST 24HR  0.13 ON 23-23      TO 1/4 MILE OR LESS
LOWEST:     -2 ON  4                               3 = THUNDER
                        SNOW, ICE PELLETS, HAIL    4 = ICE PELLETS
                        TOTAL MONTH:    M          5 = HAIL
                        GRTST 24HR    M  ON   M    6 = FREEZING RAIN OR DRIZZLE
                        GRTST DEPTH:  M  ON   M    7 = DUSTSTORM OR SANDSTORM:
                                                       VSBY 1/2 MILE OR LESS
                                                   8 = SMOKE OR HAZE
[NO. OF DAYS WITH]      [WEATHER - DAYS WITH]      9 = BLOWING SNOW
                                                   X = TORNADO
MAX 32 OR BELOW:   1    0.01 INCH OR MORE:   4
MAX 90 OR ABOVE:   0    0.10 INCH OR MORE:   1
MIN 32 OR BELOW:  13    0.50 INCH OR MORE:   0
MIN  0 OR BELOW:   1    1.00 INCH OR MORE:   0

[HDD (BASE 65) ]
TOTAL THIS MO.   567    CLEAR  (SCALE 0-3)  14
DPTR FM NORMAL  -238    PTCLDY (SCALE 4-7)   9
TOTAL FM JUL 1  5181    CLOUDY (SCALE 8-10)  4
DPTR FM NORMAL  -972

[CDD (BASE 65) ]
TOTAL THIS MO.     0
DPTR FM NORMAL     0    [PRESSURE DATA]
TOTAL FM JAN 1     0    HIGHEST SLP M ON M
DPTR FM NORMAL     0    LOWEST  SLP 29.63 ON 23

[REMARKS]
