000
CXUS55 KBYZ 251353
CF6LVM
PRELIMINARY LOCAL CLIMATOLOGICAL DATA (WS FORM: F-6)

                                          STATION:   LIVINGSTON MT
                                          MONTH:     MAY
                                          YEAR:      2015
                                          LATITUDE:   45 41 N
                                          LONGITUDE: 110 26 W

  TEMPERATURE IN F:       :PCPN:    SNOW:  WIND      :SUNSHINE: SKY     :PK WND
================================================================================
1   2   3   4   5  6A  6B    7    8   9   10  11  12  13   14  15   16   17  18
                                     12Z  AVG MX 2MIN
DY MAX MIN AVG DEP HDD CDD  WTR  SNW DPTH SPD SPD DIR MIN PSBL S-S WX    SPD DR
================================================================================

 1  74  35  55   9  10   0 0.00    M    M 10.0 23 300   M    M   0        28 300
 2  72  37  55   8  10   0 0.00    M    M 16.1 37 250   M    M   2        48 240
 3  64  42  53   6  12   0 0.00    M    M 13.5 20  70   M    M   1        25  70
 4  72  32  52   5  13   0 0.00    M    M  6.5 22 200   M    M   0        29 200
 5  72  37  55   7  10   0 0.01    M    M  8.7 23 260   M    M   5        29 140
 6  57  45  51   3  14   0 0.01    M    M 11.6 28  60   M    M   9        34  60
 7  47  34  41  -7  24   0 0.10    M    M 15.3 24  80   M    M  10 1      29  80
 8  45  38  42  -6  23   0    T    M    M 13.2 20  80   M    M  10        25  80
 9  50  31  41  -8  24   0 0.00    M    M 14.0 24  80   M    M   6        30  90
10  56  20  38 -11  27   0 0.00    M    M  5.5 15  80   M    M   4        19  80
11  64  23  44  -5  21   0 0.00    M    M  8.3 20  50   M    M   4        26  50
12  53  40  47  -3  18   0 0.50    M    M 14.1 23 130   M    M  10 1      28 130
13  66  43  55   5  10   0 0.03    M    M 13.1 22  70   M    M   4        27  90
14  56  46  51   1  14   0 0.02    M    M 16.6 26  80   M    M   9 1      32  90
15  54  46  50   0  15   0 0.18    M    M 14.4 23  90   M    M  10 1      28  90
16  55  41  48  -3  17   0 1.32    M    M  8.9 16 240   M    M  10 1      21  80
17  45  38  42  -9  23   0 0.23    M    M 10.3 20 100   M    M  10 1      24  90
18  44  36  40 -11  25   0 0.00    M    M 17.0 24  70   M    M  10        30  60
19  49  42  46  -6  19   0 0.05    M    M 13.9 25  70   M    M  10 18     31  70
20  59  41  50  -2  15   0 0.00    M    M 17.8 29  80   M    M   4        35  80
21  64  33  49  -3  16   0 0.32    M    M  8.4 23  70   M    M   6 1      30 160
22  70  37  54   2  11   0 0.06    M    M  7.3 23 140   M    M   3 123    28 150
23  55  48  52  -1  13   0 0.41    M    M  8.7 20  80   M    M  10 1      25  80
24  60  44  52  -1  13   0 0.05    M    M 11.0 23  80   M    M  10 1      28  90
================================================================================
SM 1403  909       397   0  3.29    M    284.2          M      157
================================================================================
AV 58.5 37.9                              11.8 FASTST   M    M   7    MAX(MPH)
                                 MISC ---->  # 37 250               # 48  240
================================================================================
NOTES:
# LAST OF SEVERAL OCCURRENCES

COLUMN 17 PEAK WIND IN M.P.H.

PRELIMINARY LOCAL CLIMATOLOGICAL DATA (WS FORM: F-6) , PAGE 2

                                          STATION:  LIVINGSTON MT
                                          MONTH:    MAY
                                          YEAR:     2015
                                          LATITUDE:   45 41 N
                                          LONGITUDE: 110 26 W

[TEMPERATURE DATA]      [PRECIPITATION DATA]       SYMBOLS USED IN COLUMN 16

AVERAGE MONTHLY: 48.2   TOTAL FOR MONTH:   3.29    1 = FOG OR MIST
DPTR FM NORMAL:  -1.5   DPTR FM NORMAL:    1.32    2 = FOG REDUCING VISIBILITY
HIGHEST:    74 ON  1    GRTST 24HR  1.42 ON 15-16      TO 1/4 MILE OR LESS
LOWEST:     20 ON 10                               3 = THUNDER
                        SNOW, ICE PELLETS, HAIL    4 = ICE PELLETS
                        TOTAL MONTH:    M          5 = HAIL
                        GRTST 24HR    M  ON   M    6 = FREEZING RAIN OR DRIZZLE
                        GRTST DEPTH:  M  ON   M    7 = DUSTSTORM OR SANDSTORM:
                                                       VSBY 1/2 MILE OR LESS
                                                   8 = SMOKE OR HAZE
[NO. OF DAYS WITH]      [WEATHER - DAYS WITH]      9 = BLOWING SNOW
                                                   X = TORNADO
MAX 32 OR BELOW:   0    0.01 INCH OR MORE:  14
MAX 90 OR ABOVE:   0    0.10 INCH OR MORE:   7
MIN 32 OR BELOW:   4    0.50 INCH OR MORE:   2
MIN  0 OR BELOW:   0    1.00 INCH OR MORE:   1

[HDD (BASE 65) ]
TOTAL THIS MO.   397    CLEAR  (SCALE 0-3)   4
DPTR FM NORMAL    29    PTCLDY (SCALE 4-7)   8
TOTAL FM JUL 1  6239    CLOUDY (SCALE 8-10) 12
DPTR FM NORMAL -1077

[CDD (BASE 65) ]
TOTAL THIS MO.     0
DPTR FM NORMAL     0    [PRESSURE DATA]
TOTAL FM JAN 1     0    HIGHEST SLP M ON M
DPTR FM NORMAL     0    LOWEST  SLP 29.54 ON 16

[REMARKS]
THIS IS AN AUTOMATED...UNATTENDED WEATHER STATION AND MAY
UNDERESTIMATE WINTER PRECIPITATION.
