000
CXUS55 KBYZ 011055
CF6LVM
PRELIMINARY LOCAL CLIMATOLOGICAL DATA (WS FORM: F-6)

                                          STATION:   LIVINGSTON MT
                                          MONTH:     FEBRUARY
                                          YEAR:      2015
                                          LATITUDE:   45 41 N
                                          LONGITUDE: 110 26 W

  TEMPERATURE IN F:       :PCPN:    SNOW:  WIND      :SUNSHINE: SKY     :PK WND
================================================================================
1   2   3   4   5  6A  6B    7    8   9   10  11  12  13   14  15   16   17  18
                                     12Z  AVG MX 2MIN
DY MAX MIN AVG DEP HDD CDD  WTR  SNW DPTH SPD SPD DIR MIN PSBL S-S WX    SPD DR
================================================================================

 1  39   6  23  -5  42   0    T    M    M 10.6 33 220   M    M   7        44 220
 2  48  36  42  14  23   0 0.00    M    M 25.4 44 210   M    M   6        54 230
 3  47  18  33   5  32   0 0.07    M    M 15.5 30 220   M    M   9 1      37 220
 4  43  13  28   0  37   0 0.01    M    M  8.1 36 250   M    M   7 1      45 250
 5  56  42  49  21  16   0 0.00    M    M 32.6 46 210   M    M   3        58 260
 6  65  52  59  31   6   0    T    M    M 40.2 54 210   M    M   1        63 220
 7  58  49  54  26  11   0    T    M    M 31.6 51 220   M    M   6        67 220
 8  60  41  51  23  14   0 0.00    M    M 17.5 33 230   M    M   4        41 240
 9  59  40  50  22  15   0 0.02    M    M 19.6 39 220   M    M   6        50 220
10  52  33  43  15  22   0 0.01    M    M 13.6 28 250   M    M   9        34 250
11  54  29  42  14  23   0 0.00    M    M 14.6 28 220   M    M   2        35 280
12  58  45  52  24  13   0 0.00    M    M 22.4 36 230   M    M   6        47 260
13  63  47  55  27  10   0 0.00    M    M 20.0 32 230   M    M   1        40 220
14  64  35  50  21  15   0    T    M    M 17.7 38 230   M    M   3        45 220
15  36  29  33   4  32   0 0.27    M    M  4.3 10  50   M    M   9 12     13 300
16  33  20  27  -2  38   0 0.03    M    M  7.9 22 330   M    M   8 1      25 330
17  40  21  31   2  34   0 0.00    M    M 11.9 24 260   M    M   9        31 260
18  57  33  45  16  20   0 0.00    M    M 18.6 35 230   M    M   5        46 230
19  54  36  45  15  20   0 0.00    M    M 19.2 35 230   M    M   4        43 220
20  45  29  37   7  28   0 0.11    M    M  9.0 26 240   M    M   9 1      32 240
21  29   6  18 -12  47   0 0.12    M    M 11.2 25 340   M    M   9 18     31 350
22  17 -13   2 -28  63   0 0.00    M    M  4.7 10 330   M    M   1        14 300
23  32  -7  13 -17  52   0 0.00    M    M 18.3 29 240   M    M   3        34 240
24  46  20  33   2  32   0    T    M    M 18.9 32 230   M    M   3        40 230
25  39  13  26  -5  39   0 0.01    M    M 13.5 26 330   M    M  10 1      32 330
26  15   7  11 -20  54   0    T    M    M 13.2 20  80   M    M   9 18     23  80
27  30   3  17 -14  48   0    T    M    M  8.4 16 330   M    M   6        18 320
28  25  11  18 -14  47   0    T    M    M  5.7 16 310   M    M   5 18     20 310
================================================================================
SM 1264  694       833   0  0.65    M    454.2          M      160
================================================================================
AV 45.1 24.8                              16.2 FASTST   M    M   6    MAX(MPH)
                                 MISC ---->  # 54 210               # 67  220
================================================================================
NOTES:
# LAST OF SEVERAL OCCURRENCES

COLUMN 17 PEAK WIND IN M.P.H.

PRELIMINARY LOCAL CLIMATOLOGICAL DATA (WS FORM: F-6) , PAGE 2

                                          STATION:  LIVINGSTON MT
                                          MONTH:    FEBRUARY
                                          YEAR:     2015
                                          LATITUDE:   45 41 N
                                          LONGITUDE: 110 26 W

[TEMPERATURE DATA]      [PRECIPITATION DATA]       SYMBOLS USED IN COLUMN 16

AVERAGE MONTHLY: 35.0   TOTAL FOR MONTH:   0.65    1 = FOG OR MIST
DPTR FM NORMAL:   5.9   DPTR FM NORMAL:    0.15    2 = FOG REDUCING VISIBILITY
HIGHEST:    65 ON  6    GRTST 24HR  0.30 ON 15-16      TO 1/4 MILE OR LESS
LOWEST:    -13 ON 22                               3 = THUNDER
                        SNOW, ICE PELLETS, HAIL    4 = ICE PELLETS
                        TOTAL MONTH:    M          5 = HAIL
                        GRTST 24HR    M  ON   M    6 = FREEZING RAIN OR DRIZZLE
                        GRTST DEPTH:  M  ON   M    7 = DUSTSTORM OR SANDSTORM:
                                                       VSBY 1/2 MILE OR LESS
                                                   8 = SMOKE OR HAZE
[NO. OF DAYS WITH]      [WEATHER - DAYS WITH]      9 = BLOWING SNOW
                                                   X = TORNADO
MAX 32 OR BELOW:   6    0.01 INCH OR MORE:   9
MAX 90 OR ABOVE:   0    0.10 INCH OR MORE:   3
MIN 32 OR BELOW:  16    0.50 INCH OR MORE:   0
MIN  0 OR BELOW:   2    1.00 INCH OR MORE:   0

[HDD (BASE 65) ]
TOTAL THIS MO.   833    CLEAR  (SCALE 0-3)   8
DPTR FM NORMAL  -174    PTCLDY (SCALE 4-7)  12
TOTAL FM JUL 1  4614    CLOUDY (SCALE 8-10)  8
DPTR FM NORMAL  -734

[CDD (BASE 65) ]
TOTAL THIS MO.     0
DPTR FM NORMAL     0    [PRESSURE DATA]
TOTAL FM JAN 1     0    HIGHEST SLP 30.73 ON 22
DPTR FM NORMAL     0    LOWEST  SLP 29.48 ON  6

[REMARKS]
#FINAL-02-15#
