000
CXUS53 KDMX 260920
CF6LWD
PRELIMINARY LOCAL CLIMATOLOGICAL DATA (WS FORM: F-6)

                                          STATION:   LAMONI IA
                                          MONTH:     SEPTEMBER
                                          YEAR:      2016
                                          LATITUDE:   40 37 N
                                          LONGITUDE:  93 56 W

  TEMPERATURE IN F:       :PCPN:    SNOW:  WIND      :SUNSHINE: SKY     :PK WND
================================================================================
1   2   3   4   5  6A  6B    7    8   9   10  11  12  13   14  15   16   17  18
                                     12Z  AVG MX 2MIN
DY MAX MIN AVG DEP HDD CDD  WTR  SNW DPTH SPD SPD DIR MIN PSBL S-S WX    SPD DR
================================================================================

 1  78  55  67  -4   0   2 0.00  0.0    0  4.8 13  60   M    M   1        16  60
 2  76  59  68  -2   0   3 0.00  0.0    0  4.4 12 100   M    M   4        15  90
 3  76  58  67  -3   0   2 0.00  0.0    0  7.4 15 180   M    M   3        19 150
 4  79  59  69  -1   0   4 0.00  0.0    0  9.9 21 150   M    M   0        27 150
 5  87  64  76   7   0  11 0.00  0.0    0 11.6 22 180   M    M   0        31 180
 6  89  71  80  11   0  15 0.00  0.0    0 12.1 22 190   M    M   1        27 180
 7  81  73  77   8   0  12 0.20  0.0    0 10.0 22 230   M    M   5 13     27 220
 8  83  72  78  10   0  13 0.14  0.0    0  6.0 20 200   M    M   6 13     24 200
 9  83  65  74   6   0   9 0.23  0.0    0  7.5 24 360   M    M   9 13     30 360
10  73  54  64  -4   1   0 0.00  0.0    0 10.6 21 320   M    M   2        26 310
11  75  52  64  -3   1   0 0.00  0.0    0  9.6 18 210   M    M   0        23 200
12  82  57  70   3   0   5 0.00  0.0    0 10.7 18 170   M    M   0        26 180
13  72  62  67   1   0   2 0.37  0.0    0  6.2 14 250   M    M   8 13     17 250
14  76  59  68   2   0   3 0.00  0.0    0  5.4 12  30   M    M   7 1      16  30
15  83  63  73   8   0   8 0.00  0.0    0  6.3 15 150   M    M   3 1      19 170
16  73  61  67   2   0   2 0.31  0.0    0  7.2 36 340   M    M   3 13     48 350
17  80  61  71   6   0   6 0.00  0.0    0  7.7 16 290   M    M   3 128    27 290
18  82  58  70   6   0   5 0.00  0.0    0  8.9 21 190   M    M   0 18     25 170
19  88  62  75  11   0  10 0.00  0.0    0  9.8 21  20   M    M   1 1      27 190
20  88  61  75  12   0  10 0.00  0.0    0  6.7 13 180   M    M   0 1      18 180
21  89  74  82  19   0  17 0.00  0.0    0 10.2 17 200   M    M   0        22 200
22  88  70  79  17   0  14 0.00  0.0    0  8.8 17 190   M    M   0        23 180
23  87  68  78  16   0  13 0.00  0.0    0  6.6 14 180   M    M   1        19 140
24  87  67  77  15   0  12 0.18  0.0    0  8.2 20 150   M    M   3 13     25 140
25  69  54  62   1   3   0 0.46  0.0    0  9.3 18 290   M    M   5 138    23 300
================================================================================
SM 2024 1559         5 178  1.89     0.0 205.9          M       65
================================================================================
AV 81.0 62.4                               8.2 FASTST   M    M   3    MAX(MPH)
                                 MISC ---->  # 36 340               # 48  350
================================================================================
NOTES:
# LAST OF SEVERAL OCCURRENCES

COLUMN 17 PEAK WIND IN M.P.H.

PRELIMINARY LOCAL CLIMATOLOGICAL DATA (WS FORM: F-6) , PAGE 2

                                          STATION:  LAMONI IA
                                          MONTH:    SEPTEMBER
                                          YEAR:     2016
                                          LATITUDE:   40 37 N
                                          LONGITUDE:  93 56 W

[TEMPERATURE DATA]      [PRECIPITATION DATA]       SYMBOLS USED IN COLUMN 16

AVERAGE MONTHLY: 71.7   TOTAL FOR MONTH:   1.89    1 = FOG OR MIST
DPTR FM NORMAL:   5.5   DPTR FM NORMAL:   -1.14    2 = FOG REDUCING VISIBILITY
HIGHEST:    89 ON 21, 6 GRTST 24HR  0.64 ON 24-25      TO 1/4 MILE OR LESS
LOWEST:     52 ON 11                               3 = THUNDER
                        SNOW, ICE PELLETS, HAIL    4 = ICE PELLETS
                        TOTAL MONTH:   0.0 INCH    5 = HAIL
                        GRTST 24HR     0.0         6 = FREEZING RAIN OR DRIZZLE
                        GRTST DEPTH:   0           7 = DUSTSTORM OR SANDSTORM:
                                                       VSBY 1/2 MILE OR LESS
                                                   8 = SMOKE OR HAZE
[NO. OF DAYS WITH]      [WEATHER - DAYS WITH]      9 = BLOWING SNOW
                                                   X = TORNADO
MAX 32 OR BELOW:   0    0.01 INCH OR MORE:   7
MAX 90 OR ABOVE:   0    0.10 INCH OR MORE:   7
MIN 32 OR BELOW:   0    0.50 INCH OR MORE:   0
MIN  0 OR BELOW:   0    1.00 INCH OR MORE:   0

[HDD (BASE 65) ]
TOTAL THIS MO.     5    CLEAR  (SCALE 0-3)  17
DPTR FM NORMAL   -55    PTCLDY (SCALE 4-7)   7
TOTAL FM JUL 1    11    CLOUDY (SCALE 8-10)  1
DPTR FM NORMAL   -57

[CDD (BASE 65) ]
TOTAL THIS MO.   178
DPTR FM NORMAL    90    [PRESSURE DATA]
TOTAL FM JAN 1  1129    HIGHEST SLP M ON M
DPTR FM NORMAL   203    LOWEST  SLP 29.80 ON  7

[REMARKS]
