000
CXUS55 KEAX 010736
CF6LXT
PRELIMINARY LOCAL CLIMATOLOGICAL DATA (WS FORM: F-6)

                                          STATION:   Lee`s Summit MO
                                          MONTH:     JULY
                                          YEAR:      2015
                                          LATITUDE:   38 57 N
                                          LONGITUDE:  94 22 W

  TEMPERATURE IN F:       :PCPN:    SNOW:  WIND      :SUNSHINE: SKY     :PK WND
================================================================================
1   2   3   4   5  6A  6B    7    8   9   10  11  12  13   14  15   16   17  18
                                     12Z  AVG MX 2MIN
DY MAX MIN AVG DEP HDD CDD  WTR  SNW DPTH SPD SPD DIR MIN PSBL S-S WX    SPD DR
================================================================================

 1  84  68  76  -1   0  11    M    M    M  9.3 33  30   M    M   6 13     40  30
 2  74  69  72  -5   0   7    T    M    M  7.8 15  70   M    M  10 1      19  50
 3  79  66  73  -4   0   8 0.00    M    M  6.7 13  10   M    M   5        19  30
 4  81  59  70  -8   0   5 0.00    M    M  3.5  9 190   M    M   0 18     12 120
 5  88  69  79   1   0  14 0.00    M    M  9.0 20 180   M    M   0 18     26 170
 6  88  71  80   2   0  15 0.97    M    M 10.2 28 320   M    M   4 13     34 320
 7  75  61  68 -10   0   3 0.74    M    M  9.8 25  20   M    M   9 18     30  10
 8  66  61  64 -14   1   0 0.68    M    M  9.7 20  50   M    M  10 1      26  50
 9  76  59  68 -10   0   3 0.00    M    M  4.5 10 110   M    M   3 1      14  70
10  79  66  73  -5   0   8 0.55    M    M  4.2 24 250   M    M   7 123    33 250
11  89  71  80   2   0  15 0.00    M    M 11.8 21 220   M    M   2        29 210
12  92  75  84   6   0  19 0.00    M    M 10.4 17 220   M    M   0        23 230
13  95  77  86   8   0  21    T    M    M  9.0 17 220   M    M   0 3      22 230
14  97  75  86   7   0  21 0.00    M    M  4.3 16 220   M    M   1 3      21 210
15  88  73  81   2   0  16 0.04    M    M  8.8 22 270   M    M   2 3      35 260
16  92  75  84   5   0  19 0.00    M    M 10.2 18 220   M    M   0        26 200
17  92  75  84   5   0  19 0.00    M    M 10.6 17 220   M    M   0        24 210
18  93  74  84   5   0  19 0.38    M    M  8.5 21 240   M    M   2 13     28 210
19  85  75  80   1   0  15    T    M    M  7.0 17  90   M    M   4        21 100
20  88  69  79   0   0  14 1.15    M    M  6.7 21 270   M    M   4 13     36 290
21  81  68  75  -4   0  10 0.00    M    M  6.3 13  20   M    M   1        17  30
22  83  65  74  -5   0   9 0.00    M    M  5.6 12  80   M    M   2        15 100
23  87  69  78  -1   0  13 0.00    M    M  5.9 12  50   M    M   1 1      14  30
24  94  73  84   5   0  19    T    M    M  6.2 14 180   M    M   1        20 180
25  91  76  84   5   0  19 0.00    M    M  6.6 23  20   M    M   2 3      29  30
26  93  77  85   6   0  20 0.05    M    M  5.3 18  40   M    M   0        24  40
27  92  76  84   5   0  19 0.00    M    M  6.4 13 180   M    M   0        19 180
28  94  78  86   7   0  21 0.00    M    M  9.9 18 200   M    M   0        25 200
29  86  69  78  -1   0  13 0.33    M    M  7.2 28 350   M    M   4 13     32  10
30  87  65  76  -3   0  11 0.00    M    M  2.5  9 190   M    M   0 1      12 190
31  91  63  77  -2   0  12 0.00    M    M  3.3  9 230   M    M   0        12 240
================================================================================
SM 2680 2167         1 418  4.89    M    227.2          M       80
================================================================================
AV 86.5 69.9                               7.3 FASTST   M    M   3    MAX(MPH)
                                 MISC ---->  # 33  30               # 40   30
================================================================================
NOTES:
# LAST OF SEVERAL OCCURRENCES

COLUMN 17 PEAK WIND IN M.P.H.

PRELIMINARY LOCAL CLIMATOLOGICAL DATA (WS FORM: F-6) , PAGE 2

                                          STATION:  Lee`s Summit MO
                                          MONTH:    JULY
                                          YEAR:     2015
                                          LATITUDE:   38 57 N
                                          LONGITUDE:  94 22 W

[TEMPERATURE DATA]      [PRECIPITATION DATA]       SYMBOLS USED IN COLUMN 16

AVERAGE MONTHLY: 78.2   TOTAL FOR MONTH:   4.89    1 = FOG OR MIST
DPTR FM NORMAL:  -0.3   DPTR FM NORMAL:    0.46    2 = FOG REDUCING VISIBILITY
HIGHEST:    97 ON 14    GRTST 24HR  1.62 ON  6- 7      TO 1/4 MILE OR LESS
LOWEST:     59 ON  9, 4                            3 = THUNDER
                        SNOW, ICE PELLETS, HAIL    4 = ICE PELLETS
                        TOTAL MONTH:    M          5 = HAIL
                        GRTST 24HR    M  ON   M    6 = FREEZING RAIN OR DRIZZLE
                        GRTST DEPTH:  M  ON   M    7 = DUSTSTORM OR SANDSTORM:
                                                       VSBY 1/2 MILE OR LESS
                                                   8 = SMOKE OR HAZE
[NO. OF DAYS WITH]      [WEATHER - DAYS WITH]      9 = BLOWING SNOW
                                                   X = TORNADO
MAX 32 OR BELOW:   0    0.01 INCH OR MORE:   9
MAX 90 OR ABOVE:  12    0.10 INCH OR MORE:   7
MIN 32 OR BELOW:   0    0.50 INCH OR MORE:   5
MIN  0 OR BELOW:   0    1.00 INCH OR MORE:   1

[HDD (BASE 65) ]
TOTAL THIS MO.     1    CLEAR  (SCALE 0-3)  20
DPTR FM NORMAL     1    PTCLDY (SCALE 4-7)   8
TOTAL FM JUL 1     1    CLOUDY (SCALE 8-10)  3
DPTR FM NORMAL     1

[CDD (BASE 65) ]
TOTAL THIS MO.   418
DPTR FM NORMAL     1    [PRESSURE DATA]
TOTAL FM JAN 1   846    HIGHEST SLP  0.00 ON M
DPTR FM NORMAL    79    LOWEST  SLP  0.00 ON M

[REMARKS]
#FINAL-07-15#
