000
CXUS55 KEAX 240736
CF6LXT
PRELIMINARY LOCAL CLIMATOLOGICAL DATA (WS FORM: F-6)

                                          STATION:   Lee`s Summit MO
                                          MONTH:     OCTOBER
                                          YEAR:      2014
                                          LATITUDE:   38 57 N
                                          LONGITUDE:  94 22 W

  TEMPERATURE IN F:       :PCPN:    SNOW:  WIND      :SUNSHINE: SKY     :PK WND
================================================================================
1   2   3   4   5  6A  6B    7    8   9   10  11  12  13   14  15   16   17  18
                                     12Z  AVG MX 2MIN
DY MAX MIN AVG DEP HDD CDD  WTR  SNW DPTH SPD SPD DIR MIN PSBL S-S WX    SPD DR
================================================================================

 1  75  65  70   8   0   5 1.42    M    M  7.1 18 140   M    M   7 138    27 140
 2  71  56  64   2   1   0 1.48    M    M  8.9 22 300   M    M   9 13     33 290
 3  57  40  49 -12  16   0 0.01    M    M 11.6 30 320   M    M   4        38 320
 4  59  38  49 -12  16   0 0.00    M    M  8.4 24 300   M    M   0        32 300
 5  74  47  61   1   4   0 0.22    M    M  7.9 22 280   M    M   2 13     32 290
 6  72  50  61   1   4   0 0.05    M    M  7.1 17 210   M    M   1 3      23 220
 7  77  54  66   6   0   1 0.00    M    M  6.9 16 340   M    M   1        23 340
 8  74  52  63   3   2   0    T    M    M  6.3 12  90   M    M   1 18     15 100
 9  63  54  59   0   6   0 2.14    M    M 11.3 21 350   M    M   9 13     26  50
10  54  49  52  -7  13   0 0.11    M    M 11.4 18  40   M    M  10 1      25  50
11  62  42  52  -6  13   0 0.00    M    M  6.2 10 120   M    M   4        13  90
12  60  50  55  -3  10   0 0.00    M    M  5.4 12 160   M    M  10 1      16 150
13  58  52  55  -3  10   0 1.42    M    M 14.2 26 310   M    M  10 1      37 340
14  66  52  59   2   6   0 0.01    M    M 18.0 32 320   M    M   5        45 350
15  68  44  56  -1   9   0 0.00    M    M  7.7 17 320   M    M   0        24 290
16  78  44  61   4   4   0 0.00    M    M  7.4 16 210   M    M   0        23 190
17  66  50  58   2   7   0 0.00    M    M  9.2 21 330   M    M   0        25 290
18  63  42  53  -3  12   0 0.00    M    M  5.6 15  20   M    M   0        19 360
19  68  44  56   0   9   0 0.00    M    M  7.4 15 210   M    M   1        21 220
20  74  47  61   6   4   0 0.00    M    M  5.1 12  20   M    M   0        17 340
21  73  45  59   4   6   0 0.00    M    M  3.7 10 120   M    M   0        16 120
22  72  52  62   7   3   0 0.00    M    M  8.3 13 140   M    M   4        20 140
23  65  55  60   6   5   0 0.13    M    M  7.1 16 230   M    M   6 1      19 230
================================================================================
SM 1549 1124       160   6  6.99    M    192.2          M       84
================================================================================
AV 67.3 48.9                               8.4 FASTST   M    M   4    MAX(MPH)
                                 MISC ---->  # 32 320               # 45  350
================================================================================
NOTES:
# LAST OF SEVERAL OCCURRENCES

COLUMN 17 PEAK WIND IN M.P.H.

PRELIMINARY LOCAL CLIMATOLOGICAL DATA (WS FORM: F-6) , PAGE 2

                                          STATION:  Lee`s Summit MO
                                          MONTH:    OCTOBER
                                          YEAR:     2014
                                          LATITUDE:   38 57 N
                                          LONGITUDE:  94 22 W

[TEMPERATURE DATA]      [PRECIPITATION DATA]       SYMBOLS USED IN COLUMN 16

AVERAGE MONTHLY: 58.1   TOTAL FOR MONTH:   6.99    1 = FOG OR MIST
DPTR FM NORMAL:   0.0   DPTR FM NORMAL:    4.20    2 = FOG REDUCING VISIBILITY
HIGHEST:    78 ON 16    GRTST 24HR  2.65 ON  1- 2      TO 1/4 MILE OR LESS
LOWEST:     38 ON  4                               3 = THUNDER
                        SNOW, ICE PELLETS, HAIL    4 = ICE PELLETS
                        TOTAL MONTH:    M          5 = HAIL
                        GRTST 24HR    M  ON   M    6 = FREEZING RAIN OR DRIZZLE
                        GRTST DEPTH:  M  ON   M    7 = DUSTSTORM OR SANDSTORM:
                                                       VSBY 1/2 MILE OR LESS
                                                   8 = SMOKE OR HAZE
[NO. OF DAYS WITH]      [WEATHER - DAYS WITH]      9 = BLOWING SNOW
                                                   X = TORNADO
MAX 32 OR BELOW:   0    0.01 INCH OR MORE:  10
MAX 90 OR ABOVE:   0    0.10 INCH OR MORE:   7
MIN 32 OR BELOW:   0    0.50 INCH OR MORE:   4
MIN  0 OR BELOW:   0    1.00 INCH OR MORE:   4

[HDD (BASE 65) ]
TOTAL THIS MO.   160    CLEAR  (SCALE 0-3)  12
DPTR FM NORMAL   -22    PTCLDY (SCALE 4-7)   6
TOTAL FM JUL 1   216    CLOUDY (SCALE 8-10)  5
DPTR FM NORMAL   -18

[CDD (BASE 65) ]
TOTAL THIS MO.     6
DPTR FM NORMAL   -21    [PRESSURE DATA]
TOTAL FM JAN 1  1315    HIGHEST SLP  0.00 ON M
DPTR FM NORMAL     0    LOWEST  SLP  0.00 ON M

[REMARKS]
