000
CXUS51 KRNK 230936
CF6LYH

PRELIMINARY LOCAL CLIMATOLOGICAL DATA (WS FORM: F-6)

                                          STATION:   LYNCHBURG VA
                                          MONTH:     AUGUST
                                          YEAR:      2017
                                          LATITUDE:   37 19 N
                                          LONGITUDE:  79 12 W

  TEMPERATURE IN F:       :PCPN:    SNOW:  WIND      :SUNSHINE: SKY     :PK WND
================================================================================
1   2   3   4   5  6A  6B    7    8   9   10  11  12  13   14  15   16   17  18
                                     12Z  AVG MX 2MIN
DY MAX MIN AVG DEP HDD CDD  WTR  SNW DPTH SPD SPD DIR MIN PSBL S-S WX    SPD DR
================================================================================

 1  86  62  74  -1   0   9 0.00  0.0    0  2.3  9 350   M    M   3        16 350
 2  86  63  75   0   0  10 0.00  0.0    0  3.0 16 190   M    M   0 3      21 190
 3  88  62  75   0   0  10 0.00  0.0    0  2.9 12 170   M    M   0 12     14 160
 4  90  63  77   2   0  12 0.00  0.0    0  5.8 17 190   M    M   1 1      22 190
 5  82  60  71  -4   0   6 0.00  0.0    0  3.6 12 290   M    M   0        18 330
 6  83  55  69  -6   0   4 0.00  0.0    0  2.1 12 150   M    M   2        14 180
 7  82  68  75   0   0  10 0.18  0.0    0  5.5 17 200   M    M   9 13     26 210
 8  79  60  70  -5   0   5 0.29  0.0    0  3.6 10 110   M    M   5 1      14  40
 9  82  60  71  -4   0   6 0.00  0.0    0  2.6 10 100   M    M   1 1      16  70
10  82  59  71  -4   0   6 0.00  0.0    0  2.1 10 190   M    M   4        15 190
11  84  66  75   0   0  10 0.03  0.0    0  2.4 20 200   M    M   7 1      22 190
12  86  68  77   2   0  12 0.01  0.0    0  2.7  8 200   M    M   6 12     12 190
13  82  67  75   0   0  10 0.01  0.0    0  3.9 12 130   M    M   7        14 140
14  80  66  73  -1   0   8 0.03  0.0    0  3.4  9  50   M    M   9        12  20
15  85  69  77   3   0  12 0.86  0.0    0  2.1 20  10   M    M   6 1      27 360
16  90  65  78   4   0  13 0.00  0.0    0  0.9  8 360   M    M   1 12     11 340
17  91  69  80   6   0  15    T  0.0    0  3.3 13 190   M    M   3 1      15 190
18  92  73  83   9   0  18 0.05  0.0    0  4.5 17 200   M    M   6 123    24 200
19  89  68  79   5   0  14 0.00  0.0    0  2.5  8  20   M    M   1         M  M
20  91  63  77   3   0  12 0.00  0.0    0  2.7 10 190   M    M   1        12 190
21  90  68  79   5   0  14 0.01  0.0    0  3.4 15 190   M    M   3 13     20 290
22  92  67  80   6   0  15 0.00  0.0    0  6.3 20 200   M    M   1 1      24 200
================================================================================
SM 1892 1421         0 231  1.47     0.0  71.6          M       76
================================================================================
AV 86.0 64.6                               3.3 FASTST   M    M   3    MAX(MPH)
                                 MISC ---->  # 20 200               # 27  360
================================================================================
NOTES:
# LAST OF SEVERAL OCCURRENCES

COLUMN 17 PEAK WIND IN M.P.H.

PRELIMINARY LOCAL CLIMATOLOGICAL DATA (WS FORM: F-6) , PAGE 2

                                          STATION:  LYNCHBURG VA
                                          MONTH:    AUGUST
                                          YEAR:     2017
                                          LATITUDE:   37 19 N
                                          LONGITUDE:  79 12 W

[TEMPERATURE DATA]      [PRECIPITATION DATA]       SYMBOLS USED IN COLUMN 16

AVERAGE MONTHLY: 75.3   TOTAL FOR MONTH:   1.47    1 = FOG OR MIST
DPTR FM NORMAL:   0.7   DPTR FM NORMAL:   -0.83    2 = FOG REDUCING VISIBILITY
HIGHEST:    92 ON 22,18 GRTST 24HR  0.86 ON 15-15      TO 1/4 MILE OR LESS
LOWEST:     55 ON  6                               3 = THUNDER
                        SNOW, ICE PELLETS, HAIL    4 = ICE PELLETS
                        TOTAL MONTH:   0.0 INCH    5 = HAIL
                        GRTST 24HR     0.0         6 = FREEZING RAIN OR DRIZZLE
                        GRTST DEPTH:   0           7 = DUSTSTORM OR SANDSTORM:
                                                       VSBY 1/2 MILE OR LESS
                                                   8 = SMOKE OR HAZE
[NO. OF DAYS WITH]      [WEATHER - DAYS WITH]      9 = BLOWING SNOW
                                                   X = TORNADO
MAX 32 OR BELOW:   0    0.01 INCH OR MORE:   9
MAX 90 OR ABOVE:   7    0.10 INCH OR MORE:   3
MIN 32 OR BELOW:   0    0.50 INCH OR MORE:   1
MIN  0 OR BELOW:   0    1.00 INCH OR MORE:   0

[HDD (BASE 65) ]
TOTAL THIS MO.     0    CLEAR  (SCALE 0-3)  13
DPTR FM NORMAL     0    PTCLDY (SCALE 4-7)   7
TOTAL FM JUL 1     0    CLOUDY (SCALE 8-10)  2
DPTR FM NORMAL    -1

[CDD (BASE 65) ]
TOTAL THIS MO.   231
DPTR FM NORMAL    19    [PRESSURE DATA]
TOTAL FM JAN 1   926    HIGHEST SLP M ON M
DPTR FM NORMAL   100    LOWEST  SLP 29.83 ON 18

[REMARKS]
DUE TO MISSING TEMPERATURES ON FEBRUARY 23 AND JULY 24-25...ALL
TEMPERATURE AND DEGREE DAY INFORMATION WILL BE CALCULATED WITHOUT
DATA FROM THESE DATES.
