000
CXUS54 KLZK 281330
CF6LZK
PRELIMINARY LOCAL CLIMATOLOGICAL DATA (WS FORM: F-6)

                                          STATION:   North Little Rock
                                          MONTH:     MAY
                                          YEAR:      2015
                                          LATITUDE:   34 50 N
                                          LONGITUDE:  92 16 W

  TEMPERATURE IN F:       :PCPN:    SNOW:  WIND      :SUNSHINE: SKY     :PK WND
================================================================================
1   2   3   4   5  6A  6B    7    8   9   10  11  12  13   14  15   16   17  18
                                     12Z  AVG MX 2MIN
DY MAX MIN AVG DEP HDD CDD  WTR  SNW DPTH SPD SPD DIR MIN PSBL S-S WX    SPD DR
================================================================================

 1  73  52  63  -4   2   0 0.00  0.0    0  7.3 13  80   M    M   0        20  80
 2  78  50  64  -3   1   0 0.00  0.0    0  3.7  7 120   M    M   5         M  M
 3  82  58  70   2   0   5 0.00  0.0    0  7.3 10 200   M    M   3        17 230
 4  82  61  72   4   0   7 0.00  0.0    M  4.6  M   M   M    M   0         M  M
 5  84  65  75   7   0  10    T  0.0    M 11.2 14 160   M    M   5        21 170
 6  83  66  75   7   0  10 0.00  0.0    0   M   M   M   M    M   M         M  M
 7  85  65  75   6   0  10    T  0.0    0   M   M   M   M    M   M         M  M
 8  80  69  75   6   0  10    T  0.0    M  9.4 10 190   M    M   0        17 180
 9  77  65  71   2   0   6 2.06  0.0    0   M   M   M   M    M   M         M  M
10  81  66  74   5   0   9 0.24  0.0    0  6.9  7 140   M    M  10         M  M
11  76  61  69  -1   0   4 3.01  0.0    0  6.3 13 100   M    M   6 3      22 360
12  70  54  62  -8   3   0 0.00  0.0    0  6.1 10  30   M    M   6         M  M
13  71  54  63  -7   2   0    T  0.0    0  8.2 13  80   M    M   7        21  90
14  82  63  73   3   0   8 0.35  0.0    0   M   M   M   M    M   M 3       M  M
15  82  69  76   5   0  11 0.15  0.0    0   M   M   M   M    M   M 3       M  M
16  81  69  75   4   0  10 0.22  0.0    0   M   M   M   M    M   5 13      M  M
17  83  65  74   3   0   9 0.41  0.0    0  7.9 13 180   M    M   6        22 180
18  80  68  74   2   0   9 0.13  0.0    0  6.1  9 180   M    M   4        16 180
19  81  66  74   2   0   9 0.00  0.0    0  7.1 13  60   M    M   5        17  60
20  79  62  71  -1   0   6 1.23  0.0    0  7.0 13  80   M    M   5 3      20 350
21  67  53  60 -12   5   0 0.00  0.0    0  8.1 13  20   M    M   4        21  20
22  71  49  60 -12   5   0    T  0.0    0  6.4 13 100   M    M   5        17 100
23  80  60  70  -3   0   5 0.00  0.0    0  7.3 12  90   M    M   5        18 130
24  84  67  76   3   0  11 0.50  0.0    0 10.3 16 150   M    M   6 3      27 170
25  83  63  73   0   0   8 1.14  0.0    0  7.7 18 120   M    M   6 3      30 120
26  79  62  71  -3   0   6 0.02  0.0    0  7.2 15 150   M    M   4        25 150
27  83  68  76   2   0  11 0.00  0.0    0  6.0  9 200   M    M   4         M  M
================================================================================
SM 2137 1670        18 174  9.46     0.0 152.1          M      101
================================================================================
AV 79.1 61.9                               7.2 FASTST   M    M   5    MAX(MPH)
                                 MISC ---->    18   M                 30    M
================================================================================
NOTES:
# LAST OF SEVERAL OCCURRENCES

COLUMN 17 PEAK WIND IN M.P.H.

PRELIMINARY LOCAL CLIMATOLOGICAL DATA (WS FORM: F-6) , PAGE 2

                                          STATION:  North Little Rock
                                          MONTH:    MAY
                                          YEAR:     2015
                                          LATITUDE:   34 50 N
                                          LONGITUDE:  92 16 W

[TEMPERATURE DATA]      [PRECIPITATION DATA]       SYMBOLS USED IN COLUMN 16

AVERAGE MONTHLY: 70.5   TOTAL FOR MONTH:   9.46    1 = FOG OR MIST
DPTR FM NORMAL:   0.1   DPTR FM NORMAL:    5.05    2 = FOG REDUCING VISIBILITY
HIGHEST:    85 ON  7    GRTST 24HR  3.01 ON 11-11      TO 1/4 MILE OR LESS
LOWEST:     49 ON 22                               3 = THUNDER
                        SNOW, ICE PELLETS, HAIL    4 = ICE PELLETS
                        TOTAL MONTH:   0.0 INCH    5 = HAIL
                        GRTST 24HR     0.0         6 = FREEZING RAIN OR DRIZZLE
                        GRTST DEPTH:   0           7 = DUSTSTORM OR SANDSTORM:
                                                       VSBY 1/2 MILE OR LESS
                                                   8 = SMOKE OR HAZE
[NO. OF DAYS WITH]      [WEATHER - DAYS WITH]      9 = BLOWING SNOW
                                                   X = TORNADO
MAX 32 OR BELOW:   0    0.01 INCH OR MORE:  12
MAX 90 OR ABOVE:   0    0.10 INCH OR MORE:  11
MIN 32 OR BELOW:   0    0.50 INCH OR MORE:   5
MIN  0 OR BELOW:   0    1.00 INCH OR MORE:   4

[HDD (BASE 65) ]
TOTAL THIS MO.    18    CLEAR  (SCALE 0-3)   4
DPTR FM NORMAL    -3    PTCLDY (SCALE 4-7)  17
TOTAL FM JUL 1  3312    CLOUDY (SCALE 8-10)  1
DPTR FM NORMAL   309

[CDD (BASE 65) ]
TOTAL THIS MO.   174
DPTR FM NORMAL     5    [PRESSURE DATA]
TOTAL FM JAN 1   249    HIGHEST SLP M ON M
DPTR FM NORMAL    -9    LOWEST  SLP M ON M

[REMARKS]
