000
CXUS54 KLZK 201130
CF6M19
PRELIMINARY LOCAL CLIMATOLOGICAL DATA (WS FORM: F-6)

                                          STATION:   Newport Airport
                                          MONTH:     OCTOBER
                                          YEAR:      2017
                                          LATITUDE:   35 35 N
                                          LONGITUDE:  91 16 W

  TEMPERATURE IN F:       :PCPN:    SNOW:  WIND      :SUNSHINE: SKY     :PK WND
================================================================================
1   2   3   4   5  6A  6B    7    8   9   10  11  12  13   14  15   16   17  18
                                     12Z  AVG MX 2MIN
DY MAX MIN AVG DEP HDD CDD  WTR  SNW DPTH SPD SPD DIR MIN PSBL S-S WX    SPD DR
================================================================================

 1  85  50  68   2   0   3 0.00    M    M  7.4 12 110   M    M   1 8      18 170
 2  81  59  70   4   0   5 0.04    M    M  9.0 20 150   M    M   5 1      25 150
 3  87  66  77  11   0  12 0.01    M    M  7.4 17 160   M    M   3        21 160
 4  86  67  77  12   0  12    T    M    M  5.0 10 200   M    M   1 8       M  M
 5  86  63  75  10   0  10    T    M    M  5.0 10 220   M    M   0 8       M  M
 6  87  61  74  10   0   9 0.00    M    M  9.1 15 210   M    M   0 8      20 230
 7  89  66  78  14   0  13 0.00    M    M 10.3 23 210   M    M   2 18     32 240
 8  82  66  74  10   0   9 0.03    M    M  6.4 13  30   M    M   3 18      M  M
 9  90  64  77  14   0  12 0.42    M    M  4.1 12 180   M    M   0 12     18 200
10  91  54  73  10   0   8 0.00    M    M  9.7 20 310   M    M   3 12     33 290
11  68  51  60  -3   5   0 0.00    M    M  7.0 14 330   M    M   5 18      M  M
12  76  47  62   0   3   0 0.00    M    M  4.4  9 100   M    M   0         M  M
13   M   M   M   M   M   M 0.00    M    M  3.9  6 330   M    M   0 1       M  M
14  90  59  75  13   0  10 0.00    M    M 12.7 18 180   M    M   0        25 220
15  76  51  64   3   1   0 0.54    M    M 12.8 23 330   M    M   2 1      32 320
16  67  42  55  -6  10   0 0.00    M    M  8.5 16  30   M    M   0        21  30
17  69  38  54  -7  11   0 0.00    M    M  3.4  7 110   M    M   0 8       M  M
18  76  42  59  -1   6   0 0.00    M    M  6.7 16 190   M    M   0        17 210
19  79  46  63   3   2   0    T    M    0  6.6 10 190   M    M   0         M  M
================================================================================
SM 1465  992        38 103  1.04    M    139.4          M       25
================================================================================
AV 81.4 55.1                               7.3 FASTST   M    M   1    MAX(MPH)
                                 MISC ---->  # 23 210               # 33  290
================================================================================
NOTES:
# LAST OF SEVERAL OCCURRENCES

COLUMN 17 PEAK WIND IN M.P.H.

PRELIMINARY LOCAL CLIMATOLOGICAL DATA (WS FORM: F-6) , PAGE 2

                                          STATION:  Newport Airport
                                          MONTH:    OCTOBER
                                          YEAR:     2017
                                          LATITUDE:   35 35 N
                                          LONGITUDE:  91 16 W

[TEMPERATURE DATA]      [PRECIPITATION DATA]       SYMBOLS USED IN COLUMN 16

AVERAGE MONTHLY: 68.3   TOTAL FOR MONTH:   1.04    1 = FOG OR MIST
DPTR FM NORMAL:   5.2   DPTR FM NORMAL:   -1.30    2 = FOG REDUCING VISIBILITY
HIGHEST:    91 ON 10    GRTST 24HR  0.54 ON 15-15      TO 1/4 MILE OR LESS
LOWEST:     38 ON 17                               3 = THUNDER
                        SNOW, ICE PELLETS, HAIL    4 = ICE PELLETS
                        TOTAL MONTH:    M          5 = HAIL
                        GRTST 24HR    M  ON   M    6 = FREEZING RAIN OR DRIZZLE
                        GRTST DEPTH:   0           7 = DUSTSTORM OR SANDSTORM:
                                                       VSBY 1/2 MILE OR LESS
                                                   8 = SMOKE OR HAZE
[NO. OF DAYS WITH]      [WEATHER - DAYS WITH]      9 = BLOWING SNOW
                                                   X = TORNADO
MAX 32 OR BELOW:   0    0.01 INCH OR MORE:   5
MAX 90 OR ABOVE:   3    0.10 INCH OR MORE:   2
MIN 32 OR BELOW:   0    0.50 INCH OR MORE:   1
MIN  0 OR BELOW:   0    1.00 INCH OR MORE:   0

[HDD (BASE 65) ]
TOTAL THIS MO.    38    CLEAR  (SCALE 0-3)  17
DPTR FM NORMAL   -42    PTCLDY (SCALE 4-7)   2
TOTAL FM JUL 1    41    CLOUDY (SCALE 8-10)  0
DPTR FM NORMAL   -61

[CDD (BASE 65) ]
TOTAL THIS MO.   103
DPTR FM NORMAL    61    [PRESSURE DATA]
TOTAL FM JAN 1  1050    HIGHEST SLP M ON M
DPTR FM NORMAL  -816    LOWEST  SLP M ON M

[REMARKS]
