000
CXUS54 KMAF 191100
CF6MAF
PRELIMINARY LOCAL CLIMATOLOGICAL DATA (WS FORM: F-6)

                                          STATION:   Midland International Airport
                                          MONTH:     FEBRUARY
                                          YEAR:      2018
                                          LATITUDE:   31 57 N
                                          LONGITUDE: 102 11 W

  TEMPERATURE IN F:       :PCPN:    SNOW:  WIND      :SUNSHINE: SKY     :PK WND
================================================================================
1   2   3   4   5  6A  6B    7    8   9   10  11  12  13   14  15   16   17  18
                                     12Z  AVG MX 2MIN
DY MAX MIN AVG DEP HDD CDD  WTR  SNW DPTH SPD SPD DIR MIN PSBL S-S WX    SPD DR
================================================================================

 1  58  38  48   2  17   0 0.00  0.0    0 13.8 26  30   M    M   0        31  40
 2  54  29  42  -4  23   0 0.00  0.0    0  9.2 20  70   M    M   0        25  70
 3  78  42  60  14   5   0 0.00  0.0    0 12.6 26 270   M    M   0        32 260
 4  70  32  51   5  14   0 0.00  0.0    0  9.1 33  80   M    M   0 8      41  80
 5  71  26  49   3  16   0 0.00  0.0    0  8.1 16  70   M    M   3        20  60
 6  51  36  44  -2  21   0 0.00  0.0    0 12.0 21  60   M    M   7 18     24  50
 7  55  28  42  -5  23   0 0.00  0.0    0  8.5 21  60   M    M   2        24  60
 8  66  29  48   1  17   0 0.00  0.0    0  8.3 17 150   M    M   0        23 150
 9  76  34  55   8  10   0 0.00  0.0    0 10.4 21 230   M    M   0        23 230
10  51  28  40  -7  25   0 0.00  0.0    0 11.0 24  50   M    M   2 8      29  50
11  45  24  35 -13  30   0 0.00  0.0    0 13.1 26  30   M    M   3        32  60
12  56  28  42  -6  23   0    T  0.0    0 10.4 21 140   M    M   1        26 140
13  66  33  50   2  15   0 0.00  0.0    0 10.3 17 150   M    M   1        22 170
14  84  46  65  17   0   0 0.00  0.0    0  8.3 20 160   M    M   0        24 160
15  83  54  69  21   0   4 0.00  0.0    0 10.7 22 300   M    M   1 18     26 240
16  66  46  56   7   9   0    T    M    0 14.2 28  40   M    M   3        34  30
17  73  40  57   8   8   0 0.01  0.0    0 10.1 22  40   M    M   2        28  40
18  79  47  63  14   2   0 0.02    M    0 13.8 26 170   M    M   4 138    34 180
================================================================================
SM 1182  640       258   4  0.03     0.0 193.9          M       29
================================================================================
AV 65.7 35.6                              10.8 FASTST   M    M   2    MAX(MPH)
                                 MISC ---->  # 33  80               # 41   80
================================================================================
NOTES:
# LAST OF SEVERAL OCCURRENCES

COLUMN 17 PEAK WIND IN M.P.H.

PRELIMINARY LOCAL CLIMATOLOGICAL DATA (WS FORM: F-6) , PAGE 2

                                          STATION:  Midland International Airport
                                          MONTH:    FEBRUARY
                                          YEAR:     2018
                                          LATITUDE:   31 57 N
                                          LONGITUDE: 102 11 W

[TEMPERATURE DATA]      [PRECIPITATION DATA]       SYMBOLS USED IN COLUMN 16

AVERAGE MONTHLY: 50.6   TOTAL FOR MONTH:   0.03    1 = FOG OR MIST
DPTR FM NORMAL:   3.3   DPTR FM NORMAL:   -0.44    2 = FOG REDUCING VISIBILITY
HIGHEST:    84 ON 14    GRTST 24HR  0.02 ON 18-18      TO 1/4 MILE OR LESS
LOWEST:     24 ON 11                               3 = THUNDER
                        SNOW, ICE PELLETS, HAIL    4 = ICE PELLETS
                        TOTAL MONTH:   0.0 INCH    5 = HAIL
                        GRTST 24HR     0.0         6 = FREEZING RAIN OR DRIZZLE
                        GRTST DEPTH:   0           7 = DUSTSTORM OR SANDSTORM:
                                                       VSBY 1/2 MILE OR LESS
                                                   8 = SMOKE OR HAZE
[NO. OF DAYS WITH]      [WEATHER - DAYS WITH]      9 = BLOWING SNOW
                                                   X = TORNADO
MAX 32 OR BELOW:   0    0.01 INCH OR MORE:   2
MAX 90 OR ABOVE:   0    0.10 INCH OR MORE:   0
MIN 32 OR BELOW:   8    0.50 INCH OR MORE:   0
MIN  0 OR BELOW:   0    1.00 INCH OR MORE:   0

[HDD (BASE 65) ]
TOTAL THIS MO.   258    CLEAR  (SCALE 0-3)  14
DPTR FM NORMAL   -61    PTCLDY (SCALE 4-7)   4
TOTAL FM JUL 1  1809    CLOUDY (SCALE 8-10)  0
DPTR FM NORMAL  -282

[CDD (BASE 65) ]
TOTAL THIS MO.     4
DPTR FM NORMAL     4    [PRESSURE DATA]
TOTAL FM JAN 1     4    HIGHEST SLP M ON M
DPTR FM NORMAL     4    LOWEST  SLP 29.69 ON 18

[REMARKS]
