000
CXUS55 KEAX 170736
CF6MCI
PRELIMINARY LOCAL CLIMATOLOGICAL DATA (WS FORM: F-6)

                                          STATION:   Kansas City International MO
                                          MONTH:     JANUARY
                                          YEAR:      2018
                                          LATITUDE:   39 19 N
                                          LONGITUDE:  94 43 W

  TEMPERATURE IN F:       :PCPN:    SNOW:  WIND      :SUNSHINE: SKY     :PK WND
================================================================================
1   2   3   4   5  6A  6B    7    8   9   10  11  12  13   14  15   16   17  18
                                     12Z  AVG MX 2MIN
DY MAX MIN AVG DEP HDD CDD  WTR  SNW DPTH SPD SPD DIR MIN PSBL S-S WX    SPD DR
================================================================================

 1   9 -11  -1 -30  66   0 0.00  0.0    0  5.8 10 330   M    M   1 8      13 340
 2  21  -6   8 -21  57   0 0.00  0.0    0  8.6 18 220   M    M   2        23 230
 3  25   8  17 -12  48   0 0.00  0.0    0 10.7 22 340   M    M   4        28 340
 4  23   2  13 -16  52   0 0.00  0.0    0  5.4 12 120   M    M   4        19 110
 5  28  12  20  -9  45   0 0.00  0.0    0 10.0 14  70   M    M   5        18  70
 6  30  11  21  -8  44   0 0.00  0.0    0 10.5 17 160   M    M   6        22 160
 7  37  30  34   5  31   0 0.18  0.0    0  9.6 17 170   M    M   9 126    24 170
 8  49  25  37   8  28   0 0.00  0.0    0  6.6 10 170   M    M   2 1      13 320
 9  44  29  37   9  28   0 0.00  0.0    0 11.9 20 160   M    M   7 18     24 150
10  57  38  48  20  17   0    T    M    0 17.5 31 190   M    M   9 1      37 190
11  51  11  31   3  34   0 0.21  0.4    0 15.5 28 330   M    M   7 1246   35 340
12  18   4  11 -17  54   0 0.00  0.0    0 13.1 22 350   M    M   4        27 350
13  19  10  15 -13  50   0 0.00  0.0    0  7.1 17 360   M    M  10        21  10
14  33  16  25  -3  40   0 0.14  2.1    1  9.6 17 230   M    M   9 169    23 210
15  33  -1  16 -12  49   0 0.00  0.0    0 15.1 24 350   M    M   6        33 350
16   8  -5   2 -26  63   0    T    T    1  8.1 15 310   M    M   4 8      19 330
================================================================================
SM  485  173       706   0  0.53     2.5 165.1          M       89
================================================================================
AV 30.3 10.8                              10.3 FASTST   M    M   6    MAX(MPH)
                                 MISC ---->  # 31 190               # 37  190
================================================================================
NOTES:
# LAST OF SEVERAL OCCURRENCES

COLUMN 17 PEAK WIND IN M.P.H.

PRELIMINARY LOCAL CLIMATOLOGICAL DATA (WS FORM: F-6) , PAGE 2

                                          STATION:  Kansas City International MO
                                          MONTH:    JANUARY
                                          YEAR:     2018
                                          LATITUDE:   39 19 N
                                          LONGITUDE:  94 43 W

[TEMPERATURE DATA]      [PRECIPITATION DATA]       SYMBOLS USED IN COLUMN 16

AVERAGE MONTHLY: 20.6   TOTAL FOR MONTH:   0.53    1 = FOG OR MIST
DPTR FM NORMAL:  -7.9   DPTR FM NORMAL:    0.03    2 = FOG REDUCING VISIBILITY
HIGHEST:    57 ON 10    GRTST 24HR  0.21 ON 11-11      TO 1/4 MILE OR LESS
LOWEST:    -11 ON  1                               3 = THUNDER
                        SNOW, ICE PELLETS, HAIL    4 = ICE PELLETS
                        TOTAL MONTH:   2.5 INCHES  5 = HAIL
                        GRTST 24HR   2.1 ON 14-14  6 = FREEZING RAIN OR DRIZZLE
                        GRTST DEPTH:   1 ON 16,14  7 = DUSTSTORM OR SANDSTORM:
                                                       VSBY 1/2 MILE OR LESS
                                                   8 = SMOKE OR HAZE
[NO. OF DAYS WITH]      [WEATHER - DAYS WITH]      9 = BLOWING SNOW
                                                   X = TORNADO
MAX 32 OR BELOW:   9    0.01 INCH OR MORE:   3
MAX 90 OR ABOVE:   0    0.10 INCH OR MORE:   3
MIN 32 OR BELOW:  15    0.50 INCH OR MORE:   0
MIN  0 OR BELOW:   4    1.00 INCH OR MORE:   0

[HDD (BASE 65) ]
TOTAL THIS MO.   706    CLEAR  (SCALE 0-3)   3
DPTR FM NORMAL   130    PTCLDY (SCALE 4-7)   9
TOTAL FM JUL 1  2597    CLOUDY (SCALE 8-10)  4
DPTR FM NORMAL   -21

[CDD (BASE 65) ]
TOTAL THIS MO.     0
DPTR FM NORMAL     0    [PRESSURE DATA]
TOTAL FM JAN 1     0    HIGHEST SLP  0.00 ON M
DPTR FM NORMAL     0    LOWEST  SLP  0.00 ON M

[REMARKS]
