692
CXUS53 KGLD 260800
CF6MCK
PRELIMINARY LOCAL CLIMATOLOGICAL DATA (WS FORM: F-6)

                                          STATION:   MCCOOK NE
                                          MONTH:     MAY
                                          YEAR:      2016
                                          LATITUDE:   40 13 N
                                          LONGITUDE: 100 35 W

  TEMPERATURE IN F:       :PCPN:    SNOW:  WIND      :SUNSHINE: SKY     :PK WND
================================================================================
1   2   3   4   5  6A  6B    7    8   9   10  11  12  13   14  15   16   17  18
                                     12Z  AVG MX 2MIN
DY MAX MIN AVG DEP HDD CDD  WTR  SNW DPTH SPD SPD DIR MIN PSBL S-S WX    SPD DR
================================================================================

 1  57  36  47  -8  18   0 0.01    M    M 13.3 25  10   M    M   9        34  20
 2  64  32  48  -7  17   0 0.00    M    M  6.1 16 310   M    M   2        19 310
 3  69  38  54  -2  11   0 0.04    M    M  8.5 28 340   M    M   2 1      33 330
 4  78  40  59   3   6   0 0.00    M    M  6.4 17  20   M    M   0        20  20
 5  80  42  61   5   4   0 0.00    M    M  7.4 18 170   M    M   0        24 180
 6  85  52  69  13   0   4 0.00    M    M 11.1 23 210   M    M   0        33 170
 7  77  57  67  10   0   2 0.01    M    M 11.8 25  60   M    M   3 38     30  60
 8  75  46  61   4   4   0 0.05    M    M  9.9 37 250   M    M   2 138    47 250
 9  72  41  57  -1   8   0 0.00    M    M  4.0 13  50   M    M   3 1      18  60
10  78  43  61   3   4   0 0.16    M    M 11.2 28 340   M    M   3 13     32 340
11  67  45  56  -2   9   0 0.32    M    M 12.3 25 330   M    M   3 1      33 310
12  73  39  56  -2   9   0 0.00    M    M  6.3 17 220   M    M   2        22 240
13  67  41  54  -5  11   0 0.00    M    M 15.7 32 340   M    M   0        38 340
14  57  39  48 -11  17   0 0.00    M    M  5.3 13  10   M    M   9        18  30
15  52  41  47 -12  18   0 0.01    M    0  9.9 18 120   M    M   9        24 130
16  50  43  47 -13  18   0 0.23    M    M 12.8 22  60   M    M   9 13     27  80
17  66  45  56  -4   9   0 0.00    M    M  7.8 15  60   M    M   6        20  60
18  68  42  55  -5  10   0 0.00    M    M  8.3 16 180   M    M   7 1      21 200
19  66  49  58  -2   7   0 0.00    M    M 14.7 26 170   M    M   9        34 170
20  66  51  59  -2   6   0    T    M    M 12.6 20 140   M    M  10 1      26 130
21  66  56  61   0   4   0 0.00    M    M 17.4 26 120   M    M  10 1      36 120
22  85  64  75  14   0  10    T    M    M 22.0 35 160   M    M   6 3      51 290
23  80  52  66   4   0   1 0.19    M    M  5.4 24 300   M    M   1 13     33 300
24  78  53  66   4   0   1    T    M    M 11.5 28 330   M    M   4 3      38 320
25  82  55  69   7   0   4 0.18    M    M  7.5 37 350   M    M   3 13     45 350
================================================================================
SM 1758 1142       190  22  1.20    M    259.2          M      112
================================================================================
AV 70.3 45.7                              10.4 FASTST   M    M   4    MAX(MPH)
                                 MISC ---->  # 37 250               # 51  290
================================================================================
NOTES:
# LAST OF SEVERAL OCCURRENCES

COLUMN 17 PEAK WIND IN M.P.H.

PRELIMINARY LOCAL CLIMATOLOGICAL DATA (WS FORM: F-6) , PAGE 2

                                          STATION:  MCCOOK NE
                                          MONTH:    MAY
                                          YEAR:     2016
                                          LATITUDE:   40 13 N
                                          LONGITUDE: 100 35 W

[TEMPERATURE DATA]      [PRECIPITATION DATA]       SYMBOLS USED IN COLUMN 16

AVERAGE MONTHLY: 58.0   TOTAL FOR MONTH:   1.20    1 = FOG OR MIST
DPTR FM NORMAL:  -0.6   DPTR FM NORMAL:   -1.24    2 = FOG REDUCING VISIBILITY
HIGHEST:    85 ON 22, 6 GRTST 24HR  0.48 ON 10-11      TO 1/4 MILE OR LESS
LOWEST:     32 ON  2                               3 = THUNDER
                        SNOW, ICE PELLETS, HAIL    4 = ICE PELLETS
                        TOTAL MONTH:    M          5 = HAIL
                        GRTST 24HR    M  ON   M    6 = FREEZING RAIN OR DRIZZLE
                        GRTST DEPTH:   0           7 = DUSTSTORM OR SANDSTORM:
                                                       VSBY 1/2 MILE OR LESS
                                                   8 = SMOKE OR HAZE
[NO. OF DAYS WITH]      [WEATHER - DAYS WITH]      9 = BLOWING SNOW
                                                   X = TORNADO
MAX 32 OR BELOW:   0    0.01 INCH OR MORE:  10
MAX 90 OR ABOVE:   0    0.10 INCH OR MORE:   5
MIN 32 OR BELOW:   1    0.50 INCH OR MORE:   0
MIN  0 OR BELOW:   0    1.00 INCH OR MORE:   0

[HDD (BASE 65) ]
TOTAL THIS MO.   190    CLEAR  (SCALE 0-3)  13
DPTR FM NORMAL     5    PTCLDY (SCALE 4-7)   5
TOTAL FM JUL 1  4949    CLOUDY (SCALE 8-10)  7
DPTR FM NORMAL -1139

[CDD (BASE 65) ]
TOTAL THIS MO.    22
DPTR FM NORMAL    -6    [PRESSURE DATA]
TOTAL FM JAN 1    23    HIGHEST SLP M ON M
DPTR FM NORMAL   -11    LOWEST  SLP 29.49 ON  9

[REMARKS]
