841
CXUS55 KCTP 190700
CF6MDT
PRELIMINARY LOCAL CLIMATOLOGICAL DATA (WS FORM: F-6)

                                          STATION:   HARRISBURG PA
                                          MONTH:     SEPTEMBER
                                          YEAR:      2017
                                          LATITUDE:   40 11 N
                                          LONGITUDE:  76 46 W

  TEMPERATURE IN F:       :PCPN:    SNOW:  WIND      :SUNSHINE: SKY     :PK WND
================================================================================
1   2   3   4   5  6A  6B    7    8   9   10  11  12  13   14  15   16   17  18
                                     12Z  AVG MX 2MIN
DY MAX MIN AVG DEP HDD CDD  WTR  SNW DPTH SPD SPD DIR MIN PSBL S-S WX    SPD DR
================================================================================

 1  67  55  61 -10   4   0 0.00  0.0    0  4.7 12  30   M    M   8        15  40
 2  60  52  56 -15   9   0 0.61  0.0    0  4.2 13 110   M    M   9 1      16 110
 3  73  59  66  -5   0   1 0.17  0.0    0  5.3 17 280   M    M   8 1      22 290
 4  81  54  68  -2   0   3 0.00  0.0    0  4.6 17 240   M    M   2 1      25 250
 5  82  65  74   4   0   9 0.70  0.0    0  4.9 31 310   M    M   8 13     38 330
 6  66  58  62  -8   3   0 1.03  0.0    0  3.9 14 310   M    M   6 1      16 320
 7  72  55  64  -5   1   0 0.00  0.0    0  6.6 20 260   M    M   5 1      25 270
 8  73  54  64  -5   1   0 0.00  0.0    0  6.8 16 320   M    M   3 8      20 300
 9  68  51  60  -9   5   0 0.00  0.0    0  7.0 17 340   M    M   3 1      25 330
10  73  51  62  -6   3   0 0.00  0.0    0  5.5 14  30   M    M   1        19  40
11  74  51  63  -5   2   0 0.00  0.0    0  2.8  8 300   M    M   5 1      10 320
12  77  57  67  -1   0   2 0.00  0.0    0  2.4  8 320   M    M   9 18     10  10
13  71  61  66  -1   0   1 0.03  0.0    0  2.1  7  80   M    M  10 1      10  90
14  79  63  71   4   0   6 0.01  0.0    0  4.2 13 300   M    M   7 18     15 310
15  80  60  70   4   0   5 0.00  0.0    0  2.6 13 330   M    M   4 1      16 330
16  85  65  75   9   0  10 0.00  0.0    0  3.4  9  10   M    M   4 18     14 270
17  81  65  73   7   0   8    T  0.0    0  1.6  8 150   M    M   5 18     10 160
18  76  63  70   5   0   5 0.00  0.0    0  3.0 10  80   M    M   7 18     14  40
================================================================================
SM 1338 1039        28  50  2.55     0.0  75.6          M      104
================================================================================
AV 74.3 57.7                               4.2 FASTST   M    M   6    MAX(MPH)
                                 MISC ---->  # 31 310               # 38  330
================================================================================
NOTES:
# LAST OF SEVERAL OCCURRENCES

COLUMN 17 PEAK WIND IN M.P.H.

PRELIMINARY LOCAL CLIMATOLOGICAL DATA (WS FORM: F-6) , PAGE 2

                                          STATION:  HARRISBURG PA
                                          MONTH:    SEPTEMBER
                                          YEAR:     2017
                                          LATITUDE:   40 11 N
                                          LONGITUDE:  76 46 W

[TEMPERATURE DATA]      [PRECIPITATION DATA]       SYMBOLS USED IN COLUMN 16

AVERAGE MONTHLY: 66.0   TOTAL FOR MONTH:   2.55    1 = FOG OR MIST
DPTR FM NORMAL:  -2.4   DPTR FM NORMAL:    0.20    2 = FOG REDUCING VISIBILITY
HIGHEST:    85 ON 16    GRTST 24HR  1.03 ON  6- 6      TO 1/4 MILE OR LESS
LOWEST:     51 ON 11,10                            3 = THUNDER
                        SNOW, ICE PELLETS, HAIL    4 = ICE PELLETS
                        TOTAL MONTH:   0.0 INCH    5 = HAIL
                        GRTST 24HR     0.0         6 = FREEZING RAIN OR DRIZZLE
                        GRTST DEPTH:   0           7 = DUSTSTORM OR SANDSTORM:
                                                       VSBY 1/2 MILE OR LESS
                                                   8 = SMOKE OR HAZE
[NO. OF DAYS WITH]      [WEATHER - DAYS WITH]      9 = BLOWING SNOW
                                                   X = TORNADO
MAX 32 OR BELOW:   0    0.01 INCH OR MORE:   6
MAX 90 OR ABOVE:   0    0.10 INCH OR MORE:   4
MIN 32 OR BELOW:   0    0.50 INCH OR MORE:   3
MIN  0 OR BELOW:   0    1.00 INCH OR MORE:   1

[HDD (BASE 65) ]
TOTAL THIS MO.    28    CLEAR  (SCALE 0-3)   3
DPTR FM NORMAL    10    PTCLDY (SCALE 4-7)  12
TOTAL FM JUL 1    30    CLOUDY (SCALE 8-10)  3
DPTR FM NORMAL    10

[CDD (BASE 65) ]
TOTAL THIS MO.    50
DPTR FM NORMAL   -29    [PRESSURE DATA]
TOTAL FM JAN 1  1048    HIGHEST SLP M ON M
DPTR FM NORMAL    73    LOWEST  SLP 29.70 ON  5

[REMARKS]
