000
CXUS56 KPDT 301832
CF6MEH
PRELIMINARY LOCAL CLIMATOLOGICAL DATA (WS FORM: F-6)

                                          STATION:   MEACHAM OR
                                          MONTH:     SEPTEMBER
                                          YEAR:      2016
                                          LATITUDE:   45 30 N
                                          LONGITUDE: 118 24 W

  TEMPERATURE IN F:       :PCPN:    SNOW:  WIND      :SUNSHINE: SKY     :PK WND
================================================================================
1   2   3   4   5  6A  6B    7    8   9   10  11  12  13   14  15   16   17  18
                                     12Z  AVG MX 2MIN
DY MAX MIN AVG DEP HDD CDD  WTR  SNW DPTH SPD SPD DIR MIN PSBL S-S WX    SPD DR
================================================================================

 1  71  45  58   3   7   0    T  0.0    0  1.2  9 300   M    M   5 8      17 310
 2  65  44  55   0  10   0 0.03  0.0    0  2.1  9 270   M    M   6        16 280
 3  63  36  50  -5  15   0 0.00  0.0    0  1.2 10  30   M    M   5        15  20
 4  61  28  45  -9  20   0 0.00  0.0    0  1.7  8 290   M    M   2        14 350
 5  67  29  48  -6  17   0 0.00  0.0    0  0.9  8 260   M    M   2        16 320
 6  53  40  47  -7  18   0 0.28  0.0    0  0.1  5 250   M    M   9 1       8 190
 7  68  47  58   4   7   0 0.00  0.0    0  1.0  8 260   M    M   6        12 290
 8  68  37  53  -1  12   0 0.00  0.0    0  2.1  9 280   M    M   3        17 310
 9  70  29  50  -3  15   0 0.00  0.0    0  1.2  8  20   M    M   0        12  30
10  83  30  57   4   8   0 0.00  0.0    0  1.4  8 280   M    M   0        15 310
11  65  33  49  -4  16   0 0.00  0.0    0  1.8  9 240   M    M   1        17 280
12  60  28  44  -8  21   0 0.00  0.0    0  2.0 10 360   M    M   1        22  10
13  62  25  44  -8  21   0 0.00  0.0    0  1.3  8  20   M    M   0        16 310
14  67  25  46  -6  19   0 0.00  0.0    0  0.8  8 250   M    M   0        13  10
15  73  28  51   0  14   0 0.00  0.0    0  1.3  5  99   M    M   0         M  M
16  78  30  54   3  11   0 0.00  0.0    0  0.5  9 260   M    M   0        13 220
17  69  40  55   4  10   0 0.52  0.0    M  0.8  7 290   M    M   8 1      15 300
18  64  51  58   8   7   0    T  0.0    0  1.0  6  99   M    M  10         M  M
19  62  41  52   2  13   0 0.00  0.0    0  1.6  8 290   M    M   5        13 360
20  56  35  46  -4  19   0 0.00  0.0    0  0.8  6  10   M    M   1        10  10
21  55  30  43  -7  22   0 0.00  0.0    0  0.8  6 300   M    M   3        11  10
22  47  28  38 -11  27   0 0.25  0.0    0  0.1  6 260   M    M   9 1      10 300
23  56  36  46  -3  19   0 0.01  0.0    0  1.1  7 270   M    M   7 1      12 280
24  61  34  48  -1  17   0 0.00  0.0    0  1.4  8 270   M    M   2 8      14 280
25  75  31  53   5  12   0 0.00  0.0    0  0.7  7 360   M    M   0 8      11 330
26  84  39  62  14   3   0 0.00  0.0    0  1.0 10  90   M    M   0 8      15  80
27  77  40  59  11   6   0 0.00  0.0    0  1.0  7 280   M    M   0        12 250
28  72  37  55   8  10   0 0.00  0.0    0  0.9  7  10   M    M   0        11 340
29  76  36  56   9   9   0    T  0.0    0  1.2  7  10   M    M   0 3      12 350
================================================================================
SM 1928 1012       405   0  1.09     0.0  33.0          M       85
================================================================================
AV 66.5 34.9                               1.1 FASTST   M    M   3    MAX(MPH)
                                 MISC ---->  # 10  30               # 22   10
================================================================================
NOTES:
# LAST OF SEVERAL OCCURRENCES

COLUMN 17 PEAK WIND IN M.P.H.

PRELIMINARY LOCAL CLIMATOLOGICAL DATA (WS FORM: F-6) , PAGE 2

                                          STATION:  MEACHAM OR
                                          MONTH:    SEPTEMBER
                                          YEAR:     2016
                                          LATITUDE:   45 30 N
                                          LONGITUDE: 118 24 W

[TEMPERATURE DATA]      [PRECIPITATION DATA]       SYMBOLS USED IN COLUMN 16

AVERAGE MONTHLY: 50.7   TOTAL FOR MONTH:   1.09    1 = FOG OR MIST
DPTR FM NORMAL:  -0.6   DPTR FM NORMAL:   -0.38    2 = FOG REDUCING VISIBILITY
HIGHEST:    84 ON 26    GRTST 24HR  0.52 ON 17-17      TO 1/4 MILE OR LESS
LOWEST:     25 ON 14,13                            3 = THUNDER
                        SNOW, ICE PELLETS, HAIL    4 = ICE PELLETS
                        TOTAL MONTH:   0.0 INCH    5 = HAIL
                        GRTST 24HR     0.0         6 = FREEZING RAIN OR DRIZZLE
                        GRTST DEPTH:   0           7 = DUSTSTORM OR SANDSTORM:
                                                       VSBY 1/2 MILE OR LESS
                                                   8 = SMOKE OR HAZE
[NO. OF DAYS WITH]      [WEATHER - DAYS WITH]      9 = BLOWING SNOW
                                                   X = TORNADO
MAX 32 OR BELOW:   0    0.01 INCH OR MORE:   5
MAX 90 OR ABOVE:   0    0.10 INCH OR MORE:   3
MIN 32 OR BELOW:  12    0.50 INCH OR MORE:   1
MIN  0 OR BELOW:   0    1.00 INCH OR MORE:   0

[HDD (BASE 65) ]
TOTAL THIS MO.   405    CLEAR  (SCALE 0-3)  19
DPTR FM NORMAL     7    PTCLDY (SCALE 4-7)   7
TOTAL FM JUL 1   753    CLOUDY (SCALE 8-10)  3
DPTR FM NORMAL   -59

[CDD (BASE 65) ]
TOTAL THIS MO.     0
DPTR FM NORMAL     0    [PRESSURE DATA]
TOTAL FM JAN 1    21    HIGHEST SLP 30.00 ON  3
DPTR FM NORMAL    -2    LOWEST  SLP 29.80 ON 17

[REMARKS]
