000
CXUS56 KPDT 011832
CF6MEH
PRELIMINARY LOCAL CLIMATOLOGICAL DATA (WS FORM: F-6)

                                          STATION:   MEACHAM OR
                                          MONTH:     JUNE
                                          YEAR:      2015
                                          LATITUDE:   45 30 N
                                          LONGITUDE: 118 24 W

  TEMPERATURE IN F:       :PCPN:    SNOW:  WIND      :SUNSHINE: SKY     :PK WND
================================================================================
1   2   3   4   5  6A  6B    7    8   9   10  11  12  13   14  15   16   17  18
                                     12Z  AVG MX 2MIN
DY MAX MIN AVG DEP HDD CDD  WTR  SNW DPTH SPD SPD DIR MIN PSBL S-S WX    SPD DR
================================================================================

 1  70  50  60  10   5   0 0.46  0.0    0  1.5  7 270   M    M   3 13     14 300
 2  62  47  55   5  10   0 0.20    M    0  2.2  7 290   M    M   9 1       M  M
 3  62  39  51   0  14   0 0.00  0.0    0  1.3  9 290   M    M   8        13 290
 4  66  34  50  -1  15   0 0.00  0.0    0  1.7  9  20   M    M   1        15 290
 5  72  37  55   4  10   0 0.00  0.0    0  2.3 10  30   M    M   0        18 360
 6  78  39  59   8   6   0 0.00  0.0    0  2.0 10  20   M    M   0        17 360
 7  85  44  65  14   0   0 0.00  0.0    0  1.1  7  60   M    M   0        11 290
 8  90  47  69  17   0   4 0.00  0.0    0  1.0  7 280   M    M   0        11 290
 9  84  51  68  16   0   3 0.00  0.0    0  1.0  8 270   M    M   0        12 310
10  79  48  64  12   1   0 0.00  0.0    0  1.3 10 270   M    M   0 8      17 290
11  79  40  60   8   5   0 0.00  0.0    0  1.5  9 280   M    M   0        19 300
12  73  43  58   6   7   0 0.00  0.0    0  2.5 10 280   M    M   0        18 260
13  67  33  50  -2  15   0 0.00  0.0    0  1.3  9  30   M    M   0        14  30
14  73  30  52  -1  13   0 0.00  0.0    0  2.0  8  20   M    M   0        15  40
15  77  33  55   2  10   0    T  0.0    0  1.4  8 360   M    M   1        14 360
16  80  38  59   6   6   0 0.00  0.0    0  1.4  8  40   M    M   0 1      13 290
17  80  43  62   9   3   0 0.00  0.0    0  1.8  9 280   M    M   1 18     14 270
18  78  40  59   5   6   0 0.00  0.0    0  1.5  8 250   M    M   0        13 270
19  69  41  55   1  10   0 0.00  0.0    0  2.0 10 270   M    M   1        20 260
20  74  39  57   3   8   0 0.00  0.0    0  1.4  9 260   M    M   1        14  20
21  73  42  58   4   7   0 0.00  0.0    0  1.1  8 350   M    M   1        16 350
22  79  37  58   4   7   0 0.00  0.0    0  1.8  8  10   M    M   0        16  10
23  76  40  58   3   7   0 0.00  0.0    0  1.6  9 270   M    M   0        14 250
24  79  46  63   8   2   0 0.00  0.0    0  0.9  7 290   M    M   1        12 260
25  85  41  63   8   2   0 0.00  0.0    0  1.2  7 360   M    M   0        12  20
26  93  44  69  13   0   4 0.00  0.0    0  0.9  7 260   M    M   0        11 330
27  98  52  75  19   0  10    T  0.0    0  0.8  8  70   M    M   1 3      14  10
28 101  54  78  22   0  13    T  0.0    0  1.5  8  40   M    M   0 38     16 220
29  90  60  75  19   0  10 0.01  0.0    0  1.0  7  10   M    M   2 18     12 310
30  87  53  70  14   0   5 0.00  0.0    0  1.7  8  20   M    M   0        15  40
================================================================================
SM 2359 1285       169  49  0.67     0.0  44.7          M       30
================================================================================
AV 78.6 42.8                               1.5 FASTST   M    M   1    MAX(MPH)
                                 MISC ---->  # 10  30               # 20  260
================================================================================
NOTES:
# LAST OF SEVERAL OCCURRENCES

COLUMN 17 PEAK WIND IN M.P.H.

PRELIMINARY LOCAL CLIMATOLOGICAL DATA (WS FORM: F-6) , PAGE 2

                                          STATION:  MEACHAM OR
                                          MONTH:    JUNE
                                          YEAR:     2015
                                          LATITUDE:   45 30 N
                                          LONGITUDE: 118 24 W

[TEMPERATURE DATA]      [PRECIPITATION DATA]       SYMBOLS USED IN COLUMN 16

AVERAGE MONTHLY: 60.7   TOTAL FOR MONTH:   0.67    1 = FOG OR MIST
DPTR FM NORMAL:   7.5   DPTR FM NORMAL:   -1.45    2 = FOG REDUCING VISIBILITY
HIGHEST:   101 ON 28    GRTST 24HR  0.67 ON 31- 1      TO 1/4 MILE OR LESS
LOWEST:     30 ON 14                               3 = THUNDER
                        SNOW, ICE PELLETS, HAIL    4 = ICE PELLETS
                        TOTAL MONTH:   0.0 INCH    5 = HAIL
                        GRTST 24HR     0.0         6 = FREEZING RAIN OR DRIZZLE
                        GRTST DEPTH:   0           7 = DUSTSTORM OR SANDSTORM:
                                                       VSBY 1/2 MILE OR LESS
                                                   8 = SMOKE OR HAZE
[NO. OF DAYS WITH]      [WEATHER - DAYS WITH]      9 = BLOWING SNOW
                                                   X = TORNADO
MAX 32 OR BELOW:   0    0.01 INCH OR MORE:   3
MAX 90 OR ABOVE:   5    0.10 INCH OR MORE:   2
MIN 32 OR BELOW:   1    0.50 INCH OR MORE:   0
MIN  0 OR BELOW:   0    1.00 INCH OR MORE:   0

[HDD (BASE 65) ]
TOTAL THIS MO.   169    CLEAR  (SCALE 0-3)  27
DPTR FM NORMAL  -187    PTCLDY (SCALE 4-7)   2
TOTAL FM JUL 1  6736    CLOUDY (SCALE 8-10)  1
DPTR FM NORMAL -1576

[CDD (BASE 65) ]
TOTAL THIS MO.    49
DPTR FM NORMAL    47    [PRESSURE DATA]
TOTAL FM JAN 1    49    HIGHEST SLP 30.10 ON 25
DPTR FM NORMAL    47    LOWEST  SLP 28.49 ON 29

[REMARKS]
#FINAL-06-15#
