000
CXUS53 KGRB 280805
CF6MFI
PRELIMINARY LOCAL CLIMATOLOGICAL DATA (WS FORM: F-6)

                                          STATION:   MARSHFIELD WI
                                          MONTH:     AUGUST
                                          YEAR:      2015
                                          LATITUDE:   44 37 N
                                          LONGITUDE:  90 11 W

  TEMPERATURE IN F:       :PCPN:    SNOW:  WIND      :SUNSHINE: SKY     :PK WND
================================================================================
1   2   3   4   5  6A  6B    7    8   9   10  11  12  13   14  15   16   17  18
                                     12Z  AVG MX 2MIN
DY MAX MIN AVG DEP HDD CDD  WTR  SNW DPTH SPD SPD DIR MIN PSBL S-S WX    SPD DR
================================================================================

 1  82  56  69   0   0   4    T  0.0    0  6.9 16 250   M    M   2        23 280
 2  89  61  75   6   0  10 0.28  0.0    0 10.7 37 340   M    M   1 13     45 330
 3  78  53  66  -3   0   1 0.00  0.0    0 10.2 21 320   M    M   4        28 300
 4  78  55  67  -2   0   2 0.00  0.0    0  7.7 17 300   M    M   4        23 280
 5  80  55  68  -1   0   3 0.00  0.0    0  5.8 10  90   M    M   1        14  80
 6  80  57  69   1   0   4    T  0.0    0  7.5 14 190   M    M   3        19 170
 7  76  63  70   2   0   5 1.35  0.0    0  9.8 18 150   M    M  10 138    24 160
 8  71  60  66  -2   0   1    T  0.0    0  5.7 13 110   M    M   8 128    15 110
 9  79  60  70   2   0   5 0.04  0.0    0  4.6 20 330   M    M   8 1238   25 330
10  81  62  72   4   0   7    T  0.0    0  8.3 17 320   M    M   5 1      23 320
11  81  57  69   1   0   4 0.00  0.0    0  7.5 18 330   M    M   1        22 330
12  82  54  68   0   0   3 0.00  0.0    0  6.4 15 260   M    M   0        18 250
13  85  65  75   7   0  10 0.00  0.0    0 10.3 21 240   M    M   2        27 240
14  90  69  80  12   0  15 0.00  0.0    0  6.5 14 280   M    M   1 1      18 280
15  91  64  78  10   0  13 0.00  0.0    0  3.5 12 180   M    M   1 18     14 170
16  88  68  78  10   0  13 0.00  0.0    0  9.9 20 260   M    M   2 18     26 220
17  74  66  70   3   0   5    T  0.0    0  6.1 18 330   M    M   9 1      23 330
18  68  64  66  -1   0   1 0.04  0.0    0  9.9 16  90   M    M  10 1      22  90
19  67  57  62  -5   3   0 0.02  0.0    0 11.6 23 210   M    M  10 18     29 210
20  66  52  59  -8   6   0    T  0.0    0  9.7 20 310   M    M   7 18     31 290
21  81  48  65  -2   0   0 0.00  0.0    0  6.4 24 200   M    M   3 18     29 200
22  80  57  69   3   0   4 0.00  0.0    0 13.3 28 180   M    M   1        35 190
23  68  57  63  -3   2   0 0.01  0.0    0 13.5 23 280   M    M   9 3      30 270
24  60  53  57  -9   8   0    T  0.0    0 13.7 28 300   M    M   9 8      37 300
25  59  53  56 -10   9   0 0.00  0.0    0  9.6 18 310   M    M  10        23 310
26  73  53  63  -3   2   0 0.00  0.0    0  5.0 14 310   M    M   3        19 340
27  76  48  62  -3   3   0 0.00  0.0    0  4.6 13 180   M    M   1 1      18 220
================================================================================
SM 2083 1567        33 110  1.74     0.0 224.7          M      125
================================================================================
AV 77.1 58.0                               8.3 FASTST   M    M   5    MAX(MPH)
                                 MISC ---->  # 37 340               # 45  330
================================================================================
NOTES:
# LAST OF SEVERAL OCCURRENCES

COLUMN 17 PEAK WIND IN M.P.H.

PRELIMINARY LOCAL CLIMATOLOGICAL DATA (WS FORM: F-6) , PAGE 2

                                          STATION:  MARSHFIELD WI
                                          MONTH:    AUGUST
                                          YEAR:     2015
                                          LATITUDE:   44 37 N
                                          LONGITUDE:  90 11 W

[TEMPERATURE DATA]      [PRECIPITATION DATA]       SYMBOLS USED IN COLUMN 16

AVERAGE MONTHLY: 67.6   TOTAL FOR MONTH:   1.74    1 = FOG OR MIST
DPTR FM NORMAL:   0.1   DPTR FM NORMAL:   -2.06    2 = FOG REDUCING VISIBILITY
HIGHEST:    91 ON 15    GRTST 24HR  1.35 ON  7- 7      TO 1/4 MILE OR LESS
LOWEST:     48 ON 27,21                            3 = THUNDER
                        SNOW, ICE PELLETS, HAIL    4 = ICE PELLETS
                        TOTAL MONTH:   0.0 INCH    5 = HAIL
                        GRTST 24HR     0.0         6 = FREEZING RAIN OR DRIZZLE
                        GRTST DEPTH:   0           7 = DUSTSTORM OR SANDSTORM:
                                                       VSBY 1/2 MILE OR LESS
                                                   8 = SMOKE OR HAZE
[NO. OF DAYS WITH]      [WEATHER - DAYS WITH]      9 = BLOWING SNOW
                                                   X = TORNADO
MAX 32 OR BELOW:   0    0.01 INCH OR MORE:   6
MAX 90 OR ABOVE:   2    0.10 INCH OR MORE:   2
MIN 32 OR BELOW:   0    0.50 INCH OR MORE:   1
MIN  0 OR BELOW:   0    1.00 INCH OR MORE:   1

[HDD (BASE 65) ]
TOTAL THIS MO.    33    CLEAR  (SCALE 0-3)  13
DPTR FM NORMAL     2    PTCLDY (SCALE 4-7)   6
TOTAL FM JUL 1    50    CLOUDY (SCALE 8-10)  8
DPTR FM NORMAL    -3

[CDD (BASE 65) ]
TOTAL THIS MO.   110
DPTR FM NORMAL    14    [PRESSURE DATA]
TOTAL FM JAN 1   358    HIGHEST SLP M ON M
DPTR FM NORMAL    26    LOWEST  SLP 29.47 ON  2

[REMARKS]
