000
CXUS53 KGRB 280840
CF6MFI
PRELIMINARY LOCAL CLIMATOLOGICAL DATA (WS FORM: F-6)

                                          STATION:   MARSHFIELD WI
                                          MONTH:     DECEMBER
                                          YEAR:      2014
                                          LATITUDE:   44 37 N
                                          LONGITUDE:  90 11 W

  TEMPERATURE IN F:       :PCPN:    SNOW:  WIND      :SUNSHINE: SKY     :PK WND
================================================================================
1   2   3   4   5  6A  6B    7    8   9   10  11  12  13   14  15   16   17  18
                                     12Z  AVG MX 2MIN
DY MAX MIN AVG DEP HDD CDD  WTR  SNW DPTH SPD SPD DIR MIN PSBL S-S WX    SPD DR
================================================================================

 1   7  -2   3 -21  62   0 0.00  0.0    3  8.8 17 330   M    M   0        22 280
 2  24   0  12 -12  53   0 0.03  0.5    4  9.7 18 180   M    M   8 12     23 180
 3  23   5  14  -9  51   0 0.00  0.0    4  9.6 22 300   M    M   1        29 300
 4  25   6  16  -7  49   0 0.00  0.0    4  5.3 14 140   M    M   6        18 160
 5  34  22  28   6  37   0 0.00  0.0    3  6.4 14 350   M    M   9 18     17 350
 6  32  14  23   1  42   0 0.00  0.0    3  5.1 13  40   M    M   0 1      17  40
 7  32  18  25   3  40   0 0.04  0.3    3  9.9 18 150   M    M   3 1      24 140
 8  34  28  31  10  34   0 0.11  0.8    4 11.1 21 310   M    M  10 126    25 320
 9  31  22  27   6  38   0 0.00  0.0    4  9.3 17 330   M    M  10 1      22 330
10  22  19  21   1  44   0    T    T    4  2.5  8  90   M    M  10 12      9  90
11  25  19  22   2  43   0    T    T    4  8.6 14 270   M    M  10 128    19 270
12  33  25  29   9  36   0 0.00  0.0    4  8.6 15 240   M    M  10 12     20 240
13  40  33  37  18  28   0    T  0.0    3  5.2 12 230   M    M  10 12     14 230
14  44  39  42  23  23   0 0.00  0.0    1  3.9  8 170   M    M  10 2      10 180
15  44  41  43  24  22   0 0.15  0.0    T  6.8 14 180   M    M  10 12     17 190
16  41  23  32  14  33   0 0.08  0.8    T 14.7 29 330   M    M  10 168    35 330
17  23  17  20   2  45   0    T    T    T 11.7 18 320   M    M   9 8      25 320
18  25  20  23   5  42   0 0.00  0.0    T  3.4 10 320   M    M  10 1      12 320
19  24  23  24   6  41   0 0.00  0.0    T  3.9 10 230   M    M  10 1      13 200
20  30  24  27  10  38   0 0.00  0.0    T  6.8 12 170   M    M  10 18     15 170
21  35  29  32  15  33   0    T    T    T 11.6 17 170   M    M  10 12     23 160
22  37  33  35  18  30   0 0.02  0.2    T 11.9 17 130   M    M  10 18     23  80
23  35  33  34  18  31   0 0.27  2.7    2  8.8 17  70   M    M  10 1      25  80
24  35  33  34  18  31   0    M    M    M  9.2 15 340   M    M  10 16     18 350
25  34  28  31  15  34   0 0.00  0.0    M  8.3 17 230   M    M   7 1      23 220
26  40  25  33  17  32   0 0.02  0.1    M  4.7 12  40   M    M   6 128    14  40
27  33  15  24   8  41   0    M    M    M 10.5 23 310   M    M   6 1      29 290
================================================================================
SM  842  592      1033   0  0.72     5.4 216.3          M      215
================================================================================
AV 31.2 21.9                               8.0 FASTST   M    M   8    MAX(MPH)
                                 MISC ---->  # 29 330               # 35  330
================================================================================
NOTES:
# LAST OF SEVERAL OCCURRENCES

COLUMN 17 PEAK WIND IN M.P.H.

PRELIMINARY LOCAL CLIMATOLOGICAL DATA (WS FORM: F-6) , PAGE 2

                                          STATION:  MARSHFIELD WI
                                          MONTH:    DECEMBER
                                          YEAR:     2014
                                          LATITUDE:   44 37 N
                                          LONGITUDE:  90 11 W

[TEMPERATURE DATA]      [PRECIPITATION DATA]       SYMBOLS USED IN COLUMN 16

AVERAGE MONTHLY: 26.6   TOTAL FOR MONTH:   0.72    1 = FOG OR MIST
DPTR FM NORMAL:   7.2   DPTR FM NORMAL:    0.20    2 = FOG REDUCING VISIBILITY
HIGHEST:    44 ON 15,14 GRTST 24HR  0.27 ON 23-23      TO 1/4 MILE OR LESS
LOWEST:     -2 ON  1                               3 = THUNDER
                        SNOW, ICE PELLETS, HAIL    4 = ICE PELLETS
                        TOTAL MONTH:   5.4 INCHES  5 = HAIL
                        GRTST 24HR   2.7 ON   M    6 = FREEZING RAIN OR DRIZZLE
                        GRTST DEPTH:   4 ON 12,11  7 = DUSTSTORM OR SANDSTORM:
                                                       VSBY 1/2 MILE OR LESS
                                                   8 = SMOKE OR HAZE
[NO. OF DAYS WITH]      [WEATHER - DAYS WITH]      9 = BLOWING SNOW
                                                   X = TORNADO
MAX 32 OR BELOW:  13    0.01 INCH OR MORE:   8
MAX 90 OR ABOVE:   0    0.10 INCH OR MORE:   3
MIN 32 OR BELOW:  21    0.50 INCH OR MORE:   0
MIN  0 OR BELOW:   2    1.00 INCH OR MORE:   0

[HDD (BASE 65) ]
TOTAL THIS MO.  1033    CLEAR  (SCALE 0-3)   4
DPTR FM NORMAL  -201    PTCLDY (SCALE 4-7)   4
TOTAL FM JUL 1  3053    CLOUDY (SCALE 8-10) 19
DPTR FM NORMAL   -15

[CDD (BASE 65) ]
TOTAL THIS MO.     0
DPTR FM NORMAL     0    [PRESSURE DATA]
TOTAL FM JAN 1   376    HIGHEST SLP M ON M
DPTR FM NORMAL     5    LOWEST  SLP 29.49 ON 24

[REMARKS]
