000
CXUS51 KPBZ 281001
CF6MGW
PRELIMINARY LOCAL CLIMATOLOGICAL DATA (WS FORM: F-6)

                                          STATION:   MORGANTOWN WV
                                          MONTH:     DECEMBER
                                          YEAR:      2014
                                          LATITUDE:   39 39 N
                                          LONGITUDE:  79 55 W

  TEMPERATURE IN F:       :PCPN:    SNOW:  WIND      :SUNSHINE: SKY     :PK WND
================================================================================
1   2   3   4   5  6A  6B    7    8   9   10  11  12  13   14  15   16   17  18
                                     12Z  AVG MX 2MIN
DY MAX MIN AVG DEP HDD CDD  WTR  SNW DPTH SPD SPD DIR MIN PSBL S-S WX    SPD DR
================================================================================

 1  62  32  47   8  18   0 0.46    M    M  8.3 18 360   M    M  10 18     24 350
 2  53  30  42   3  23   0 0.27    M    M  7.9 18 130   M    M   8 8      24 120
 3  50  32  41   3  24   0 0.05    M    M  5.8 13 240   M    M   8 18     23 220
 4  38  31  35  -3  30   0 0.00    M    M  1.8  6  99   M    M   7 18     12 220
 5  55  36  46   8  19   0 0.44    M    M  4.1 10 110   M    M  10 18     13 110
 6  56  35  46   9  19   0 0.85    M    M  9.3 21 350   M    M   9 1      27 340
 7  42  28  35  -2  30   0 0.00    M    M  6.7 16 360   M    M   3        23 360
 8  41  35  38   1  27   0 0.00    M    M  7.1 17 140   M    M   2        21 140
 9  47  31  39   3  26   0 0.00    M    M  4.0 12 330   M    M   8        16 340
10  39  29  34  -2  31   0 0.01    M    M  7.5 15 290   M    M  10 8      22 290
11  35  27  31  -5  34   0 0.00    M    M  7.9 15 230   M    M   5        25 220
12  36  27  32  -4  33   0 0.00    M    M  5.6 12 220   M    M   6 8      16 230
13  35  29  32  -3  33   0 0.00    M    M  6.4 12 220   M    M   9 18     18 230
14  40  34  37   2  28   0    T    M    M  6.9 14 220   M    M  10 1      19 210
15  52  35  44   9  21   0 0.00    M    M  3.0 10  50   M    M   5 128    13  40
16  56  34  45  11  20   0 0.39    M    M  6.4 14 230   M    M   8 18     23 230
17  42  30  36   2  29   0    T    M    M  7.3 14 240   M    M  10 18     23 250
18  30  27  29  -5  36   0    T    M    M  4.5 10 290   M    M  10        19 300
19  31  27  29  -5  36   0 0.00    M    M  3.4  9 230   M    M  10        12 230
20  36  28  32  -2  33   0 0.00    M    M  1.8  8 360   M    M   9        10 360
21  40  28  34   1  31   0 0.00    M    M  1.9  8  30   M    M   6        11  40
22  46  30  38   5  27   0    T    M    M  6.4 14 130   M    M   5        23 130
23  62  41  52  19  13   0    T    M    M  6.2 14 150   M    M   6        17 150
24  65  44  55  22  10   0 0.23    M    M  8.3 26 270   M    M   5 18     40 260
25  44  39  42   9  23   0 0.08    M    M  7.2 15 270   M    M  10        28 270
26  50  27  39   7  26   0 0.00    M    M  3.6 12 210   M    M   1        17 220
27  59  30  45  13  20   0 0.00    M    M  3.7 12 200   M    M   2        19 210
================================================================================
SM 1242  856       700   0  2.78    M    153.0          M      192
================================================================================
AV 46.0 31.7                               5.7 FASTST   M    M   7    MAX(MPH)
                                 MISC ---->  # 26 270               # 40  260
================================================================================
NOTES:
# LAST OF SEVERAL OCCURRENCES

COLUMN 17 PEAK WIND IN M.P.H.

PRELIMINARY LOCAL CLIMATOLOGICAL DATA (WS FORM: F-6) , PAGE 2

                                          STATION:  MORGANTOWN WV
                                          MONTH:    DECEMBER
                                          YEAR:     2014
                                          LATITUDE:   39 39 N
                                          LONGITUDE:  79 55 W

[TEMPERATURE DATA]      [PRECIPITATION DATA]       SYMBOLS USED IN COLUMN 16

AVERAGE MONTHLY: 38.9   TOTAL FOR MONTH:   2.78    1 = FOG OR MIST
DPTR FM NORMAL:   3.6   DPTR FM NORMAL:    0.21    2 = FOG REDUCING VISIBILITY
HIGHEST:    65 ON 24    GRTST 24HR  1.05 ON  5- 6      TO 1/4 MILE OR LESS
LOWEST:     27 ON 26,19                            3 = THUNDER
                        SNOW, ICE PELLETS, HAIL    4 = ICE PELLETS
                        TOTAL MONTH:    M          5 = HAIL
                        GRTST 24HR    M  ON   M    6 = FREEZING RAIN OR DRIZZLE
                        GRTST DEPTH:  M  ON   M    7 = DUSTSTORM OR SANDSTORM:
                                                       VSBY 1/2 MILE OR LESS
                                                   8 = SMOKE OR HAZE
[NO. OF DAYS WITH]      [WEATHER - DAYS WITH]      9 = BLOWING SNOW
                                                   X = TORNADO
MAX 32 OR BELOW:   2    0.01 INCH OR MORE:   9
MAX 90 OR ABOVE:   0    0.10 INCH OR MORE:   6
MIN 32 OR BELOW:  18    0.50 INCH OR MORE:   1
MIN  0 OR BELOW:   0    1.00 INCH OR MORE:   0

[HDD (BASE 65) ]
TOTAL THIS MO.   700    CLEAR  (SCALE 0-3)   4
DPTR FM NORMAL  -105    PTCLDY (SCALE 4-7)  10
TOTAL FM JUL 1  1730    CLOUDY (SCALE 8-10) 13
DPTR FM NORMAL  -123

[CDD (BASE 65) ]
TOTAL THIS MO.     0
DPTR FM NORMAL     0    [PRESSURE DATA]
TOTAL FM JAN 1   981    HIGHEST SLP M ON M
DPTR FM NORMAL   167    LOWEST  SLP 29.34 ON 24

[REMARKS]
