000
CXUS51 KPBZ 250904
CF6MGW
PRELIMINARY LOCAL CLIMATOLOGICAL DATA (WS FORM: F-6)

                                          STATION:   MORGANTOWN WV
                                          MONTH:     FEBRUARY
                                          YEAR:      2018
                                          LATITUDE:   39 39 N
                                          LONGITUDE:  79 55 W

  TEMPERATURE IN F:       :PCPN:    SNOW:  WIND      :SUNSHINE: SKY     :PK WND
================================================================================
1   2   3   4   5  6A  6B    7    8   9   10  11  12  13   14  15   16   17  18
                                     12Z  AVG MX 2MIN
DY MAX MIN AVG DEP HDD CDD  WTR  SNW DPTH SPD SPD DIR MIN PSBL S-S WX    SPD DR
================================================================================

 1  49  31  40   8  25   0 0.29    M    0  7.7 16 220   M    M   9 1      26 220
 2  31  13  22 -10  43   0 0.01    M    0  7.4 14 290   M    M  10 18     21 310
 3  40  11  26  -6  39   0 0.00  0.0    0  5.2 13 190   M    M   7        19 230
 4  40  33  37   5  28   0 0.34    M    0  5.9 20 220   M    M  10 18     30 220
 5  35  19  27  -5  38   0 0.02    M    0  6.2 17 340   M    M   7 18     27 330
 6  30  22  26  -7  39   0    T    M    0  2.3  7 200   M    M   9 8      10 190
 7  47  22  35   2  30   0 1.00    M    0  5.6 12 120   M    M  10 1      17 120
 8  28  20  24  -9  41   0    T    M    0  4.8 14 230   M    M   9 8      21 220
 9  48  21  35   2  30   0 0.00    M    M  2.7 12 180   M    M   3 8      16 170
10  57  45  51  18  14   0 0.10    M    M  5.0 10  30   M    M   9 1      15 190
11  62  40  51  18  14   0 0.39    M    M  5.5 17 220   M    M  10 18     24 220
12  40  26  33  -1  32   0 0.08    M    M  4.7 10  20   M    M   5 1      15 330
13  46  19  33  -1  32   0 0.00  0.0    0  3.3 10 150   M    M   5        13 140
14  58  41  50  16  15   0 0.16    M    0  6.7 14 210   M    M  10 18     21 210
15  66  57  62  28   3   0 0.15  0.0    0  7.1 20 220   M    M   9 18     29 210
16  63  30  47  13  18   0 1.43    M    0  5.9 16 320   M    M  10 18     28 330
17  39  27  33  -1  32   0 0.43    M    0  2.7  9 140   M    M   8 12     12 110
18  42  33  38   3  27   0    T    M    0  4.8 16 150   M    M   7        20 150
19  71  42  57  22   8   0 0.02    M    0  7.7 17 150   M    M   5        26 230
20  78  62  70  35   0   5 0.00  0.0    0  6.4 18 210   M    M   2        27 230
21  75  44  60  25   5   0 0.01    M    0  9.0 18 350   M    M   8 1      29 250
22  45  39  42   6  23   0 0.50    M    0  5.6 17 350   M    M  10 1      22 360
23  70  45  58  22   7   0 0.07    M    0  5.8 16 240   M    M   9 1      26 230
24  61  46  54  18  11   0 0.80    M    0  6.9 16  10   M    M  10 1      24  20
================================================================================
SM 1221  788       554   5  5.80     0.0 134.9          M      191
================================================================================
AV 50.9 32.8                               5.6 FASTST   M    M   8    MAX(MPH)
                                 MISC ---->  # 20 220               # 30  220
================================================================================
NOTES:
# LAST OF SEVERAL OCCURRENCES

COLUMN 17 PEAK WIND IN M.P.H.

PRELIMINARY LOCAL CLIMATOLOGICAL DATA (WS FORM: F-6) , PAGE 2

                                          STATION:  MORGANTOWN WV
                                          MONTH:    FEBRUARY
                                          YEAR:     2018
                                          LATITUDE:   39 39 N
                                          LONGITUDE:  79 55 W

[TEMPERATURE DATA]      [PRECIPITATION DATA]       SYMBOLS USED IN COLUMN 16

AVERAGE MONTHLY: 41.9   TOTAL FOR MONTH:   5.80    1 = FOG OR MIST
DPTR FM NORMAL:   8.1   DPTR FM NORMAL:    3.60    2 = FOG REDUCING VISIBILITY
HIGHEST:    78 ON 20    GRTST 24HR  1.43 ON 16-16      TO 1/4 MILE OR LESS
LOWEST:     11 ON  3                               3 = THUNDER
                        SNOW, ICE PELLETS, HAIL    4 = ICE PELLETS
                        TOTAL MONTH:   0.0 INCH    5 = HAIL
                        GRTST 24HR     0.0         6 = FREEZING RAIN OR DRIZZLE
                        GRTST DEPTH:   0           7 = DUSTSTORM OR SANDSTORM:
                                                       VSBY 1/2 MILE OR LESS
                                                   8 = SMOKE OR HAZE
[NO. OF DAYS WITH]      [WEATHER - DAYS WITH]      9 = BLOWING SNOW
                                                   X = TORNADO
MAX 32 OR BELOW:   3    0.01 INCH OR MORE:  17
MAX 90 OR ABOVE:   0    0.10 INCH OR MORE:  11
MIN 32 OR BELOW:  12    0.50 INCH OR MORE:   4
MIN  0 OR BELOW:   0    1.00 INCH OR MORE:   2

[HDD (BASE 65) ]
TOTAL THIS MO.   554    CLEAR  (SCALE 0-3)   2
DPTR FM NORMAL  -195    PTCLDY (SCALE 4-7)   8
TOTAL FM JUL 1  3552    CLOUDY (SCALE 8-10) 14
DPTR FM NORMAL  -224

[CDD (BASE 65) ]
TOTAL THIS MO.     5
DPTR FM NORMAL     5    [PRESSURE DATA]
TOTAL FM JAN 1     5    HIGHEST SLP M ON M
DPTR FM NORMAL     5    LOWEST  SLP 29.63 ON 15

[REMARKS]
