000
CXUS55 KFSD 011101
CF6MHE

PRELIMINARY LOCAL CLIMATOLOGICAL DATA (WS FORM: F-6)

                                          STATION:   MITCHELL SD
                                          MONTH:     AUGUST
                                          YEAR:      2015
                                          LATITUDE:   43 46 N
                                          LONGITUDE:  98  2 W

  TEMPERATURE IN F:       :PCPN:    SNOW:  WIND      :SUNSHINE: SKY     :PK WND
================================================================================
1   2   3   4   5  6A  6B    7    8   9   10  11  12  13   14  15   16   17  18
                                     12Z  AVG MX 2MIN
DY MAX MIN AVG DEP HDD CDD  WTR  SNW DPTH SPD SPD DIR MIN PSBL S-S WX    SPD DR
================================================================================

 1  87  60  74   0   0   9 0.00  0.0    0  9.4 22 220   M    M   0 12     30 220
 2  86  61  74   0   0   9 0.00  0.0    0  8.0 17 360   M    M   0        23 360
 3  85  55  70  -4   0   5 0.00  0.0    0  3.7  9  10   M    M   0 1      14  30
 4  82  59  71  -3   0   6 0.00  0.0    0  7.1 15 160   M    M   0        19 180
 5  83  60  72  -2   0   7 0.00  0.0    0  8.7 17 160   M    M   2        23 170
 6  87  66  77   4   0  12 0.13  0.0    0 11.0 24 290   M    M   2 1      32 300
 7  90  59  75   2   0  10 0.00  0.0    0  5.7 13 160   M    M   1        18 150
 8  86  66  76   3   0  11 0.00  0.0    0   M   M   M   M    M   2         M  M
 9  85  65  75   2   0  10 1.49  0.0    0  6.2 37 320   M    M   3 1238   61 310
10  83  60  72  -1   0   7 0.00  0.0    0  4.5 12 340   M    M   1        17  30
11  87  60  74   1   0   9 0.00  0.0    0  3.7  9 110   M    M   1        12 110
12  89  63  76   3   0  11 0.00  0.0    0 11.4 20 190   M    M   0        28 190
13  84  68  76   3   0  11 0.01  0.0    0  7.3 23  40   M    M   1        29  40
14  91  69  80   8   0  15 0.00  0.0    0  7.2 14 160   M    M   0        22 140
15  93  69  81   9   0  16 0.00  0.0    0 14.9 26 160   M    M   0 3      33 170
16  79  60  70  -2   0   5 0.02  0.0    0 10.1 18  10   M    M   5 3      24 360
17  71  58  65  -7   0   0 0.07  0.0    0  8.0 16  50   M    M   9 1      20  50
18  61  51  56 -16   9   0 1.73  0.0    0 17.8 36 350   M    M  10 13     49  10
19  72  51  62 -10   3   0 0.04  0.0    0 12.8 24 330   M    M   4        32 340
20  81  47  64  -8   1   0 0.00  0.0    0  5.8 15 150   M    M   0        19 170
21  83  56  70  -1   0   5 0.00  0.0    0 12.0 21 150   M    M   0        28 170
22  80  58  69  -2   0   4 0.00  0.0    0 17.3 29 310   M    M   5 8      37 310
23  72  50  61 -10   4   0 0.00  0.0    0 15.0 26 320   M    M   0        36 290
24  74  45  60 -11   5   0 0.00  0.0    0   M   M   M   M    M   0         M  M
25  76  46  61 -10   4   0 0.00  0.0    0   M   M   M   M    M   0         M  M
26  81  51  66  -4   0   1 0.00  0.0    0 11.4 23 150   M    M   0        31 190
27  81  65  73   3   0   8 0.16  0.0    0  9.5 20  50   M    M   2 13     25  50
28  80  62  71   1   0   6 0.01  0.0    0  6.6 13  70   M    M   6 1      19  70
29  82  57  70   0   0   5 0.00  0.0    0  9.3 15 180   M    M   0        21 170
30  84  62  73   4   0   8 0.00  0.0    0 14.6 24 160   M    M   1 1      32 150
31  91  65  78   9   0  13 0.00  0.0    0  9.4 18 320   M    M   0        23 160
================================================================================
SM 2546 1824        26 203  3.66     0.0 268.4          M       55
================================================================================
AV 82.1 58.8                               9.6 FASTST   M    M   2    MAX(MPH)
                                 MISC ---->  # 37 320               # 61  310
================================================================================
NOTES:
# LAST OF SEVERAL OCCURRENCES
-COLUMN 17 PEAK WIND IN M.P.H.
-PRECIPITATION AMOUNTS IN COLUMNS 7,8, AND 9 ARE THE OFFICIAL PRECIPITATION
 AMOUNTS FOR MITCHELL, SD.
-SNOW DEPTH IN COLUMN 9 IS RECORDED AT 6 AM CST (12Z).

PRELIMINARY LOCAL CLIMATOLOGICAL DATA (WS FORM: F-6) , PAGE 2

                                          STATION:  MITCHELL SD
                                          MONTH:    AUGUST
                                          YEAR:     2015
                                          LATITUDE:   43 46 N
                                          LONGITUDE:  98  2 W

[TEMPERATURE DATA]      [PRECIPITATION DATA]       SYMBOLS USED IN COLUMN 16

AVERAGE MONTHLY: 70.5   TOTAL FOR MONTH:   3.66    1 = FOG OR MIST
DPTR FM NORMAL:  -1.5   DPTR FM NORMAL:    1.28    2 = FOG REDUCING VISIBILITY
HIGHEST:    93 ON 15    GRTST 24HR  1.77 ON 18-19      TO 1/4 MILE OR LESS
LOWEST:     45 ON 24                               3 = THUNDER
                        SNOW, ICE PELLETS, HAIL    4 = ICE PELLETS
                        TOTAL MONTH:   0.0 INCH    5 = HAIL
                        GRTST 24HR     0.0         6 = FREEZING RAIN OR DRIZZLE
                        GRTST DEPTH:   0           7 = DUSTSTORM OR SANDSTORM:
                                                       VSBY 1/2 MILE OR LESS
                                                   8 = SMOKE OR HAZE
[NO. OF DAYS WITH]      [WEATHER - DAYS WITH]      9 = BLOWING SNOW
                                                   X = TORNADO
MAX 32 OR BELOW:   0    0.01 INCH OR MORE:   9
MAX 90 OR ABOVE:   4    0.10 INCH OR MORE:   4
MIN 32 OR BELOW:   0    0.50 INCH OR MORE:   2
MIN  0 OR BELOW:   0    1.00 INCH OR MORE:   2

[HDD (BASE 65) ]
TOTAL THIS MO.    26    CLEAR  (SCALE 0-3)  25
DPTR FM NORMAL    14    PTCLDY (SCALE 4-7)   4
TOTAL FM JUL 1    28    CLOUDY (SCALE 8-10)  2
DPTR FM NORMAL    11

[CDD (BASE 65) ]
TOTAL THIS MO.   203
DPTR FM NORMAL   -24    [PRESSURE DATA]
TOTAL FM JAN 1   724    HIGHEST SLP 30.21 ON 24
DPTR FM NORMAL   -21    LOWEST  SLP 29.53 ON 22

[REMARKS]
RECORD DAILY MAXIMUM RAINFALL WAS ESTABLISHED ON THE 18TH WITH 1.73 INCHES.
THE PREVIOUS RECORD WAS 1.34 INCHES SET IN 2006.

RECORD DAILY LOW MAXIMUM TEMPERATURE WAS ESTABLISHED ON THE 18TH WITH 61 DEGREES.
THE PREVIOUS RECORD WAS 72 DEGREES SET IN 1963.

#FINAL-08-15#
