000
CXUS56 KMFR 281000
CF6MHS
PRELIMINARY LOCAL CLIMATOLOGICAL DATA (WS FORM: F-6)

                                          STATION:   MT SHASTA CITY CA
                                          MONTH:     AUGUST
                                          YEAR:      2016
                                          LATITUDE:   41 19 N
                                          LONGITUDE: 122 19 W

  TEMPERATURE IN F:       :PCPN:    SNOW:  WIND      :SUNSHINE: SKY     :PK WND
================================================================================
1   2   3   4   5  6A  6B    7    8   9   10  11  12  13   14  15   16   17  18
                                     12Z  AVG MX 2MIN
DY MAX MIN AVG DEP HDD CDD  WTR  SNW DPTH SPD SPD DIR MIN PSBL S-S WX    SPD DR
================================================================================

 1  93  50  72   3   0   7 0.00    M    M  0.5  6  90   M    M   0 8      14 130
 2  91  47  69   0   0   4 0.00    M    M  2.0 10 330   M    M   0        18 360
 3  89  48  69   0   0   4 0.00    M    M  2.1  9 300   M    M   0        15 290
 4  92  48  70   1   0   5 0.00    M    M  0.6  6  70   M    M   0        10 130
 5  90  52  71   3   0   6 0.00    M    M  0.7 12 340   M    M   0        25 350
 6  88  46  67  -1   0   2 0.00    M    M  0.6  6 130   M    M   1        14 140
 7  85  47  66  -2   0   1 0.00    M    M  1.5  9 340   M    M   1        19 330
 8  82  49  66  -2   0   1 0.00    M    M  3.7  9 330   M    M   0        19 350
 9  81  52  67  -1   0   2 0.00    M    M  4.8 10 290   M    M   0        19 300
10  88  50  69   1   0   4 0.00    M    M  1.5  8 310   M    M   0        13 300
11  93  52  73   5   0   8 0.00    M    M  1.1  6  70   M    M   0        11 230
12  96  51  74   7   0   9 0.00    M    M  0.6  6  90   M    M   0        11  80
13  98  53  76   9   0  11 0.00    M    M  0.6  6 140   M    M   0        13 120
14  92  52  72   5   0   7 0.00    M    M  0.1  6  60   M    M   0        10 120
15  96  55  76   9   0  11 0.00    M    M  1.3  7 290   M    M   0        11 290
16  96  56  76   9   0  11 0.00    M    M  3.8  9 290   M    M   0        17 310
17  93  60  77  10   0  12 0.00    M    M  3.2 10 300   M    M   0        17 340
18  99  56  78  12   0  13 0.00    M    M  1.7  7 310   M    M   0        11 300
19 100  59  80  14   0  15 0.00    M    M  0.4  8 290   M    M   0        15 300
20  95  55  75   9   0  10 0.00    M    M  0.3  6  90   M    M   0        10  80
21  93  51  72   6   0   7 0.00    M    M  0.3  6  70   M    M   0         9  90
22  92  55  74   8   0   9 0.00    M    M  1.6  6  60   M    M   0        11 310
23  89  47  68   3   0   3 0.00    M    M  1.0  8 290   M    M   0        15 280
24  90  45  68   3   0   3 0.00    M    M  1.6  9 290   M    M   0        15 300
25  89  49  69   4   0   4 0.00    M    M  2.1  8 300   M    M   0        14 310
26  92  46  69   4   0   4 0.00    M    M  0.6  6  90   M    M   0        12  70
27  89  48  69   4   0   4 0.00    M    M  0.8  6  90   M    M   0        16 150
================================================================================
SM 2471 1379         0 177  0.00    M     39.1          M        2
================================================================================
AV 91.5 51.1                               1.4 FASTST   M    M   0    MAX(MPH)
                                 MISC ---->  # 12 340               # 25  350
================================================================================
NOTES:
# LAST OF SEVERAL OCCURRENCES

COLUMN 17 PEAK WIND IN M.P.H.

PRELIMINARY LOCAL CLIMATOLOGICAL DATA (WS FORM: F-6) , PAGE 2

                                          STATION:  MT SHASTA CITY CA
                                          MONTH:    AUGUST
                                          YEAR:     2016
                                          LATITUDE:   41 19 N
                                          LONGITUDE: 122 19 W

[TEMPERATURE DATA]      [PRECIPITATION DATA]       SYMBOLS USED IN COLUMN 16

AVERAGE MONTHLY: 71.3   TOTAL FOR MONTH:   0.00    1 = FOG OR MIST
DPTR FM NORMAL:   4.3   DPTR FM NORMAL:   -0.28    2 = FOG REDUCING VISIBILITY
HIGHEST:   100 ON 19    GRTST 24HR  0.00 ON 27-27      TO 1/4 MILE OR LESS
LOWEST:     45 ON 24                               3 = THUNDER
                        SNOW, ICE PELLETS, HAIL    4 = ICE PELLETS
                        TOTAL MONTH:    M          5 = HAIL
                        GRTST 24HR    M  ON   M    6 = FREEZING RAIN OR DRIZZLE
                        GRTST DEPTH:  M  ON   M    7 = DUSTSTORM OR SANDSTORM:
                                                       VSBY 1/2 MILE OR LESS
                                                   8 = SMOKE OR HAZE
[NO. OF DAYS WITH]      [WEATHER - DAYS WITH]      9 = BLOWING SNOW
                                                   X = TORNADO
MAX 32 OR BELOW:   0    0.01 INCH OR MORE:   0
MAX 90 OR ABOVE:  18    0.10 INCH OR MORE:   0
MIN 32 OR BELOW:   0    0.50 INCH OR MORE:   0
MIN  0 OR BELOW:   0    1.00 INCH OR MORE:   0

[HDD (BASE 65) ]
TOTAL THIS MO.     0    CLEAR  (SCALE 0-3)  27
DPTR FM NORMAL   -34    PTCLDY (SCALE 4-7)   0
TOTAL FM JUL 1    15    CLOUDY (SCALE 8-10)  0
DPTR FM NORMAL   -52

[CDD (BASE 65) ]
TOTAL THIS MO.   177
DPTR FM NORMAL    94    [PRESSURE DATA]
TOTAL FM JAN 1   467    HIGHEST SLP M ON M
DPTR FM NORMAL   216    LOWEST  SLP  0.00 ON  6

[REMARKS]
