000
CXUS53 KIND 010730
CF6MIE
PRELIMINARY LOCAL CLIMATOLOGICAL DATA (WS FORM: F-6)

                                          STATION:   MUNCIE IN
                                          MONTH:     APRIL
                                          YEAR:      2016
                                          LATITUDE:   40 13 N
                                          LONGITUDE:  85 23 W

  TEMPERATURE IN F:       :PCPN:    SNOW:  WIND      :SUNSHINE: SKY     :PK WND
================================================================================
1   2   3   4   5  6A  6B    7    8   9   10  11  12  13   14  15   16   17  18
                                     12Z  AVG MX 2MIN
DY MAX MIN AVG DEP HDD CDD  WTR  SNW DPTH SPD SPD DIR MIN PSBL S-S WX    SPD DR
================================================================================

 1  57  42  50   4  15   0 0.08    M    M 12.6 29 270   M    M   5        38 280
 2  46  30  38  -8  27   0 0.02    M    M 19.5 43 330   M    M   5 18     59 280
 3  61  27  44  -3  21   0 0.00    M    M 12.6 28 210   M    M   1        36 210
 4  61  32  47   0  18   0    T    M    M 13.9 25 240   M    M   8 18     31 240
 5  45  31  38 -10  27   0 0.00    M    M 10.0 18 100   M    M   5        27 130
 6  64  40  52   4  13   0 0.39    M    M 16.1 31 270   M    M   6 1      42 210
 7  47  36  42  -6  23   0 0.06    M    M 14.9 25 330   M    M  10 18     35 320
 8  43  30  37 -12  28   0 0.18    M    M 11.5 30 300   M    M   9 1      39 290
 9  39  27  33 -16  32   0    T    M    M 12.9 31 320   M    M   5 8      39 340
10  60  31  46  -3  19   0 0.23    M    M 13.8 25 190   M    M   8 1      34 210
11  56  37  47  -3  18   0 0.76    M    M 10.8 20 210   M    M   6 1      26 210
12  51  33  42  -8  23   0 0.00    M    M  6.0 15  10   M    M   0        19 350
13  57  31  44  -6  21   0 0.00    M    M  8.3 18 110   M    M   0        23 110
14  64  33  49  -2  16   0 0.00    M    M  9.7 18  70   M    M   0        30 140
15  74  37  56   5   9   0 0.00    M    M  6.4 13  90   M    M   0        17  80
16  79  44  62  10   3   0 0.00    M    M  5.9 15 100   M    M   0        23 130
17  81  45  63  11   2   0 0.00    M    M  3.5 13  90   M    M   0        16 100
18  83  49  66  14   0   1 0.00    M    M  3.2 10 290   M    M   0        15 230
19  77  54  66  13   0   1 0.00    M    M  8.6 21  60   M    M   0        23  80
20  79  50  65  12   0   0    T    M    M  9.8 15 170   M    M   4 8      23 150
21  67  58  63   9   2   0 0.23    M    M  7.8 23 220   M    M   8 138    34 220
22  67  53  60   6   5   0 0.01    M    M  9.0 20  10   M    M   9 138    24  10
23  64  48  56   2   9   0 0.00    M    M  9.2 16  30   M    M   4        22  40
24  75  40  58   3   7   0 0.00    M    M  6.1 13 190   M    M   0        17 210
25  82  59  71  16   0   6 0.00    M    M 10.5 25 250   M    M   3        34 260
26  80  54  67  12   0   2    T    M    M 11.0 18  90   M    M   7 38     24  80
27  62  47  55  -1  10   0 0.18    M    M 13.2 21  80   M    M  10 8      26  80
28  65  46  56   0   9   0 0.44    M    M  9.4 22 110   M    M  10 138    25 110
29  62  48  55  -1  10   0 0.00    M    M  6.5 15 330   M    M   9 18     17 320
30  63  49  56  -1   9   0 0.61    M    M 10.1 21  90   M    M   8 18     24  90
================================================================================
SM 1911 1241       376  10  3.19    M    302.8          M      140
================================================================================
AV 63.7 41.4                              10.1 FASTST   M    M   5    MAX(MPH)
                                 MISC ---->  # 43 330               # 59  280
================================================================================
NOTES:
# LAST OF SEVERAL OCCURRENCES

COLUMN 17 PEAK WIND IN M.P.H.

PRELIMINARY LOCAL CLIMATOLOGICAL DATA (WS FORM: F-6) , PAGE 2

                                          STATION:  MUNCIE IN
                                          MONTH:    APRIL
                                          YEAR:     2016
                                          LATITUDE:   40 13 N
                                          LONGITUDE:  85 23 W

[TEMPERATURE DATA]      [PRECIPITATION DATA]       SYMBOLS USED IN COLUMN 16

AVERAGE MONTHLY: 52.5   TOTAL FOR MONTH:   3.19    1 = FOG OR MIST
DPTR FM NORMAL:   1.1   DPTR FM NORMAL:   -0.48    2 = FOG REDUCING VISIBILITY
HIGHEST:    83 ON 18    GRTST 24HR  0.99 ON 10-11      TO 1/4 MILE OR LESS
LOWEST:     27 ON  9, 3                            3 = THUNDER
                        SNOW, ICE PELLETS, HAIL    4 = ICE PELLETS
                        TOTAL MONTH:    M          5 = HAIL
                        GRTST 24HR    M  ON   M    6 = FREEZING RAIN OR DRIZZLE
                        GRTST DEPTH:  M  ON   M    7 = DUSTSTORM OR SANDSTORM:
                                                       VSBY 1/2 MILE OR LESS
                                                   8 = SMOKE OR HAZE
[NO. OF DAYS WITH]      [WEATHER - DAYS WITH]      9 = BLOWING SNOW
                                                   X = TORNADO
MAX 32 OR BELOW:   0    0.01 INCH OR MORE:  12
MAX 90 OR ABOVE:   0    0.10 INCH OR MORE:   8
MIN 32 OR BELOW:   8    0.50 INCH OR MORE:   2
MIN  0 OR BELOW:   0    1.00 INCH OR MORE:   0

[HDD (BASE 65) ]
TOTAL THIS MO.   376    CLEAR  (SCALE 0-3)  11
DPTR FM NORMAL   -46    PTCLDY (SCALE 4-7)  12
TOTAL FM JUL 1  4471    CLOUDY (SCALE 8-10)  7
DPTR FM NORMAL -1121

[CDD (BASE 65) ]
TOTAL THIS MO.    10
DPTR FM NORMAL    -4    [PRESSURE DATA]
TOTAL FM JAN 1    10    HIGHEST SLP 30.50 ON  5
DPTR FM NORMAL    -5    LOWEST  SLP 29.49 ON  6

[REMARKS]
#FINAL-04-16#
