000
CXUS53 KMKX 230900
CF6MKE
PRELIMINARY LOCAL CLIMATOLOGICAL DATA (WS FORM: F-6)

                                          STATION:   MILWAUKEE  WI
                                          MONTH:     NOVEMBER
                                          YEAR:      2017
                                          LATITUDE:   42 57 N
                                          LONGITUDE:  87 54 W

  TEMPERATURE IN F:       :PCPN:    SNOW:  WIND      :SUNSHINE: SKY     :PK WND
================================================================================
1   2   3   4   5  6A  6B    7    8   9   10  11  12  13   14  15   16   17  18
                                     12Z  AVG MX 2MIN
DY MAX MIN AVG DEP HDD CDD  WTR  SNW DPTH SPD SPD DIR MIN PSBL S-S WX    SPD DR
================================================================================

 1  46  35  41  -5  24   0 0.29  0.0    0  8.5 17 150   M    M  10 1      21 160
 2  50  42  46   1  19   0 0.01  0.0    0  5.9 21 350   M    M   9 1      27 350
 3  48  36  42  -3  23   0 0.00  0.0    0 11.8 18  70   M    M   7        25 340
 4  48  44  46   2  19   0 0.19  0.0    0 10.6 23  90   M    M  10 12     29 110
 5  53  37  45   1  20   0    T  0.0    0  8.4 20 340   M    M   9 12     27 320
 6  44  32  38  -6  27   0 0.00  0.0    0  7.8 16 330   M    M   6        22 320
 7  45  31  38  -5  27   0 0.00  0.0    0  6.3 15 360   M    M   5        20 360
 8  46  26  36  -7  29   0 0.00  0.0    0  6.7 18 240   M    M   2        22 220
 9  42  19  31 -11  34   0    T    T    0 14.5 24 320   M    M   6        32 310
10  32  16  24 -18  41   0 0.01  0.2    0 10.6 17 350   M    M   7        23 350
11  36  27  32  -9  33   0 0.01  0.0    0  8.3 17 190   M    M   9        22 200
12  40  34  37  -4  28   0 0.11    T    0  3.8  9 320   M    M   8 148    12 320
13  44  30  37  -3  28   0 0.00  0.0    0  6.6 14 220   M    M   5 18     19 220
14  49  28  39  -1  26   0    T  0.0    0  8.8 17 170   M    M   7 128    23 200
15  50  36  43   4  22   0 0.32  0.0    0 13.8 29 300   M    M  10 1      38 310
16  39  35  37  -2  28   0 0.00  0.0    0  9.7 26 310   M    M   9        36 320
17  44  36  40   2  25   0 0.27  0.0    0  8.9 21 170   M    M  10 138    27 170
18  43  35  39   1  26   0 0.16    T    0 13.1 25 350   M    M  10 1      36 340
19  36  28  32  -5  33   0 0.00  0.0    0 13.5 22 290   M    M   6        29 280
20  52  30  41   4  24   0 0.00  0.0    0 17.4 28 220   M    M   6        36 220
21  46  26  36   0  29   0 0.00  0.0    0 13.5 25 310   M    M   7        32 310
22  34  21  28  -8  37   0 0.00  0.0    0  7.3 13 220   M    M   5        17 230
================================================================================
SM  967  684       602   0  1.37     0.2 215.8          M      163
================================================================================
AV 44.0 31.1                               9.8 FASTST   M    M   7    MAX(MPH)
                                 MISC ---->  # 29 300               # 38  310
================================================================================
NOTES:
# LAST OF SEVERAL OCCURRENCES

COLUMN 17 PEAK WIND IN M.P.H.

PRELIMINARY LOCAL CLIMATOLOGICAL DATA (WS FORM: F-6) , PAGE 2

                                          STATION:  MILWAUKEE  WI
                                          MONTH:    NOVEMBER
                                          YEAR:     2017
                                          LATITUDE:   42 57 N
                                          LONGITUDE:  87 54 W

[TEMPERATURE DATA]      [PRECIPITATION DATA]       SYMBOLS USED IN COLUMN 16

AVERAGE MONTHLY: 37.5   TOTAL FOR MONTH:   1.37    1 = FOG OR MIST
DPTR FM NORMAL:  -3.4   DPTR FM NORMAL:   -0.64    2 = FOG REDUCING VISIBILITY
HIGHEST:    53 ON  5    GRTST 24HR  0.32 ON 15-15      TO 1/4 MILE OR LESS
LOWEST:     16 ON 10                               3 = THUNDER
                        SNOW, ICE PELLETS, HAIL    4 = ICE PELLETS
                        TOTAL MONTH:   0.2 INCH    5 = HAIL
                        GRTST 24HR   0.2 ON 10-10  6 = FREEZING RAIN OR DRIZZLE
                        GRTST DEPTH:   0           7 = DUSTSTORM OR SANDSTORM:
                                                       VSBY 1/2 MILE OR LESS
                                                   8 = SMOKE OR HAZE
[NO. OF DAYS WITH]      [WEATHER - DAYS WITH]      9 = BLOWING SNOW
                                                   X = TORNADO
MAX 32 OR BELOW:   1    0.01 INCH OR MORE:   9
MAX 90 OR ABOVE:   0    0.10 INCH OR MORE:   6
MIN 32 OR BELOW:  12    0.50 INCH OR MORE:   0
MIN  0 OR BELOW:   0    1.00 INCH OR MORE:   0

[HDD (BASE 65) ]
TOTAL THIS MO.   602    CLEAR  (SCALE 0-3)   1
DPTR FM NORMAL    72    PTCLDY (SCALE 4-7)  11
TOTAL FM JUL 1   937    CLOUDY (SCALE 8-10) 10
DPTR FM NORMAL  -178

[CDD (BASE 65) ]
TOTAL THIS MO.     0
DPTR FM NORMAL     0    [PRESSURE DATA]
TOTAL FM JAN 1   772    HIGHEST SLP M ON M
DPTR FM NORMAL   131    LOWEST  SLP 29.50 ON 18

[REMARKS]
