000
CXUS54 KMEG 250742
CF6MKL
PRELIMINARY LOCAL CLIMATOLOGICAL DATA (WS FORM: F-6)

                                          STATION:   JACKSON
                                          MONTH:     DECEMBER
                                          YEAR:      2014
                                          LATITUDE:   35 35 N
                                          LONGITUDE:  88 55 W

  TEMPERATURE IN F:       :PCPN:    SNOW:  WIND      :SUNSHINE: SKY     :PK WND
================================================================================
1   2   3   4   5  6A  6B    7    8   9   10  11  12  13   14  15   16   17  18
                                     12Z  AVG MX 2MIN
DY MAX MIN AVG DEP HDD CDD  WTR  SNW DPTH SPD SPD DIR MIN PSBL S-S WX    SPD DR
================================================================================

 1  64  37  51   7  14   0 0.20  0.0    0  9.7 16  20   M    M  10 1      20  20
 2  40  37  39  -5  26   0 0.00  0.0    0  4.7  9 190   M    M  10 1      13 210
 3  47  40  44   0  21   0 0.10  0.0    0  3.2 12  20   M    M  10 18     14  30
 4  61  45  53  10  12   0 0.01  0.0    0  1.8  7 350   M    M   9 12      9 100
 5  66  46  56  13   9   0 1.41  0.0    0  6.3 16 260   M    M   9 13     25 170
 6  64  43  54  11  11   0 0.26  0.0    0 13.8 22 360   M    M   8 13     25 360
 7  49  40  45   2  20   0 0.00  0.0    0  6.4 16  40   M    M   5        22  30
 8  57  35  46   4  19   0 0.00  0.0    0  4.3 14 270   M    M   3 1      18 270
 9  46  30  38  -4  27   0 0.00  0.0    0  8.8 21 350   M    M   4 1      24 350
10  42  32  37  -5  28   0 0.00  0.0    0  6.5 12 350   M    M   9 8      14 350
11  45  27  36  -6  29   0 0.00  0.0    0  2.9 10 350   M    M   1        13 350
12  54  26  40  -1  25   0 0.00  0.0    0  1.0  7  90   M    M   3 18      9 110
13  51  29  40  -1  25   0 0.00  0.0    0  1.9  7 210   M    M   9         9 210
14  56  46  51  10  14   0 0.00  0.0    0  1.9  9 160   M    M  10        14 160
15  59  44  52  11  13   0 0.14  0.0    0  9.1 18 260   M    M   5 1      26 190
16  50  40  45   5  20   0 0.00  0.0    0 10.3 18 260   M    M  10        25 290
17  41  37  39  -1  26   0 0.03  0.0    0  5.0 13 330   M    M   7        14 330
18  45  36  41   1  24   0 0.22    T    0  2.4  9  20   M    M  10 148    12  10
19  44  36  40   0  25   0 0.01  0.0    0  4.7 12  40   M    M   9        15  60
20  50  29  40   0  25   0 0.00  0.0    0  2.6  8  10   M    M   5        10  10
21  54  26  40   0  25   0 0.00  0.0    0  2.0  9 110   M    M   0        12 150
22  56  41  49  10  16   0 0.07  0.0    0  7.9 14 190   M    M  10 138    23 150
23  57  46  52  13  13   0 0.07  0.0    0  6.8 23 360   M    M  10 1      28 360
24  46  38  42   3  23   0 0.12  0.0    0  9.3 18 330   M    M  10 1      24 330
================================================================================
SM 1244  886       490   0  2.64    T    133.3          M      176
================================================================================
AV 51.8 36.9                               5.6 FASTST   M    M   7    MAX(MPH)
                                 MISC ---->  # 23 360               # 28  360
================================================================================
NOTES:
# LAST OF SEVERAL OCCURRENCES

COLUMN 17 PEAK WIND IN M.P.H.

PRELIMINARY LOCAL CLIMATOLOGICAL DATA (WS FORM: F-6) , PAGE 2

                                          STATION:  JACKSON
                                          MONTH:    DECEMBER
                                          YEAR:     2014
                                          LATITUDE:   35 35 N
                                          LONGITUDE:  88 55 W

[TEMPERATURE DATA]      [PRECIPITATION DATA]       SYMBOLS USED IN COLUMN 16

AVERAGE MONTHLY: 44.4   TOTAL FOR MONTH:   2.64    1 = FOG OR MIST
DPTR FM NORMAL:   3.0   DPTR FM NORMAL:   -1.66    2 = FOG REDUCING VISIBILITY
HIGHEST:    66 ON  5    GRTST 24HR  1.66 ON  5- 6      TO 1/4 MILE OR LESS
LOWEST:     26 ON 21,12                            3 = THUNDER
                        SNOW, ICE PELLETS, HAIL    4 = ICE PELLETS
                        TOTAL MONTH:    T          5 = HAIL
                        GRTST 24HR    T  ON 18-18  6 = FREEZING RAIN OR DRIZZLE
                        GRTST DEPTH:   0           7 = DUSTSTORM OR SANDSTORM:
                                                       VSBY 1/2 MILE OR LESS
                                                   8 = SMOKE OR HAZE
[NO. OF DAYS WITH]      [WEATHER - DAYS WITH]      9 = BLOWING SNOW
                                                   X = TORNADO
MAX 32 OR BELOW:   0    0.01 INCH OR MORE:  12
MAX 90 OR ABOVE:   0    0.10 INCH OR MORE:   7
MIN 32 OR BELOW:   7    0.50 INCH OR MORE:   1
MIN  0 OR BELOW:   0    1.00 INCH OR MORE:   1

[HDD (BASE 65) ]
TOTAL THIS MO.   490    CLEAR  (SCALE 0-3)   4
DPTR FM NORMAL   -78    PTCLDY (SCALE 4-7)   5
TOTAL FM JUL 1  1282    CLOUDY (SCALE 8-10) 15
DPTR FM NORMAL    47

[CDD (BASE 65) ]
TOTAL THIS MO.     0
DPTR FM NORMAL     0    [PRESSURE DATA]
TOTAL FM JAN 1  1609    HIGHEST SLP M ON M
DPTR FM NORMAL   -88    LOWEST  SLP 29.59 ON 22

[REMARKS]
