000
CXUS54 KMEG 200639
CF6MKL
PRELIMINARY LOCAL CLIMATOLOGICAL DATA (WS FORM: F-6)

                                          STATION:   JACKSON
                                          MONTH:     NOVEMBER
                                          YEAR:      2017
                                          LATITUDE:   35 35 N
                                          LONGITUDE:  88 55 W

  TEMPERATURE IN F:       :PCPN:    SNOW:  WIND      :SUNSHINE: SKY     :PK WND
================================================================================
1   2   3   4   5  6A  6B    7    8   9   10  11  12  13   14  15   16   17  18
                                     12Z  AVG MX 2MIN
DY MAX MIN AVG DEP HDD CDD  WTR  SNW DPTH SPD SPD DIR MIN PSBL S-S WX    SPD DR
================================================================================

 1  67  45  56   1   9   0 0.14  0.0    0  6.3 16 160   M    M   8 1      23 190
 2  78  64  71  16   0   6 0.00  0.0    0 10.0 17 190   M    M   9        24 200
 3  72  64  68  13   0   3 0.50  0.0    0  5.7 15 200   M    M   9 123    19 210
 4  74  62  68  14   0   3 0.14  0.0    0  6.6 13 200   M    M   8 1      18 200
 5  79  67  73  19   0   8 0.00  0.0    0 12.3 23 210   M    M   6 1      30 200
 6  74  57  66  12   0   1 1.16  0.0    0  6.7 15 330   M    M  10 13     20 210
 7  59  50  55   2  10   0 0.00  0.0    0  8.3 15  20   M    M  10 1      19  30
 8  54  45  50  -3  15   0 0.00  0.0    0  8.8 16  10   M    M  10 1      22  20
 9  62  36  49  -4  16   0 0.00  0.0    0  5.2 14 360   M    M   0 8      17 330
10  55  35  45  -7  20   0 0.00  0.0    0  8.0 13  10   M    M   0        18  70
11  64  30  47  -5  18   0 0.00  0.0    0  3.3 10 240   M    M   0        16 190
12  62  46  54   2  11   0 0.00  0.0    0  4.7 13  20   M    M  10        17  30
13  57  40  49  -2  16   0 0.00  0.0    0  6.2 14  20   M    M   2 1      17  30
14  64  33  49  -2  16   0 0.00  0.0    0  2.6  8 110   M    M   1 1      11  90
15  59  41  50   0  15   0 0.04  0.0    0  4.9 22 200   M    M  10 1      27 210
16  61  37  49  -1  16   0 0.00  0.0    0  2.3  9 350   M    M   4 128    11 330
17  69  38  54   4  11   0 0.00  0.0    0  7.4 20 180   M    M   3        28 200
18  74  43  59  10   6   0 0.61  0.0    0 17.0 36 310   M    M   9 13     47 300
19  48  27  38 -11  27   0 0.00  0.0    0  6.6 16 360   M    M   0        21 350
================================================================================
SM 1232  860       206  21  2.59     0.0 132.9          M      109
================================================================================
AV 64.8 45.3                               7.0 FASTST   M    M   6    MAX(MPH)
                                 MISC ---->  # 36 310               # 47  300
================================================================================
NOTES:
# LAST OF SEVERAL OCCURRENCES

COLUMN 17 PEAK WIND IN M.P.H.

PRELIMINARY LOCAL CLIMATOLOGICAL DATA (WS FORM: F-6) , PAGE 2

                                          STATION:  JACKSON
                                          MONTH:    NOVEMBER
                                          YEAR:     2017
                                          LATITUDE:   35 35 N
                                          LONGITUDE:  88 55 W

[TEMPERATURE DATA]      [PRECIPITATION DATA]       SYMBOLS USED IN COLUMN 16

AVERAGE MONTHLY: 55.1   TOTAL FOR MONTH:   2.59    1 = FOG OR MIST
DPTR FM NORMAL:   2.8   DPTR FM NORMAL:   -0.31    2 = FOG REDUCING VISIBILITY
HIGHEST:    79 ON  5    GRTST 24HR  1.16 ON  6- 6      TO 1/4 MILE OR LESS
LOWEST:     27 ON 19                               3 = THUNDER
                        SNOW, ICE PELLETS, HAIL    4 = ICE PELLETS
                        TOTAL MONTH:   0.0 INCH    5 = HAIL
                        GRTST 24HR     0.0         6 = FREEZING RAIN OR DRIZZLE
                        GRTST DEPTH:   0           7 = DUSTSTORM OR SANDSTORM:
                                                       VSBY 1/2 MILE OR LESS
                                                   8 = SMOKE OR HAZE
[NO. OF DAYS WITH]      [WEATHER - DAYS WITH]      9 = BLOWING SNOW
                                                   X = TORNADO
MAX 32 OR BELOW:   0    0.01 INCH OR MORE:   6
MAX 90 OR ABOVE:   0    0.10 INCH OR MORE:   5
MIN 32 OR BELOW:   2    0.50 INCH OR MORE:   3
MIN  0 OR BELOW:   0    1.00 INCH OR MORE:   1

[HDD (BASE 65) ]
TOTAL THIS MO.   206    CLEAR  (SCALE 0-3)   7
DPTR FM NORMAL   -42    PTCLDY (SCALE 4-7)   4
TOTAL FM JUL 1   397    CLOUDY (SCALE 8-10)  8
DPTR FM NORMAL   -65

[CDD (BASE 65) ]
TOTAL THIS MO.    21
DPTR FM NORMAL    19    [PRESSURE DATA]
TOTAL FM JAN 1  1812    HIGHEST SLP M ON M
DPTR FM NORMAL   119    LOWEST  SLP 29.50 ON 18

[REMARKS]
