000
CXUS54 KFWD 300730
CF6MKN
PRELIMINARY LOCAL CLIMATOLOGICAL DATA (WS FORM: F-6)

                                          STATION:   COMANCHE
                                          MONTH:     MAY
                                          YEAR:      2015
                                          LATITUDE:   31 55 N
                                          LONGITUDE:  98 36 W

  TEMPERATURE IN F:       :PCPN:    SNOW:  WIND      :SUNSHINE: SKY     :PK WND
================================================================================
1   2   3   4   5  6A  6B    7    8   9   10  11  12  13   14  15   16   17  18
                                     12Z  AVG MX 2MIN
DY MAX MIN AVG DEP HDD CDD  WTR  SNW DPTH SPD SPD DIR MIN PSBL S-S WX    SPD DR
================================================================================

 1  81  52  67   M   0   2 0.00  0.0    0  3.3  7 150   M    M   0         M  M
 2  81  55  68   M   0   3 0.00  0.0    0  7.8 16 190   M    M   1        21 190
 3  82  58  70   M   0   5 0.00  0.0    0  9.2 15 200   M    M   1        20 210
 4  83  62  73   M   0   8 0.00  0.0    0 10.1 15 150   M    M   4        23 140
 5  78  64  71   M   0   6    M  0.0    0 12.0 17 170   M    M   9 3      28 160
 6  86  67  77   M   0  12 0.01  0.0    0 11.7 18 190   M    M   7        25 180
 7  84  65  75   M   0  10    M  0.0    0 12.0 17 150   M    M   8 3      27 170
 8  84  64  74   M   0   9 0.01  0.0    0  9.8 17 160   M    M   7 123    27 160
 9  86  67  77   M   0  12 0.00  0.0    0 10.5 17 150   M    M   8 3      28 170
10  72  62  67   M   0   2    M  0.0    M  4.2 17 330   M    M   9 123    24 330
11  70  58  64   M   1   0 0.01  0.0    0  7.9 16  20   M    M   8 2      21  30
12  65  55  60   M   5   0 0.00  0.0    0  5.6  9  10   M    M  10 13      M  M
13  70  61  66   M   0   1 0.01  0.0    0  8.7 17 180   M    M   7 123    23 180
14  82  62  72   M   0   7 0.00  0.0    0  6.1 12 150   M    M   6 1      18 150
15  81  65  73   M   0   8 0.00  0.0    0  9.5 16 180   M    M   4        25 160
16  85  65  75   M   0  10 0.00  0.0    0 11.8 21 190   M    M   8 13     29 190
17  86  61  74   M   0   9 0.01  0.0    0  5.5  8 190   M    M   3 3       M  M
18  87  66  77   M   0  12 0.00  0.0    0  4.2 13 120   M    M   5 18     17 120
19  85  68  77   M   0  12 0.00  0.0    0  9.9 18 160   M    M   7 1      27 160
20  80  61  71   M   0   6 0.00  0.0    0  8.5 16 360   M    M   7        21  10
21  64  55  60   M   5   0 0.00  0.0    0  9.4 16  10   M    M  10 1      21  10
22  72  58  65   M   0   0 0.00  0.0    0  7.7 12 140   M    M  10 1       M  M
23  82  65  74   M   0   9 0.01  0.0    0 13.3 22 170   M    M   8 13     31 170
24  80  64  72   M   0   7 0.00  0.0    0  6.5 15 160   M    M   6 3      28 160
25  76  57  67   M   0   2 0.00  0.0    0  7.2 16 310   M    M   6 13     29 360
26  88  55  72   M   0   7 0.00  0.0    0 10.2 22 360   M    M   6 123    36  30
27  87  61  74   M   0   9 0.00  0.0    0  7.2 12 170   M    M   5 3      20 110
28  86  62  74   M   0   9 0.00  0.0    0 11.1 23  10   M    M   6 3      30 350
29  85  62  74   M   0   9 0.00  0.0    0  3.8 10 150   M    M   5 3       M  M
================================================================================
SM 2328 1777        11 186  0.06     0.0 244.7          M      181
================================================================================
AV 80.3 61.3                               8.4 FASTST   M    M   6    MAX(MPH)
                                 MISC ---->  # 23  10                 36    M
================================================================================
NOTES:
# LAST OF SEVERAL OCCURRENCES

COLUMN 17 PEAK WIND IN M.P.H.

PRELIMINARY LOCAL CLIMATOLOGICAL DATA (WS FORM: F-6) , PAGE 2

                                          STATION:  COMANCHE
                                          MONTH:    MAY
                                          YEAR:     2015
                                          LATITUDE:   31 55 N
                                          LONGITUDE:  98 36 W

[TEMPERATURE DATA]      [PRECIPITATION DATA]       SYMBOLS USED IN COLUMN 16

AVERAGE MONTHLY: 70.8   TOTAL FOR MONTH:   0.06    1 = FOG OR MIST
DPTR FM NORMAL:     M   DPTR FM NORMAL:   -3.65    2 = FOG REDUCING VISIBILITY
HIGHEST:    88 ON 26    GRTST 24HR  0.01 ON 23-23      TO 1/4 MILE OR LESS
LOWEST:     52 ON  1                               3 = THUNDER
                        SNOW, ICE PELLETS, HAIL    4 = ICE PELLETS
                        TOTAL MONTH:   0.0 INCH    5 = HAIL
                        GRTST 24HR     0.0         6 = FREEZING RAIN OR DRIZZLE
                        GRTST DEPTH:   0           7 = DUSTSTORM OR SANDSTORM:
                                                       VSBY 1/2 MILE OR LESS
                                                   8 = SMOKE OR HAZE
[NO. OF DAYS WITH]      [WEATHER - DAYS WITH]      9 = BLOWING SNOW
                                                   X = TORNADO
MAX 32 OR BELOW:   0    0.01 INCH OR MORE:   6
MAX 90 OR ABOVE:   0    0.10 INCH OR MORE:   0
MIN 32 OR BELOW:   0    0.50 INCH OR MORE:   0
MIN  0 OR BELOW:   0    1.00 INCH OR MORE:   0

[HDD (BASE 65) ]
TOTAL THIS MO.    11    CLEAR  (SCALE 0-3)   4
DPTR FM NORMAL     M    PTCLDY (SCALE 4-7)  18
TOTAL FM JUL 1  2311    CLOUDY (SCALE 8-10)  7
DPTR FM NORMAL     M

[CDD (BASE 65) ]
TOTAL THIS MO.   186
DPTR FM NORMAL     M    [PRESSURE DATA]
TOTAL FM JAN 1   336    HIGHEST SLP M ON M
DPTR FM NORMAL     M    LOWEST  SLP M ON M

[REMARKS]
