000
CXUS53 KMPX 311000
CF6MKT
PRELIMINARY LOCAL CLIMATOLOGICAL DATA (WS FORM: F-6)

                                          STATION:   MANKATO MN
                                          MONTH:     JULY
                                          YEAR:      2015
                                          LATITUDE:   44 13 N
                                          LONGITUDE:  93 55 W

  TEMPERATURE IN F:       :PCPN:    SNOW:  WIND      :SUNSHINE: SKY     :PK WND
================================================================================
1   2   3   4   5  6A  6B    7    8   9   10  11  12  13   14  15   16   17  18
                                     12Z  AVG MX 2MIN
DY MAX MIN AVG DEP HDD CDD  WTR  SNW DPTH SPD SPD DIR MIN PSBL S-S WX    SPD DR
================================================================================

 1  66  55  61 -11   4   0    M    M    M  7.1 13 110   M    M   4         M  M
 2  73  52  63  -9   2   0    M    M    M  3.7  9 170   M    M   0         M  M
 3  77  55  66  -6   0   1    M    M    M  4.1  8 260   M    M   0         M  M
 4  81  61  71  -1   0   6    M    M    M  6.0 13 180   M    M   1        16 180
 5  84  63  74   2   0   9    M    M    M 11.5 18 170   M    M   1        25 170
 6  75  55  65  -7   0   0    M    M    M 12.9 24 340   M    M   7 3      33 340
 7  68  50  59 -13   6   0    M    M    M  8.5 15  10   M    M   1        23  10
 8  70  55  63  -9   2   0    M    M    M  5.5 10 180   M    M   2         M  M
 9  79  55  67  -5   0   2    M    M    M  5.8 10 170   M    M   2         M  M
10  82  63  73   1   0   8    M    M    M  7.7 12 180   M    M   1         M  M
11  81  64  73   1   0   8    M    M    M 10.4 14 150   M    M   5        16 150
12  88  70  79   7   0  14    M    M    M 11.2 15 150   M    M   6        21 170
13  86  72  79   7   0  14    M    M    M 10.1 21 250   M    M   2        25 250
14  82  68  75   3   0  10    M    M    M  6.8 10  20   M    M   2         M  M
15  81  64  73   1   0   8    M    M    M  7.8 12 140   M    M   1         M  M
16  77  66  72   0   0   7    M    M    M  9.2 16 130   M    M   7        21 130
17  90  64  77   5   0  12    M    M    M  5.3 12 140   M    M   2 3       M  M
18  84  66  75   3   0  10    M    M    M  9.9 15 300   M    M   2 3      18 260
19  82  61  72   0   0   7    M    M    M  8.2 14 250   M    M   1        23 250
20  79  63  71  -1   0   6    M    M    M 12.7 22 300   M    M   2        27 300
21  79  55  67  -5   0   2    M    M    M  3.8  9 290   M    M   0         M  M
22  81  61  71  -1   0   6    M    M    M  6.4 10 160   M    M   2         M  M
23  82  61  72   0   0   7    M    M    M  8.8 14 170   M    M   1        17 190
24  84  64  74   2   0   9    M    M    M 12.1 20 150   M    M   5 3      23 180
25  82  64  73   1   0   8    M    M    M  4.5  7 110   M    M   0         M  M
26  84  68  76   4   0  11    M    M    M  7.7 14 100   M    M   4 3       M  M
27  82  70  76   4   0  11    M    M    M 12.0 18 150   M    M   4        24 150
28  82  64  73   1   0   8    M    M    M 10.8 18 140   M    M   5 3      27 140
29  81  61  71  -1   0   6    M    M    M 12.8 23 270   M    M   0        36 280
30  82  61  72   0   0   7    M    M    M  9.4 15 300   M    M   1        20 300
================================================================================
SM 2404 1851        14 197    M     M    252.7          M       71
================================================================================
AV 80.1 61.7                               8.4 FASTST   M    M   2    MAX(MPH)
                                 MISC ---->    24   M                 36    M
================================================================================
NOTES:
# LAST OF SEVERAL OCCURRENCES

COLUMN 17 PEAK WIND IN M.P.H.

PRELIMINARY LOCAL CLIMATOLOGICAL DATA (WS FORM: F-6) , PAGE 2

                                          STATION:  MANKATO MN
                                          MONTH:    JULY
                                          YEAR:     2015
                                          LATITUDE:   44 13 N
                                          LONGITUDE:  93 55 W

[TEMPERATURE DATA]      [PRECIPITATION DATA]       SYMBOLS USED IN COLUMN 16

AVERAGE MONTHLY: 70.9   TOTAL FOR MONTH:      M    1 = FOG OR MIST
DPTR FM NORMAL:  -1.1   DPTR FM NORMAL:       M    2 = FOG REDUCING VISIBILITY
HIGHEST:    90 ON 17    GRTST 24HR    M  ON   M        TO 1/4 MILE OR LESS
LOWEST:     50 ON  7                               3 = THUNDER
                        SNOW, ICE PELLETS, HAIL    4 = ICE PELLETS
                        TOTAL MONTH:    M          5 = HAIL
                        GRTST 24HR    M  ON   M    6 = FREEZING RAIN OR DRIZZLE
                        GRTST DEPTH:  M  ON   M    7 = DUSTSTORM OR SANDSTORM:
                                                       VSBY 1/2 MILE OR LESS
                                                   8 = SMOKE OR HAZE
[NO. OF DAYS WITH]      [WEATHER - DAYS WITH]      9 = BLOWING SNOW
                                                   X = TORNADO
MAX 32 OR BELOW:   0    0.01 INCH OR MORE:   0
MAX 90 OR ABOVE:   1    0.10 INCH OR MORE:   0
MIN 32 OR BELOW:   0    0.50 INCH OR MORE:   0
MIN  0 OR BELOW:   0    1.00 INCH OR MORE:   0

[HDD (BASE 65) ]
TOTAL THIS MO.    14    CLEAR  (SCALE 0-3)  21
DPTR FM NORMAL    14    PTCLDY (SCALE 4-7)   9
TOTAL FM JUL 1    14    CLOUDY (SCALE 8-10)  0
DPTR FM NORMAL    14

[CDD (BASE 65) ]
TOTAL THIS MO.   197
DPTR FM NORMAL   -29    [PRESSURE DATA]
TOTAL FM JAN 1   347    HIGHEST SLP M ON M
DPTR FM NORMAL   -64    LOWEST  SLP M ON M

[REMARKS]
