450
CXUS54 KTSA 300840
CF6MLC
PRELIMINARY LOCAL CLIMATOLOGICAL DATA (WS FORM: F-6)

                                          STATION:   MCALESTER OKLAHOMA
                                          MONTH:     APRIL
                                          YEAR:      2017
                                          LATITUDE:   34 52 N
                                          LONGITUDE:  95 47 W

  TEMPERATURE IN F:       :PCPN:    SNOW:  WIND      :SUNSHINE: SKY     :PK WND
================================================================================
1   2   3   4   5  6A  6B    7    8   9   10  11  12  13   14  15   16   17  18
                                     12Z  AVG MX 2MIN
DY MAX MIN AVG DEP HDD CDD  WTR  SNW DPTH SPD SPD DIR MIN PSBL S-S WX    SPD DR
================================================================================

 1  84  47  66   8   0   1    T  0.0    0  7.0 18 140   M    M   4 13     30 160
 2  68  59  64   6   1   0 0.30  0.0    0  3.3 13  90   M    M   7 1      20  60
 3  77  52  65   7   0   0 0.18  0.0    0  6.9 16 250   M    M   6 13     23 250
 4  84  51  68  10   0   3 0.13  0.0    0  7.7 33 260   M    M   4 3      47 250
 5  67  39  53  -6  12   0    T  0.0    0 12.6 30 320   M    M   6 1      41 310
 6  72  34  53  -6  12   0 0.00  0.0    0  4.4 21 340   M    M   2        29 340
 7  75  37  56  -3   9   0 0.00  0.0    0  5.1 16 190   M    M   2 8      25 160
 8  82  59  71  12   0   6 0.00  0.0    0 12.5 24 200   M    M   3        37 190
 9  81  64  73  13   0   8 0.00  0.0    0 13.3 23 180   M    M   5        38 190
10  77  53  65   5   0   0    T  0.0    0  8.0 18 190   M    M   8        30 180
11  77  53  65   5   0   0 0.00  0.0    0  7.4 16  10   M    M   5 8      20  20
12  81  57  69   9   0   4 0.00  0.0    0  5.5 20 210   M    M   5 1      24 210
13  83  55  69   8   0   4 0.00  0.0    0  5.2 15 180   M    M   3 1      21 170
14  84  63  74  13   0   9 0.00  0.0    0  8.0 21 200   M    M   4        30 210
15  82  66  74  13   0   9 0.00  0.0    0  9.1 17 200   M    M   3        26 220
16  80  65  73  11   0   8 0.27  0.0    0  7.7 18 190   M    M   7 13     29 190
17  69  58  64   2   1   0 2.36  0.0    0  4.6 26  20   M    M   5 13     35  10
18  83  54  69   7   0   4 0.00  0.0    0  4.6 14 220   M    M   5 128    17 210
19  80  63  72  10   0   7    T  0.0    0  7.7 17 170   M    M   5        28 170
20  80  65  73  11   0   8    T  0.0    0  7.7 16 220   M    M   7        22 190
21  72  54  63   0   2   0 1.15  0.0    0  8.8 37 330   M    M   8 13     48 320
22  56  49  53 -10  12   0 0.00  0.0    0 13.6 21 350   M    M   9        30 360
23  72  43  58  -5   7   0 0.00  0.0    0  5.6 18 340   M    M   3        24 350
24  77  41  59  -5   6   0 0.00  0.0    0  6.3 16 190   M    M   1        25 180
25  81  63  72   8   0   7 0.00  0.0    0 12.4 22 170   M    M   3 13     34 170
26  75  43  59  -5   6   0 1.77  0.0    0  8.5 25 190   M    M   9 13     36 190
27  71  41  56  -8   9   0 0.00  0.0    0  4.4 14 150   M    M   2 1      24 150
28  80  62  71   6   0   6 0.00  0.0    0  5.6 15 180   M    M   6 13     22 170
29  79  54  67   2   0   2 2.44  0.0    0  9.0 23 340   M    M   9 1238   31 160
================================================================================
SM 2229 1544        77  86  8.60     0.0 222.5          M      146
================================================================================
AV 76.9 53.2                               7.7 FASTST   M    M   5    MAX(MPH)
                                 MISC ---->  # 37 330               # 48  320
================================================================================
NOTES:
# LAST OF SEVERAL OCCURRENCES

COLUMN 17 PEAK WIND IN M.P.H.

PRELIMINARY LOCAL CLIMATOLOGICAL DATA (WS FORM: F-6) , PAGE 2

                                          STATION:  MCALESTER OKLAHOMA
                                          MONTH:    APRIL
                                          YEAR:     2017
                                          LATITUDE:   34 52 N
                                          LONGITUDE:  95 47 W

[TEMPERATURE DATA]      [PRECIPITATION DATA]       SYMBOLS USED IN COLUMN 16

AVERAGE MONTHLY: 65.1   TOTAL FOR MONTH:   8.60    1 = FOG OR MIST
DPTR FM NORMAL:   3.8   DPTR FM NORMAL:    4.87    2 = FOG REDUCING VISIBILITY
HIGHEST:    84 ON 14, 4 GRTST 24HR  2.44 ON 29-29      TO 1/4 MILE OR LESS
LOWEST:     34 ON  6                               3 = THUNDER
                        SNOW, ICE PELLETS, HAIL    4 = ICE PELLETS
                        TOTAL MONTH:   0.0 INCH    5 = HAIL
                        GRTST 24HR     0.0         6 = FREEZING RAIN OR DRIZZLE
                        GRTST DEPTH:   0           7 = DUSTSTORM OR SANDSTORM:
                                                       VSBY 1/2 MILE OR LESS
                                                   8 = SMOKE OR HAZE
[NO. OF DAYS WITH]      [WEATHER - DAYS WITH]      9 = BLOWING SNOW
                                                   X = TORNADO
MAX 32 OR BELOW:   0    0.01 INCH OR MORE:   8
MAX 90 OR ABOVE:   0    0.10 INCH OR MORE:   8
MIN 32 OR BELOW:   0    0.50 INCH OR MORE:   4
MIN  0 OR BELOW:   0    1.00 INCH OR MORE:   4

[HDD (BASE 65) ]
TOTAL THIS MO.    77    CLEAR  (SCALE 0-3)   9
DPTR FM NORMAL   -85    PTCLDY (SCALE 4-7)  17
TOTAL FM JUL 1  2208    CLOUDY (SCALE 8-10)  3
DPTR FM NORMAL  -944

[CDD (BASE 65) ]
TOTAL THIS MO.    86
DPTR FM NORMAL    34    [PRESSURE DATA]
TOTAL FM JAN 1   176    HIGHEST SLP M ON M
DPTR FM NORMAL   106    LOWEST  SLP 29.33 ON 25

[REMARKS]
