000
CXUS54 KTSA 270940
CF6MLC
PRELIMINARY LOCAL CLIMATOLOGICAL DATA (WS FORM: F-6)

                                          STATION:   MCALESTER OKLAHOMA
                                          MONTH:     NOVEMBER
                                          YEAR:      2014
                                          LATITUDE:   34 52 N
                                          LONGITUDE:  95 47 W

  TEMPERATURE IN F:       :PCPN:    SNOW:  WIND      :SUNSHINE: SKY     :PK WND
================================================================================
1   2   3   4   5  6A  6B    7    8   9   10  11  12  13   14  15   16   17  18
                                     12Z  AVG MX 2MIN
DY MAX MIN AVG DEP HDD CDD  WTR  SNW DPTH SPD SPD DIR MIN PSBL S-S WX    SPD DR
================================================================================

 1  60  30  45 -13  20   0 0.00  0.0    0  3.8 10 190   M    M   2        14 220
 2  62  44  53  -5  12   0 0.00  0.0    0  8.7 16 190   M    M   2        25 170
 3  69  53  61   4   4   0 0.00  0.0    0  9.3 16 170   M    M   7        24 160
 4  68  50  59   2   6   0 1.28  0.0    0  9.8 22 350   M    M  10 1      33 330
 5  60  40  50  -7  15   0 0.00  0.0    0  2.6  9 360   M    M   2        11 360
 6  68  36  52  -4  13   0 0.00  0.0    0  5.5 20  20   M    M   2        27  10
 7  65  34  50  -6  15   0 0.00  0.0    0  5.5 16 210   M    M   1        22 190
 8  65  35  50  -6  15   0 0.00  0.0    0  9.3 23 360   M    M   2        30 340
 9  69  31  50  -5  15   0 0.00  0.0    0  6.7 16 200   M    M   1        24 200
10  79  54  67  12   0   2 0.00  0.0    0 14.3 29 210   M    M   2        43 190
11  66  34  50  -4  15   0 0.00  0.0    0 16.4 26 320   M    M   5        37 320
12  37  26  32 -22  33   0 0.00  0.0    0 16.5 25 360   M    M   6        30  10
13  38  22  30 -23  35   0 0.00  0.0    0 11.1 22  10   M    M   6        28 360
14  42  22  32 -21  33   0 0.00  0.0    0  1.4 12 220   M    M   3        17 240
15  43  28  36 -16  29   0 0.00  0.0    0  6.2 16 150   M    M   9        24 130
16  39  25  32 -20  33   0 0.02    M    0 10.7 21 320   M    M  10 168    26 340
17  37  16  27 -25  38   0 0.00  0.0    0  7.3 21 340   M    M   3        26 340
18  55  15  35 -16  30   0 0.00  0.0    0  8.1 21 220   M    M   2        27 200
19  61  31  46  -5  19   0 0.00  0.0    0  7.3 21 220   M    M   1        26 220
20  66  31  49  -1  16   0 0.00  0.0    0  5.1 12 140   M    M   2 8      16 180
21  61  50  56   6   9   0    T  0.0    0  5.9 14 160   M    M  10 1      22 140
22  61  55  58   9   7   0 1.53  0.0    0  6.2 17 290   M    M  10 13     26 120
23  71  47  59  10   6   0    T  0.0    0 11.0 30 330   M    M   8        37 310
24  60  31  46  -2  19   0    T  0.0    0  6.3 23 310   M    M   2        33 320
25  55  27  41  -7  24   0 0.00  0.0    0  2.5 12 240   M    M   2        14 240
26  59  39  49   1  16   0    T    M    0  9.2 22 300   M    M   3        30 310
================================================================================
SM 1516  906       477   2  2.83     0.0 206.7          M      113
================================================================================
AV 58.3 34.8                               8.0 FASTST   M    M   4    MAX(MPH)
                                 MISC ---->  # 30 330               # 43  190
================================================================================
NOTES:
# LAST OF SEVERAL OCCURRENCES

COLUMN 17 PEAK WIND IN M.P.H.

PRELIMINARY LOCAL CLIMATOLOGICAL DATA (WS FORM: F-6) , PAGE 2

                                          STATION:  MCALESTER OKLAHOMA
                                          MONTH:    NOVEMBER
                                          YEAR:     2014
                                          LATITUDE:   34 52 N
                                          LONGITUDE:  95 47 W

[TEMPERATURE DATA]      [PRECIPITATION DATA]       SYMBOLS USED IN COLUMN 16

AVERAGE MONTHLY: 46.6   TOTAL FOR MONTH:   2.83    1 = FOG OR MIST
DPTR FM NORMAL:  -6.5   DPTR FM NORMAL:   -0.12    2 = FOG REDUCING VISIBILITY
HIGHEST:    79 ON 10    GRTST 24HR  1.53 ON 22-22      TO 1/4 MILE OR LESS
LOWEST:     15 ON 18                               3 = THUNDER
                        SNOW, ICE PELLETS, HAIL    4 = ICE PELLETS
                        TOTAL MONTH:   0.0 INCH    5 = HAIL
                        GRTST 24HR     0.0         6 = FREEZING RAIN OR DRIZZLE
                        GRTST DEPTH:   0           7 = DUSTSTORM OR SANDSTORM:
                                                       VSBY 1/2 MILE OR LESS
                                                   8 = SMOKE OR HAZE
[NO. OF DAYS WITH]      [WEATHER - DAYS WITH]      9 = BLOWING SNOW
                                                   X = TORNADO
MAX 32 OR BELOW:   0    0.01 INCH OR MORE:   3
MAX 90 OR ABOVE:   0    0.10 INCH OR MORE:   2
MIN 32 OR BELOW:  13    0.50 INCH OR MORE:   2
MIN  0 OR BELOW:   0    1.00 INCH OR MORE:   2

[HDD (BASE 65) ]
TOTAL THIS MO.   477    CLEAR  (SCALE 0-3)  16
DPTR FM NORMAL   154    PTCLDY (SCALE 4-7)   5
TOTAL FM JUL 1   567    CLOUDY (SCALE 8-10)  5
DPTR FM NORMAL    83

[CDD (BASE 65) ]
TOTAL THIS MO.     2
DPTR FM NORMAL    -8    [PRESSURE DATA]
TOTAL FM JAN 1  2059    HIGHEST SLP M ON M
DPTR FM NORMAL    11    LOWEST  SLP 29.25 ON 23

[REMARKS]
