000
CXUS54 KTSA 011852
CF6MLC
PRELIMINARY LOCAL CLIMATOLOGICAL DATA (WS FORM: F-6)

                                          STATION:   MCALESTER OKLAHOMA
                                          MONTH:     JULY
                                          YEAR:      2014
                                          LATITUDE:   34 52 N
                                          LONGITUDE:  95 47 W

  TEMPERATURE IN F:       :PCPN:    SNOW:  WIND      :SUNSHINE: SKY     :PK WND
================================================================================
1   2   3   4   5  6A  6B    7    8   9   10  11  12  13   14  15   16   17  18
                                     12Z  AVG MX 2MIN
DY MAX MIN AVG DEP HDD CDD  WTR  SNW DPTH SPD SPD DIR MIN PSBL S-S WX    SPD DR
================================================================================

 1  95  69  82   1   0  17 1.21  0.0    0  7.6 32 230   M    M   4 13     43 220
 2  86  70  78  -3   0  13 0.26  0.0    0  5.5 18 360   M    M   3 13     24 360
 3  85  64  75  -6   0  10 0.00  0.0    0  4.3 15  10   M    M   1        20  10
 4  87  63  75  -6   0  10 0.00  0.0    0  3.9 12 210   M    M   3        16 160
 5  87  70  79  -2   0  14 0.00  0.0    0  6.3 15 200   M    M   3        20 190
 6  92  72  82   1   0  17 0.00  0.0    0  7.9 20 210   M    M   1        24 210
 7  95  74  85   4   0  20 0.00  0.0    0  8.0 17 210   M    M   0        22 210
 8  97  75  86   4   0  21    T  0.0    0  9.2 18 230   M    M   2 3      24 220
 9  87  70  79  -3   0  14 0.31  0.0    0  4.9 18 320   M    M   4 13     25 320
10  90  71  81  -1   0  16 1.56  0.0    0  7.1 25 360   M    M   3 13     38  20
11  93  74  84   2   0  19 0.00  0.0    0  7.4 17 220   M    M   1        22 220
12  95  73  84   2   0  19 0.00  0.0    0  5.6 17 210   M    M   0        21 230
13  96  70  83   1   0  18 0.00  0.0    0  6.9 17 210   M    M   1 8      23 220
14  91  74  83   1   0  18    T  0.0    0  5.5 15  10   M    M   3        19  10
15  83  59  71 -11   0   6 0.00  0.0    0  8.0 16 360   M    M   2        23  40
16  82  58  70 -12   0   5 0.42  0.0    0  4.2 10 120   M    M   6 1      17  30
17  67  63  65 -17   0   0 0.86  0.0    0  5.1 10  80   M    M  10 1      19  90
18  71  62  67 -15   0   2 0.00  0.0    0  3.1  9  40   M    M  10        14  40
19  77  64  71 -11   0   6 0.00  0.0    0  1.2  7 150   M    M   9         9 150
20  86  61  74  -8   0   9 0.00  0.0    0  3.8 10 160   M    M   3 12     15 200
21  91  66  79  -3   0  14 0.00  0.0    0  3.5 10 200   M    M   2        16 190
22  93  71  82  -1   0  17 0.00  0.0    0  1.9 10 220   M    M   2 1      13 170
23  94  70  82  -1   0  17 0.15  0.0    0  4.6 30  30   M    M   2 13     43  20
24  92  67  80  -3   0  15 0.00  0.0    0  2.8  9 120   M    M   1 12     13 120
25  92  72  82  -1   0  17 0.00  0.0    0  7.3 15 200   M    M   2 18     21 210
26  95  77  86   3   0  21 0.00  0.0    0  7.5 16 210   M    M   0        20 180
27  97  78  88   5   0  23 0.00  0.0    0  6.6 15  30   M    M   0        21  30
================================================================================
SM 2396 1857         0 378  4.77     0.0 149.7          M       78
================================================================================
AV 88.7 68.8                               5.5 FASTST   M    M   3    MAX(MPH)
                                 MISC ---->  # 32 230               # 43  220
================================================================================
NOTES:
# LAST OF SEVERAL OCCURRENCES

COLUMN 17 PEAK WIND IN M.P.H.

PRELIMINARY LOCAL CLIMATOLOGICAL DATA (WS FORM: F-6) , PAGE 2

                                          STATION:  MCALESTER OKLAHOMA
                                          MONTH:    JULY
                                          YEAR:     2014
                                          LATITUDE:   34 52 N
                                          LONGITUDE:  95 47 W

[TEMPERATURE DATA]      [PRECIPITATION DATA]       SYMBOLS USED IN COLUMN 16

AVERAGE MONTHLY: 78.8   TOTAL FOR MONTH:   4.77    1 = FOG OR MIST
DPTR FM NORMAL:  -3.2   DPTR FM NORMAL:    2.46    2 = FOG REDUCING VISIBILITY
HIGHEST:    97 ON 27, 8 GRTST 24HR  1.56 ON 10-10      TO 1/4 MILE OR LESS
LOWEST:     58 ON 16                               3 = THUNDER
                        SNOW, ICE PELLETS, HAIL    4 = ICE PELLETS
                        TOTAL MONTH:   0.0 INCH    5 = HAIL
                        GRTST 24HR     0.0         6 = FREEZING RAIN OR DRIZZLE
                        GRTST DEPTH:   0           7 = DUSTSTORM OR SANDSTORM:
                                                       VSBY 1/2 MILE OR LESS
                                                   8 = SMOKE OR HAZE
[NO. OF DAYS WITH]      [WEATHER - DAYS WITH]      9 = BLOWING SNOW
                                                   X = TORNADO
MAX 32 OR BELOW:   0    0.01 INCH OR MORE:   7
MAX 90 OR ABOVE:  16    0.10 INCH OR MORE:   7
MIN 32 OR BELOW:   0    0.50 INCH OR MORE:   3
MIN  0 OR BELOW:   0    1.00 INCH OR MORE:   2

[HDD (BASE 65) ]
TOTAL THIS MO.     0    CLEAR  (SCALE 0-3)  20
DPTR FM NORMAL     0    PTCLDY (SCALE 4-7)   4
TOTAL FM JUL 1     0    CLOUDY (SCALE 8-10)  3
DPTR FM NORMAL     0

[CDD (BASE 65) ]
TOTAL THIS MO.   378
DPTR FM NORMAL   -80    [PRESSURE DATA]
TOTAL FM JAN 1  1081    HIGHEST SLP M ON M
DPTR FM NORMAL     4    LOWEST  SLP 29.76 ON  7

[REMARKS]
