000
CXUS55 KBYZ 221055
CF6MLS
PRELIMINARY LOCAL CLIMATOLOGICAL DATA (WS FORM: F-6)

                                          STATION:   MILES CITY MT
                                          MONTH:     SEPTEMBER
                                          YEAR:      2017
                                          LATITUDE:   46 25 N
                                          LONGITUDE: 105 53 W

  TEMPERATURE IN F:       :PCPN:    SNOW:  WIND      :SUNSHINE: SKY     :PK WND
================================================================================
1   2   3   4   5  6A  6B    7    8   9   10  11  12  13   14  15   16   17  18
                                     12Z  AVG MX 2MIN
DY MAX MIN AVG DEP HDD CDD  WTR  SNW DPTH SPD SPD DIR MIN PSBL S-S WX    SPD DR
================================================================================

 1  84  65  75   8   0  10 0.00    M    M  7.6 20 310   M    M   0 3      23 300
 2  92  57  75   8   0  10 0.00    M    M  6.9 16 230   M    M   3 8      21 220
 3  87  59  73   7   0   8 0.00    M    M 12.8 30 320   M    M   4 8      37 330
 4  74  47  61  -5   4   0 0.00    M    M 13.4 28 340   M    M   3        33 330
 5  75  38  57  -8   8   0 0.00    M    M  5.7 12 350   M    M   0 8      19 230
 6  85  46  66   1   0   1 0.00    M    M  6.4 10  60   M    M   0        14 140
 7  89  42  66   2   0   1 0.00    M    M  4.6 12  50   M    M   0        13  80
 8  94  52  73   9   0   8 0.00    M    M 11.7 21 150   M    M   0        28 170
 9  94  61  78  15   0  13 0.00    M    M  6.9 20 150   M    M   0 8      24 140
10  92  63  78  15   0  13 0.00    M    M 10.0 24 330   M    M   0 8      31 340
11  91  62  77  15   0  12 0.00    M    M  5.5 12 250   M    M   1        14 260
12  93  54  74  12   0   9 0.00    M    M  8.0 16  10   M    M   6 18     22 290
13  87  55  71  10   0   6    T    M    M  9.2 30 330   M    M   5 8      38 330
14  63  50  57  -4   8   0 0.11    M    M 13.1 31 330   M    M  10 18     37 320
15  50  42  46 -14  19   0 1.17    M    M 16.2 26  50   M    M  10 1      31  30
16  47  40  44 -16  21   0 0.06    M    M  5.8 14  40   M    M   9 1      17  40
17  65  37  51  -8  14   0 0.00    M    M  8.2 14 200   M    M   1 12     17 190
18  79  43  61   2   4   0 0.00    M    M  9.1 16 180   M    M   0        22 190
19  63  42  53  -5  12   0    T    M    M 11.9 26 270   M    M   5        33 280
20  71  38  55  -3  10   0    T    M    M 12.2 26 230   M    M   1        41 230
21  56  47  52  -5  13   0 0.02    M    M  9.7 18 330   M    M   9        23 320
================================================================================
SM 1631 1040       113  91  1.36    M    194.9          M       67
================================================================================
AV 77.7 49.5                               9.3 FASTST   M    M   3    MAX(MPH)
                                 MISC ---->  # 31 330               # 41  230
================================================================================
NOTES:
# LAST OF SEVERAL OCCURRENCES

COLUMN 17 PEAK WIND IN M.P.H.

PRELIMINARY LOCAL CLIMATOLOGICAL DATA (WS FORM: F-6) , PAGE 2

                                          STATION:  MILES CITY MT
                                          MONTH:    SEPTEMBER
                                          YEAR:     2017
                                          LATITUDE:   46 25 N
                                          LONGITUDE: 105 53 W

[TEMPERATURE DATA]      [PRECIPITATION DATA]       SYMBOLS USED IN COLUMN 16

AVERAGE MONTHLY: 63.6   TOTAL FOR MONTH:   1.36    1 = FOG OR MIST
DPTR FM NORMAL:   1.4   DPTR FM NORMAL:    0.62    2 = FOG REDUCING VISIBILITY
HIGHEST:    94 ON  9, 8 GRTST 24HR  1.17 ON 15-15      TO 1/4 MILE OR LESS
LOWEST:     37 ON 17                               3 = THUNDER
                        SNOW, ICE PELLETS, HAIL    4 = ICE PELLETS
                        TOTAL MONTH:    M          5 = HAIL
                        GRTST 24HR    M  ON   M    6 = FREEZING RAIN OR DRIZZLE
                        GRTST DEPTH:  M  ON   M    7 = DUSTSTORM OR SANDSTORM:
                                                       VSBY 1/2 MILE OR LESS
                                                   8 = SMOKE OR HAZE
[NO. OF DAYS WITH]      [WEATHER - DAYS WITH]      9 = BLOWING SNOW
                                                   X = TORNADO
MAX 32 OR BELOW:   0    0.01 INCH OR MORE:   4
MAX 90 OR ABOVE:   6    0.10 INCH OR MORE:   2
MIN 32 OR BELOW:   0    0.50 INCH OR MORE:   1
MIN  0 OR BELOW:   0    1.00 INCH OR MORE:   1

[HDD (BASE 65) ]
TOTAL THIS MO.   113    CLEAR  (SCALE 0-3)  12
DPTR FM NORMAL     5    PTCLDY (SCALE 4-7)   5
TOTAL FM JUL 1   117    CLOUDY (SCALE 8-10)  4
DPTR FM NORMAL   -25

[CDD (BASE 65) ]
TOTAL THIS MO.    91
DPTR FM NORMAL    39    [PRESSURE DATA]
TOTAL FM JAN 1   985    HIGHEST SLP M ON M
DPTR FM NORMAL   261    LOWEST  SLP 29.42 ON 19

[REMARKS]
