000
CXUS51 KCAR 300600
CF6MLT
PRELIMINARY LOCAL CLIMATOLOGICAL DATA (WS FORM: F-6)

                                          STATION:   MILLINOCKET ME
                                          MONTH:     SEPTEMBER
                                          YEAR:      2014
                                          LATITUDE:   45 39 N
                                          LONGITUDE:  68 41 W

  TEMPERATURE IN F:       :PCPN:    SNOW:  WIND      :SUNSHINE: SKY     :PK WND
================================================================================
1   2   3   4   5  6A  6B    7    8   9   10  11  12  13   14  15   16   17  18
                                     12Z  AVG MX 2MIN
DY MAX MIN AVG DEP HDD CDD  WTR  SNW DPTH SPD SPD DIR MIN PSBL S-S WX    SPD DR
================================================================================

 1  81  66  74  11   0   9 0.01    M    M  1.9 13  20   M    M   5 138    16  20
 2  74  66  70   8   0   5 0.00    M    M  4.3  9 160   M    M  10 1      16 160
 3  80  60  70   8   0   5 0.12    M    M  7.9 21 310   M    M   4 1      29 300
 4  83  55  69   7   0   4 0.00    M    M  2.5 10 280   M    M   1        17 230
 5  85  58  72  10   0   7 0.00    M    M  3.3 12 180   M    M   1        21 220
 6  82  58  70   9   0   5 0.05    M    M  5.8 17 300   M    M   6 18     25 290
 7  72  49  61   0   4   0 0.00    M    M  5.1 18 310   M    M   2        28 310
 8  71  42  57  -3   8   0 0.00    M    M  1.8  7 240   M    M   0 1      11 210
 9  72  43  58  -2   7   0 0.00    M    M  2.1 12 120   M    M   0 12     16 120
10  71  42  57  -3   8   0 0.00    M    M  1.9  9 160   M    M   3        16 160
11  65  54  60   1   5   0 0.09    M    M  6.3 20 300   M    M  10 1      26 300
12  66  45  56  -3   9   0 0.00    M    M  9.3 21 300   M    M   3        30 290
13  57  36  47 -11  18   0    T    M    M  2.1  8 100   M    M   3 1      12 130
14  56  43  50  -8  15   0    T    M    M  8.3 21 310   M    M   8        32 300
15  61  39  50  -8  15   0 0.00    M    M  3.5 14 310   M    M   5        20 310
16  61  42  52  -5  13   0 0.28    M    M  1.1 10 340   M    M   6 1      13 330
17  68  39  54  -3  11   0 0.00    M    M  2.1 13 290   M    M   5 12     17 270
18  60  35  48  -8  17   0 0.00    M    M  5.2 17 310   M    M   5 1      23 300
19  56  30  43 -13  22   0 0.00    M    M  3.6 14 330   M    M   0        18 310
20  58  36  47  -9  18   0 0.00    M    M  5.5 14 190   M    M   5        26 190
21  70  56  63   8   2   0    T    M    M  4.6 12 190   M    M   8 128    20 170
22  71  48  60   5   5   0 0.05    M    M  8.1 21 290   M    M   8 12     35 280
23  62  44  53  -1  12   0    T    M    M  8.5 22 310   M    M   5        30 290
24  65  35  50  -4  15   0 0.00    M    M  1.8  8 200   M    M   0        13 200
25  72  41  57   4   8   0 0.00    M    M  2.2  9 180   M    M   2 12     16 220
26  79  43  61   8   4   0 0.00    M    M  2.3  9 310   M    M   0        14 300
27  81  56  69  17   0   4 0.00    M    M  4.8 13 310   M    M   0        18 350
28  85  52  69  17   0   4 0.00    M    M  2.9 14 300   M    M   0 1      19 290
29  68  47  58   6   7   0    T    M    M  7.8 16  60   M    M   7 18     20  50
================================================================================
SM 2032 1360       223  43  0.60    M    126.6          M      112
================================================================================
AV 70.1 46.9                               4.4 FASTST   M    M   4    MAX(MPH)
                                 MISC ---->  # 22 310               # 35  280
================================================================================
NOTES:
# LAST OF SEVERAL OCCURRENCES

COLUMN 17 PEAK WIND IN M.P.H.

PRELIMINARY LOCAL CLIMATOLOGICAL DATA (WS FORM: F-6) , PAGE 2

                                          STATION:  MILLINOCKET ME
                                          MONTH:    SEPTEMBER
                                          YEAR:     2014
                                          LATITUDE:   45 39 N
                                          LONGITUDE:  68 41 W

[TEMPERATURE DATA]      [PRECIPITATION DATA]       SYMBOLS USED IN COLUMN 16

AVERAGE MONTHLY: 58.5   TOTAL FOR MONTH:   0.60    1 = FOG OR MIST
DPTR FM NORMAL:   1.0   DPTR FM NORMAL:   -2.97    2 = FOG REDUCING VISIBILITY
HIGHEST:    85 ON 28, 5 GRTST 24HR  0.28 ON 16-16      TO 1/4 MILE OR LESS
LOWEST:     30 ON 19                               3 = THUNDER
                        SNOW, ICE PELLETS, HAIL    4 = ICE PELLETS
                        TOTAL MONTH:    M          5 = HAIL
                        GRTST 24HR    M  ON   M    6 = FREEZING RAIN OR DRIZZLE
                        GRTST DEPTH:  M  ON   M    7 = DUSTSTORM OR SANDSTORM:
                                                       VSBY 1/2 MILE OR LESS
                                                   8 = SMOKE OR HAZE
[NO. OF DAYS WITH]      [WEATHER - DAYS WITH]      9 = BLOWING SNOW
                                                   X = TORNADO
MAX 32 OR BELOW:   0    0.01 INCH OR MORE:   6
MAX 90 OR ABOVE:   0    0.10 INCH OR MORE:   2
MIN 32 OR BELOW:   1    0.50 INCH OR MORE:   0
MIN  0 OR BELOW:   0    1.00 INCH OR MORE:   0

[HDD (BASE 65) ]
TOTAL THIS MO.   223    CLEAR  (SCALE 0-3)  14
DPTR FM NORMAL   -12    PTCLDY (SCALE 4-7)  13
TOTAL FM JUL 1   251    CLOUDY (SCALE 8-10)  2
DPTR FM NORMAL   -63

[CDD (BASE 65) ]
TOTAL THIS MO.    43
DPTR FM NORMAL    28    [PRESSURE DATA]
TOTAL FM JAN 1   371    HIGHEST SLP M ON M
DPTR FM NORMAL   105    LOWEST  SLP 29.39 ON 22

[REMARKS]
