000
CXUS51 KCAR 290600
CF6MLT
PRELIMINARY LOCAL CLIMATOLOGICAL DATA (WS FORM: F-6)

                                          STATION:   MILLINOCKET ME
                                          MONTH:     JUNE
                                          YEAR:      2015
                                          LATITUDE:   45 39 N
                                          LONGITUDE:  68 41 W

  TEMPERATURE IN F:       :PCPN:    SNOW:  WIND      :SUNSHINE: SKY     :PK WND
================================================================================
1   2   3   4   5  6A  6B    7    8   9   10  11  12  13   14  15   16   17  18
                                     12Z  AVG MX 2MIN
DY MAX MIN AVG DEP HDD CDD  WTR  SNW DPTH SPD SPD DIR MIN PSBL S-S WX    SPD DR
================================================================================

 1  52  47  50  -8  15   0 0.14    M    M  1.9 14  80   M    M   9 1      17  90
 2  49  41  45 -13  20   0 0.36    M    M  7.0 14  70   M    M  10 1      20  60
 3  54  43  49 -10  16   0 0.00    M    M  4.7 14  20   M    M  10        20  30
 4  67  47  57  -2   8   0 0.00    M    M  1.8  8 150   M    M   6        13 110
 5  70  45  58  -1   7   0 0.13    M    M  4.7 13 150   M    M   2 1      19 140
 6  69  44  57  -3   8   0 0.11    M    M  6.4 20 330   M    M   4 1      26 330
 7  72  42  57  -3   8   0 0.00    M    M  2.2  8 160   M    M   0        10 140
 8  58  50  54  -6  11   0 0.14    M    M  5.1 10 180   M    M   7        19 180
 9  64  57  61   0   4   0 0.20    M    M  3.8  9 180   M    M  10 1      14 230
10  76  56  66   5   0   1 0.00    M    M  4.9 18 300   M    M   6 1      30 290
11  81  57  69   8   0   4 0.17    M    M  6.3 20 290   M    M   5 13     31 270
12  82  61  72  10   0   7 0.20    M    M  6.5 18 290   M    M   1 1      30 270
13  81  57  69   7   0   4 0.57    M    M  7.4 18 300   M    M   3 1      27 310
14  76  51  64   2   1   0 0.00    M    M  5.1 16  10   M    M   0        23  10
15  73  46  60  -3   5   0 0.00    M    M  5.5 14 240   M    M   2        24 240
16  63  54  59  -4   6   0 0.11    M    M  3.9  9 320   M    M  10 1       M  M
17  76  54  65   2   0   0 0.00    M    M  5.8 21 330   M    M   0        29 330
18  78  50  64   0   1   0 0.00    M    M  4.9 13 170   M    M   1        22 220
19  72  47  60  -4   5   0 0.10    M    M  4.0 16 310   M    M   6 1      22 310
20  74  43  59  -5   6   0 0.00    M    M  3.8 10 180   M    M   0        17 200
21  60  53  57  -8   8   0 1.34    M    M  5.7 13 120   M    M   9 1      18 120
22  77  55  66   1   0   1 0.00    M    M  4.5 15 310   M    M   7 1      19 310
23  59  52  56  -9   9   0 0.24    M    M  5.0 13 130   M    M   9 13     19 120
24  78  54  66   0   0   1 0.00    M    M 10.6 21 300   M    M   1 1      32 300
25  74  54  64  -2   1   0 0.00    M    M  7.8 18 300   M    M   2        29 300
26  76  47  62  -4   3   0 0.03    M    M  3.1 12 330   M    M   4        15 290
27  76  49  63  -3   2   0 0.00    M    M  2.6  9  70   M    M   0 1      14  80
28  58  51  55 -11  10   0 0.65    M    M  6.7 18 100   M    M   6 1      24 100
================================================================================
SM 1945 1407       154  18  4.49    M    141.7          M      130
================================================================================
AV 69.5 50.2                               5.1 FASTST   M    M   5    MAX(MPH)
                                 MISC ---->  # 21 330               # 32  300
================================================================================
NOTES:
# LAST OF SEVERAL OCCURRENCES

COLUMN 17 PEAK WIND IN M.P.H.

PRELIMINARY LOCAL CLIMATOLOGICAL DATA (WS FORM: F-6) , PAGE 2

                                          STATION:  MILLINOCKET ME
                                          MONTH:    JUNE
                                          YEAR:     2015
                                          LATITUDE:   45 39 N
                                          LONGITUDE:  68 41 W

[TEMPERATURE DATA]      [PRECIPITATION DATA]       SYMBOLS USED IN COLUMN 16

AVERAGE MONTHLY: 59.9   TOTAL FOR MONTH:   4.49    1 = FOG OR MIST
DPTR FM NORMAL:  -2.6   DPTR FM NORMAL:    0.69    2 = FOG REDUCING VISIBILITY
HIGHEST:    82 ON 12    GRTST 24HR  1.34 ON 21-21      TO 1/4 MILE OR LESS
LOWEST:     41 ON  2                               3 = THUNDER
                        SNOW, ICE PELLETS, HAIL    4 = ICE PELLETS
                        TOTAL MONTH:    M          5 = HAIL
                        GRTST 24HR    M  ON   M    6 = FREEZING RAIN OR DRIZZLE
                        GRTST DEPTH:  M  ON   M    7 = DUSTSTORM OR SANDSTORM:
                                                       VSBY 1/2 MILE OR LESS
                                                   8 = SMOKE OR HAZE
[NO. OF DAYS WITH]      [WEATHER - DAYS WITH]      9 = BLOWING SNOW
                                                   X = TORNADO
MAX 32 OR BELOW:   0    0.01 INCH OR MORE:  15
MAX 90 OR ABOVE:   0    0.10 INCH OR MORE:  14
MIN 32 OR BELOW:   0    0.50 INCH OR MORE:   3
MIN  0 OR BELOW:   0    1.00 INCH OR MORE:   1

[HDD (BASE 65) ]
TOTAL THIS MO.   154    CLEAR  (SCALE 0-3)  11
DPTR FM NORMAL    41    PTCLDY (SCALE 4-7)  10
TOTAL FM JUL 1  8443    CLOUDY (SCALE 8-10)  7
DPTR FM NORMAL    40

[CDD (BASE 65) ]
TOTAL THIS MO.    18
DPTR FM NORMAL   -26    [PRESSURE DATA]
TOTAL FM JAN 1    52    HIGHEST SLP M ON M
DPTR FM NORMAL     2    LOWEST  SLP 29.57 ON 10

[REMARKS]
