000
CXUS55 KBOU 250735
CF6MNH
PRELIMINARY LOCAL CLIMATOLOGICAL DATA (WS FORM: F-6)

                                          STATION:   ELBERT 6W CO
                                          MONTH:     MAY
                                          YEAR:      2017
                                          LATITUDE:   39 13 N
                                          LONGITUDE: 104 38 W

  TEMPERATURE IN F:       :PCPN:    SNOW:  WIND      :SUNSHINE: SKY     :PK WND
================================================================================
1   2   3   4   5  6A  6B    7    8   9   10  11  12  13   14  15   16   17  18
                                     12Z  AVG MX 2MIN
DY MAX MIN AVG DEP HDD CDD  WTR  SNW DPTH SPD SPD DIR MIN PSBL S-S WX    SPD DR
================================================================================

 1  57  28  43   M  22   0    M    M    M  6.3 12 340   M    M   3        21 290
 2  46  28  37   M  28   0    M    M    M  8.7 24 180   M    M   4        33 180
 3  43  30  37   M  28   0    M    M    M  8.7 18 360   M    M   6 1      25 360
 4  61  30  46   M  19   0    M    M    M  9.1 14  10   M    M   0        20  10
 5  68  36  52   M  13   0    M    M    M  8.1 14 180   M    M   0        22 200
 6  73  43  58   M   7   0    M    M    M 10.8 22 230   M    M   1 3      29 230
 7  70  45  58   M   7   0    M    M    M  8.5 25 180   M    M   4 3      32 180
 8  68  45  57   M   8   0    M    M    M  8.4 16 330   M    M   5 13     21  20
 9  57  43  50   M  15   0    M    M    M 12.4 30 200   M    M   6 13     36 200
10  50  41  46   M  19   0    M    M    M 11.2 16  10   M    M   8 123    21 360
11  54  37  46   M  19   0    M    M    M  9.2 16 340   M    M   6 1      22 340
12  64  36  50   M  15   0    M    M    M 14.4 23 170   M    M   0 1      32 170
13  73  43  58   M   7   0    M    M    M 13.0 21 160   M    M   0        28 160
14  70  43  57   M   8   0    M    M    M 12.2 25 170   M    M   0        35 170
15  72  46  59   M   6   0    M    M    M 13.9 25 170   M    M   0        38 170
16  64  36  50   M  15   0    M    M    M  9.8 18 160   M    M   2        29 160
17  63  32  48   M  17   0    M    M    M 11.0 20 350   M    M   5 3      29 240
18  34  28  31   M  34   0    M    M    M 12.7 18 340   M    M  10 1      24 330
19  32  28  30   M  35   0    M    M    M 12.7 17 330   M    M  10 12     24 350
20  52  27  40   M  25   0    M    M    M  8.9 16 330   M    M   3 12     22 340
21  57  32  45   M  20   0    M    M    M  6.4 12  30   M    M   5        18 210
22  57  32  45   M  20   0    M    M    M  9.7 25  10   M    M   6        37  10
23  52  32  42   M  23   0    M    M    M 10.9 20 340   M    M   4        27 340
24  73  32  53   M  12   0    M    M    M  9.4 21 280   M    M   0        27 280
================================================================================
SM 1410  853       422   0    M     M    246.4          M       88
================================================================================
AV 58.8 35.5                              10.3 FASTST   M    M   4    MAX(MPH)
                                 MISC ---->  # 30 200               # 38  170
================================================================================
NOTES:
# LAST OF SEVERAL OCCURRENCES

COLUMN 17 PEAK WIND IN M.P.H.

PRELIMINARY LOCAL CLIMATOLOGICAL DATA (WS FORM: F-6) , PAGE 2

                                          STATION:  ELBERT 6W CO
                                          MONTH:    MAY
                                          YEAR:     2017
                                          LATITUDE:   39 13 N
                                          LONGITUDE: 104 38 W

[TEMPERATURE DATA]      [PRECIPITATION DATA]       SYMBOLS USED IN COLUMN 16

AVERAGE MONTHLY: 47.2   TOTAL FOR MONTH:      M    1 = FOG OR MIST
DPTR FM NORMAL:     M   DPTR FM NORMAL:       M    2 = FOG REDUCING VISIBILITY
HIGHEST:    73 ON 24,13 GRTST 24HR    M  ON   M        TO 1/4 MILE OR LESS
LOWEST:     27 ON 20                               3 = THUNDER
                        SNOW, ICE PELLETS, HAIL    4 = ICE PELLETS
                        TOTAL MONTH:    M          5 = HAIL
                        GRTST 24HR    M  ON   M    6 = FREEZING RAIN OR DRIZZLE
                        GRTST DEPTH:  M  ON   M    7 = DUSTSTORM OR SANDSTORM:
                                                       VSBY 1/2 MILE OR LESS
                                                   8 = SMOKE OR HAZE
[NO. OF DAYS WITH]      [WEATHER - DAYS WITH]      9 = BLOWING SNOW
                                                   X = TORNADO
MAX 32 OR BELOW:   1    0.01 INCH OR MORE:   0
MAX 90 OR ABOVE:   0    0.10 INCH OR MORE:   0
MIN 32 OR BELOW:  12    0.50 INCH OR MORE:   0
MIN  0 OR BELOW:   0    1.00 INCH OR MORE:   0

[HDD (BASE 65) ]
TOTAL THIS MO.   422    CLEAR  (SCALE 0-3)  11
DPTR FM NORMAL     M    PTCLDY (SCALE 4-7)  10
TOTAL FM JUL 1  6322    CLOUDY (SCALE 8-10)  3
DPTR FM NORMAL     M

[CDD (BASE 65) ]
TOTAL THIS MO.     0
DPTR FM NORMAL     M    [PRESSURE DATA]
TOTAL FM JAN 1     0    HIGHEST SLP M ON M
DPTR FM NORMAL     M    LOWEST  SLP M ON M

[REMARKS]
