000
CXUS56 KSTO 191455
CF6MOD
PRELIMINARY LOCAL CLIMATOLOGICAL DATA (WS FORM: F-6)

                                          STATION:   MODESTO CA
                                          MONTH:     DECEMBER
                                          YEAR:      2014
                                          LATITUDE:   37 37 N
                                          LONGITUDE: 120 57 W

  TEMPERATURE IN F:       :PCPN:    SNOW:  WIND      :SUNSHINE: SKY     :PK WND
================================================================================
1   2   3   4   5  6A  6B    7    8   9   10  11  12  13   14  15   16   17  18
                                     12Z  AVG MX 2MIN
DY MAX MIN AVG DEP HDD CDD  WTR  SNW DPTH SPD SPD DIR MIN PSBL S-S WX    SPD DR
================================================================================

 1  66  45  56   6   9   0 0.00  0.0    0  2.0  8 170   M    M   4 128    10 210
 2  60  52  56   6   9   0 0.87  0.0    0  6.0 15  60   M    M   8 12     25 190
 3  68  59  64  14   1   0 0.12  0.0    0 10.6 18 150   M    M   9 1      30 140
 4  69  52  61  11   4   0 0.05  0.0    0  3.9  9 140   M    M   6 128    13 150
 5  64  53  59  10   6   0 0.06  0.0    0  4.9 13 120   M    M   5 18     17 140
 6  71  52  62  13   3   0    T  0.0    0  2.3  8 300   M    M   3 18     10 280
 7  64  49  57   8   8   0 0.00  0.0    0  2.5 15  90   M    M   2 128    19  90
 8  60  49  55   6  10   0 0.00  0.0    0  2.6  8 110   M    M   7 128    10 110
 9  56  49  53   5  12   0 0.00  0.0    0  2.5 12 320   M    M   9 128    14 310
10  54  51  53   5  12   0 0.00  0.0    0  8.5 15 140   M    M   8 128    22 130
11  66  51  59  11   6   0 2.18  0.0    0 11.5 28 140   M    M   7 18     46 140
12  56  50  53   5  12   0 0.76  0.0    0  2.6 10 310   M    M  10 1      13 300
13  52  44  48   0  17   0    T    M    0  2.0  8 340   M    M   8 128    10 330
14  55  42  49   1  16   0 0.00  0.0    0  5.1 13 120   M    M   5 128    15 120
15  52  45  49   1  16   0 0.71    M    0  5.4 12 150   M    M  10 1      16 140
16  62  47  55   8  10   0 0.45    M    0  7.0 15 280   M    M   5 1      20 130
17  60  45  53   6  12   0 0.03    M    0  3.5  9 130   M    M   7 12     12 130
18  61  47  54   7  11   0 0.05    M    0  5.7 12 150   M    M   3 1      16 140
================================================================================
SM 1096  882       174   0  5.28     0.0  88.6          M      116
================================================================================
AV 60.9 49.0                               4.9 FASTST   M    M   6    MAX(MPH)
                                 MISC ---->  # 28 140               # 46  140
================================================================================
NOTES:
# LAST OF SEVERAL OCCURRENCES

COLUMN 17 PEAK WIND IN M.P.H.

PRELIMINARY LOCAL CLIMATOLOGICAL DATA (WS FORM: F-6) , PAGE 2

                                          STATION:  MODESTO CA
                                          MONTH:    DECEMBER
                                          YEAR:     2014
                                          LATITUDE:   37 37 N
                                          LONGITUDE: 120 57 W

[TEMPERATURE DATA]      [PRECIPITATION DATA]       SYMBOLS USED IN COLUMN 16

AVERAGE MONTHLY: 54.9   TOTAL FOR MONTH:   5.28    1 = FOG OR MIST
DPTR FM NORMAL:   6.4   DPTR FM NORMAL:    4.21    2 = FOG REDUCING VISIBILITY
HIGHEST:    71 ON  6    GRTST 24HR  2.71 ON 11-12      TO 1/4 MILE OR LESS
LOWEST:     42 ON 14                               3 = THUNDER
                        SNOW, ICE PELLETS, HAIL    4 = ICE PELLETS
                        TOTAL MONTH:   0.0 INCH    5 = HAIL
                        GRTST 24HR     0.0         6 = FREEZING RAIN OR DRIZZLE
                        GRTST DEPTH:   0           7 = DUSTSTORM OR SANDSTORM:
                                                       VSBY 1/2 MILE OR LESS
                                                   8 = SMOKE OR HAZE
[NO. OF DAYS WITH]      [WEATHER - DAYS WITH]      9 = BLOWING SNOW
                                                   X = TORNADO
MAX 32 OR BELOW:   0    0.01 INCH OR MORE:  10
MAX 90 OR ABOVE:   0    0.10 INCH OR MORE:   6
MIN 32 OR BELOW:   0    0.50 INCH OR MORE:   4
MIN  0 OR BELOW:   0    1.00 INCH OR MORE:   1

[HDD (BASE 65) ]
TOTAL THIS MO.   174    CLEAR  (SCALE 0-3)   2
DPTR FM NORMAL  -125    PTCLDY (SCALE 4-7)  10
TOTAL FM JUL 1   472    CLOUDY (SCALE 8-10)  6
DPTR FM NORMAL  -188

[CDD (BASE 65) ]
TOTAL THIS MO.     0
DPTR FM NORMAL     0    [PRESSURE DATA]
TOTAL FM JAN 1  1855    HIGHEST SLP M ON M
DPTR FM NORMAL   156    LOWEST  SLP 30.11 ON 18

[REMARKS]
