000
CXUS56 KSTO 011455
CF6MOD
PRELIMINARY LOCAL CLIMATOLOGICAL DATA (WS FORM: F-6)

                                          STATION:   MODESTO CA
                                          MONTH:     JANUARY
                                          YEAR:      2015
                                          LATITUDE:   37 37 N
                                          LONGITUDE: 120 57 W

  TEMPERATURE IN F:       :PCPN:    SNOW:  WIND      :SUNSHINE: SKY     :PK WND
================================================================================
1   2   3   4   5  6A  6B    7    8   9   10  11  12  13   14  15   16   17  18
                                     12Z  AVG MX 2MIN
DY MAX MIN AVG DEP HDD CDD  WTR  SNW DPTH SPD SPD DIR MIN PSBL S-S WX    SPD DR
================================================================================

 1  51  28  40  -6  25   0 0.00  0.0    0  2.8  9 180   M    M   0 18     11 120
 2  52  27  40  -6  25   0 0.00  0.0    0  1.5  7 310   M    M   0 18      9 310
 3  56  28  42  -4  23   0 0.00  0.0    0  1.7  7 110   M    M   0 18      8 150
 4  56  30  43  -4  22   0 0.00  0.0    0  1.7  9 270   M    M   0 18     11 270
 5  60  32  46  -1  19   0 0.00  0.0    0  1.5  6 120   M    M   0 18      7 160
 6  61  36  49   2  16   0 0.00  0.0    0  3.1  8 320   M    M   0 18     16 280
 7  66  33  50   3  15   0 0.00  0.0    0  1.1  7 310   M    M   1 128     9 140
 8  63  36  50   3  15   0 0.00  0.0    0  2.5  9 260   M    M   3 128    11 300
 9  62  44  53   6  12   0 0.00  0.0    0  1.7  7 250   M    M   0 18     10 210
10  65  46  56   9   9   0 0.00  0.0    0  1.7  8 280   M    M   1 18      9 270
11  62  39  51   4  14   0 0.00  0.0    0  1.6  7 310   M    M   2 128     9 310
12  63  41  52   5  13   0 0.00  0.0    0  4.3 14 300   M    M   3 128    16 300
13  61  41  51   4  14   0 0.00  0.0    0  3.1  9 110   M    M   5 128    11 110
14  50  39  45  -2  20   0 0.00  0.0    0  3.2  8 300   M    M  10 12      9 290
15  47  41  44  -3  21   0 0.00  0.0    0  2.3  9 130   M    M  10 12     12 140
16  54  44  49   1  16   0 0.00  0.0    0  4.7 10 320   M    M   9 128    13 120
17  52  48  50   2  15   0 0.00  0.0    0  4.3  9 120   M    M  10 128    10 140
18  55  47  51   3  14   0 0.00  0.0    0  3.6 10 120   M    M   8 128    14 120
19  53  47  50   2  15   0 0.00  0.0    0  2.5  8 310   M    M  10 12     11 320
20  54  40  47  -1  18   0 0.00  0.0    0  2.5  7 130   M    M   8 128     M  M
21  56  39  48   0  17   0 0.00  0.0    0  3.5 12 140   M    M   8 128    15 160
22  55  39  47  -1  18   0 0.00  0.0    0  3.2 10 310   M    M   7 18     22  70
23  50  33  42  -6  23   0 0.00  0.0    0  4.7  9 120   M    M   9 128    12 160
24  46  43  45  -4  20   0 0.00  0.0    0  5.7 10 140   M    M  10 12     17 150
25  52  39  46  -3  19   0 0.00  0.0    0  3.5 10 150   M    M   6 18     14 160
26  58  35  47  -2  18   0 0.00    M    0  4.3  9 140   M    M   5 128    12 150
27  65  46  56   7   9   0    T    M    0  4.7 15 120   M    M   4 18     23 160
28  66  44  55   6  10   0 0.00  0.0    0  5.1 12 320   M    M   1 18     15 310
29  65  42  54   4  11   0 0.00  0.0    0  1.6  8 290   M    M   4 128    13 300
30  67  39  53   3  12   0 0.00  0.0    0  4.2 14 320   M    M   2 128    17 320
31  68  39  54   4  11   0 0.00  0.0    0  4.7 13 320   M    M   1 128    31  90
================================================================================
SM 1791 1205       509   0    T      0.0  96.6          M      137
================================================================================
AV 57.8 38.9                               3.1 FASTST   M    M   4    MAX(MPH)
                                 MISC ---->  # 15 120               # 31   90
================================================================================
NOTES:
# LAST OF SEVERAL OCCURRENCES

COLUMN 17 PEAK WIND IN M.P.H.

PRELIMINARY LOCAL CLIMATOLOGICAL DATA (WS FORM: F-6) , PAGE 2

                                          STATION:  MODESTO CA
                                          MONTH:    JANUARY
                                          YEAR:     2015
                                          LATITUDE:   37 37 N
                                          LONGITUDE: 120 57 W

[TEMPERATURE DATA]      [PRECIPITATION DATA]       SYMBOLS USED IN COLUMN 16

AVERAGE MONTHLY: 48.3   TOTAL FOR MONTH:      T    1 = FOG OR MIST
DPTR FM NORMAL:   0.5   DPTR FM NORMAL:   -2.61    2 = FOG REDUCING VISIBILITY
HIGHEST:    68 ON 31    GRTST 24HR    T  ON 27-27      TO 1/4 MILE OR LESS
LOWEST:     27 ON  2                               3 = THUNDER
                        SNOW, ICE PELLETS, HAIL    4 = ICE PELLETS
                        TOTAL MONTH:   0.0 INCH    5 = HAIL
                        GRTST 24HR     0.0         6 = FREEZING RAIN OR DRIZZLE
                        GRTST DEPTH:   0           7 = DUSTSTORM OR SANDSTORM:
                                                       VSBY 1/2 MILE OR LESS
                                                   8 = SMOKE OR HAZE
[NO. OF DAYS WITH]      [WEATHER - DAYS WITH]      9 = BLOWING SNOW
                                                   X = TORNADO
MAX 32 OR BELOW:   0    0.01 INCH OR MORE:   0
MAX 90 OR ABOVE:   0    0.10 INCH OR MORE:   0
MIN 32 OR BELOW:   5    0.50 INCH OR MORE:   0
MIN  0 OR BELOW:   0    1.00 INCH OR MORE:   0

[HDD (BASE 65) ]
TOTAL THIS MO.   509    CLEAR  (SCALE 0-3)  14
DPTR FM NORMAL   -26    PTCLDY (SCALE 4-7)   8
TOTAL FM JUL 1  1177    CLOUDY (SCALE 8-10)  9
DPTR FM NORMAL  -255

[CDD (BASE 65) ]
TOTAL THIS MO.     0
DPTR FM NORMAL     0    [PRESSURE DATA]
TOTAL FM JAN 1     0    HIGHEST SLP 30.45 ON  4
DPTR FM NORMAL     0    LOWEST  SLP 29.86 ON 30

[REMARKS]
#FINAL-01-15#
