000
CXUS53 KMPX 161000
CF6MPX
PRELIMINARY LOCAL CLIMATOLOGICAL DATA (WS FORM: F-6)

                                          STATION:   CHANHASSEN MN
                                          MONTH:     JANUARY
                                          YEAR:      2018
                                          LATITUDE:   44 50 N
                                          LONGITUDE:  93 34 W

  TEMPERATURE IN F:       :PCPN:    SNOW:  WIND      :SUNSHINE: SKY     :PK WND
================================================================================
1   2   3   4   5  6A  6B    7    8   9   10  11  12  13   14  15   16   17  18
                                     12Z  AVG MX 2MIN
DY MAX MIN AVG DEP HDD CDD  WTR  SNW DPTH SPD SPD DIR MIN PSBL S-S WX    SPD DR
================================================================================

 1  -2 -16  -9 -24  74   0 0.00  0.0    2   M   M   M   M    M   M         M  M
 2  13 -15  -1 -15  66   0    T  0.1    2   M   M   M   M    M   M         M  M
 3   8  -4   2 -12  63   0 0.00  0.0    2   M   M   M   M    M   M         M  M
 4   2  -9  -3 -17  68   0 0.00  0.0    2   M   M   M   M    M   M         M  M
 5   1 -14  -6 -20  71   0 0.00  0.0    2   M   M   M   M    M   M         M  M
 6  12 -15  -1 -15  66   0    T    T    2   M   M   M   M    M   M         M  M
 7  32  12  22   8  43   0 0.00  0.0    2   M   M   M   M    M   M         M  M
 8  36  23  30  16  35   0 0.00  0.0    2   M   M   M   M    M   M         M  M
 9  42  23  33  19  32   0 0.00  0.0    2   M   M   M   M    M   M         M  M
10  36  32  34  20  31   0 0.01  0.0    1   M   M   M   M    M   M         M  M
11  34  -5  15   1  50   0 0.17  2.0    T   M   M   M   M    M   M         M  M
12   1 -13  -6 -20  71   0 0.00  0.0    2   M   M   M   M    M   M         M  M
13   3 -14  -5 -19  70   0 0.00  0.0    2   M   M   M   M    M   M         M  M
14  16 -13   2 -12  63   0 0.15  3.6    2   M   M   M   M    M   M         M  M
15   9  -2   4 -10  61   0    T    T    5   M   M   M   M    M   M         M  M
================================================================================
SM  243  -30       864   0  0.33     5.7     M          M        M
================================================================================
AV 16.2 -2.0                                 M FASTST   M    M   4    MAX(MPH)
                                 MISC ---->     M   M                  M    M
================================================================================
NOTES:
# LAST OF SEVERAL OCCURRENCES

COLUMN 17 PEAK WIND IN M.P.H.

PRELIMINARY LOCAL CLIMATOLOGICAL DATA (WS FORM: F-6) , PAGE 2

                                          STATION:  CHANHASSEN MN
                                          MONTH:    JANUARY
                                          YEAR:     2018
                                          LATITUDE:   44 50 N
                                          LONGITUDE:  93 34 W

[TEMPERATURE DATA]      [PRECIPITATION DATA]       SYMBOLS USED IN COLUMN 16

AVERAGE MONTHLY:  7.1   TOTAL FOR MONTH:   0.33    1 = FOG OR MIST
DPTR FM NORMAL:  -7.0   DPTR FM NORMAL:   -0.12    2 = FOG REDUCING VISIBILITY
HIGHEST:    42 ON  9    GRTST 24HR  0.17 ON 11-11      TO 1/4 MILE OR LESS
LOWEST:    -16 ON  1                               3 = THUNDER
                        SNOW, ICE PELLETS, HAIL    4 = ICE PELLETS
                        TOTAL MONTH:   5.7 INCHES  5 = HAIL
                        GRTST 24HR   3.6 ON 14-14  6 = FREEZING RAIN OR DRIZZLE
                        GRTST DEPTH:   5 ON 15     7 = DUSTSTORM OR SANDSTORM:
                                                       VSBY 1/2 MILE OR LESS
                                                   8 = SMOKE OR HAZE
[NO. OF DAYS WITH]      [WEATHER - DAYS WITH]      9 = BLOWING SNOW
                                                   X = TORNADO
MAX 32 OR BELOW:  11    0.01 INCH OR MORE:   3
MAX 90 OR ABOVE:   0    0.10 INCH OR MORE:   2
MIN 32 OR BELOW:  15    0.50 INCH OR MORE:   0
MIN  0 OR BELOW:  11    1.00 INCH OR MORE:   0

[HDD (BASE 65) ]
TOTAL THIS MO.   864    CLEAR  (SCALE 0-3)   0
DPTR FM NORMAL   101    PTCLDY (SCALE 4-7)   0
TOTAL FM JUL 1  3956    CLOUDY (SCALE 8-10)  0
DPTR FM NORMAL    32

[CDD (BASE 65) ]
TOTAL THIS MO.     0
DPTR FM NORMAL     0    [PRESSURE DATA]
TOTAL FM JAN 1     0    HIGHEST SLP M ON M
DPTR FM NORMAL     0    LOWEST  SLP M ON M

[REMARKS]
