000
CXUS53 KMQT 261000
CF6MQT
PRELIMINARY LOCAL CLIMATOLOGICAL DATA (WS FORM: F-6)

                                          STATION:   MARQUETTE MI
                                          MONTH:     DECEMBER
                                          YEAR:      2014
                                          LATITUDE:   46 31 N
                                          LONGITUDE:  87 33 W

  TEMPERATURE IN F:       :PCPN:    SNOW:  WIND      :SUNSHINE: SKY     :PK WND
================================================================================
1   2   3   4   5  6A  6B    7    8   9   10  11  12  13   14  15   16   17  18
                                     12Z  AVG MX 2MIN
DY MAX MIN AVG DEP HDD CDD  WTR  SNW DPTH SPD SPD DIR MIN PSBL S-S WX    SPD DR
================================================================================

 1   8 -11  -1 -24  66   0    T    T   14   M   M   M   M    M   M 9      32 270
 2  21   0  11 -12  54   0 0.07  1.1   14   M   M   M   M    M   M        29 180
 3  19  10  15  -8  50   0 0.01  0.9   14   M   M   M   M    M   M 9      33 270
 4  23  -6   9 -13  56   0    T  0.1   15   M   M   M   M    M   M        31 180
 5  32  19  26   4  39   0 0.00  0.0   15   M   M   M   M    M   M 1      24 225
 6  27   7  17  -4  48   0 0.00  0.0   15   M   M   M   M    M   M        18 315
 7  29   5  17  -4  48   0 0.00  0.0   14   M   M   M   M    M   M        36 180
 8  32  27  30   9  35   0 0.09  1.1   15   M   M   M   M    M   M 16     28 180
 9  32  21  27   7  38   0 0.03  0.3   15   M   M   M   M    M   M 16     28 315
10  31  10  21   1  44   0    T    T   15   M   M   M   M    M   M        10  90
11  38   3  21   1  44   0 0.00  0.0   14   M   M   M   M    M   M         9  45
12  38  12  25   6  40   0 0.00  0.0   14   M   M   M   M    M   M 1      11 225
13  44  24  34  15  31   0 0.00  0.0   14   M   M   M   M    M   M 1      13 270
14  42  34  38  19  27   0    T  0.0   14   M   M   M   M    M   M 1      10 270
15  42  35  39  21  26   0    T  0.0   12   M   M   M   M    M   M 12     24 225
16  35  24  30  12  35   0 0.36  3.3    9   M   M   M   M    M   M 146    27 360
17  24  21  23   5  42   0 0.25  3.5   12   M   M   M   M    M   M        26 315
18  26   8  17  -1  48   0    T    T   13   M   M   M   M    M   M        16 360
19  27  12  20   3  45   0 0.00  0.0   12   M   M   M   M    M   M         8 135
20  28   8  18   1  47   0    T    T   12   M   M   M   M    M   M        11 225
21  32  23  28  11  37   0 0.09  1.1   12   M   M   M   M    M   M 1      25 180
22  32  29  31  14  34   0 0.11  1.3   13   M   M   M   M    M   M 1      23 180
23  31  28  30  14  35   0 0.54  5.6   14   M   M   M   M    M   M 12     17  90
24  32  28  30  14  35   0 0.04  0.2   18   M   M   M   M    M   M 12     13  45
25  32  28  30  14  35   0    T  0.1   18   M   M   M   M    M   M        20 270
================================================================================
SM  757  399      1039   0  1.59    18.6     M          M        M
================================================================================
AV 30.3 16.0                                 M FASTST   M    M  -1    MAX(MPH)
                                 MISC ---->     M   M               # 36  180
================================================================================
NOTES:
# LAST OF SEVERAL OCCURRENCES

COLUMN 17 PEAK WIND IN M.P.H.

PRELIMINARY LOCAL CLIMATOLOGICAL DATA (WS FORM: F-6) , PAGE 2

                                          STATION:  MARQUETTE MI
                                          MONTH:    DECEMBER
                                          YEAR:     2014
                                          LATITUDE:   46 31 N
                                          LONGITUDE:  87 33 W

[TEMPERATURE DATA]      [PRECIPITATION DATA]       SYMBOLS USED IN COLUMN 16

AVERAGE MONTHLY: 23.1   TOTAL FOR MONTH:   1.59    1 = FOG OR MIST
DPTR FM NORMAL:   3.9   DPTR FM NORMAL:   -0.53    2 = FOG REDUCING VISIBILITY
HIGHEST:    44 ON 13    GRTST 24HR  0.54 ON 23-23      TO 1/4 MILE OR LESS
LOWEST:    -11 ON  1                               3 = THUNDER
                        SNOW, ICE PELLETS, HAIL    4 = ICE PELLETS
                        TOTAL MONTH:  18.6 INCHES  5 = HAIL
                        GRTST 24HR   5.6 ON   M    6 = FREEZING RAIN OR DRIZZLE
                        GRTST DEPTH:  18 ON 25,24  7 = DUSTSTORM OR SANDSTORM:
                                                       VSBY 1/2 MILE OR LESS
                                                   8 = SMOKE OR HAZE
[NO. OF DAYS WITH]      [WEATHER - DAYS WITH]      9 = BLOWING SNOW
                                                   X = TORNADO
MAX 32 OR BELOW:  19    0.01 INCH OR MORE:  10
MAX 90 OR ABOVE:   0    0.10 INCH OR MORE:   4
MIN 32 OR BELOW:  23    0.50 INCH OR MORE:   1
MIN  0 OR BELOW:   3    1.00 INCH OR MORE:   0

[HDD (BASE 65) ]
TOTAL THIS MO.  1039    CLEAR  (SCALE 0-3)   0
DPTR FM NORMAL  -104    PTCLDY (SCALE 4-7)   0
TOTAL FM JUL 1  3569    CLOUDY (SCALE 8-10)  0
DPTR FM NORMAL   224

[CDD (BASE 65) ]
TOTAL THIS MO.     0
DPTR FM NORMAL     0    [PRESSURE DATA]
TOTAL FM JAN 1   152    HIGHEST SLP M ON M
DPTR FM NORMAL   -90    LOWEST  SLP M ON M

[REMARKS]
