000
CXUS53 KMQT 271000
CF6MQT
PRELIMINARY LOCAL CLIMATOLOGICAL DATA (WS FORM: F-6)

                                          STATION:   MARQUETTE MI
                                          MONTH:     FEBRUARY
                                          YEAR:      2015
                                          LATITUDE:   46 31 N
                                          LONGITUDE:  87 33 W

  TEMPERATURE IN F:       :PCPN:    SNOW:  WIND      :SUNSHINE: SKY     :PK WND
================================================================================
1   2   3   4   5  6A  6B    7    8   9   10  11  12  13   14  15   16   17  18
                                     12Z  AVG MX 2MIN
DY MAX MIN AVG DEP HDD CDD  WTR  SNW DPTH SPD SPD DIR MIN PSBL S-S WX    SPD DR
================================================================================

 1   8   4   6  -7  59   0 0.11  2.6   27   M   M   M   M    M   M        20  45
 2  12   0   6  -7  59   0    T  0.1   27   M   M   M   M    M   M        17 270
 3  17  -2   8  -5  57   0 0.00  0.0   26   M   M   M   M    M   M        18 270
 4   9  -7   1 -13  64   0 0.06  1.3   26   M   M   M   M    M   M 9      30 270
 5  15 -16   0 -14  65   0    T    T   26   M   M   M   M    M   M 9      34 270
 6  18  11  15   1  50   0 0.03  1.7   26   M   M   M   M    M   M        22 270
 7  19  13  16   2  49   0 0.21  2.0   28   M   M   M   M    M   M 46     14  90
 8  16  12  14   0  51   0 0.16  9.2   30   M   M   M   M    M   M 6      15  45
 9  21  -3   9  -5  56   0 0.02  2.4   37   M   M   M   M    M   M         9 315
10  24  15  20   6  45   0 0.02  0.4   34   M   M   M   M    M   M 6      19 135
11  23   4  14   0  51   0 0.16  3.2   34   M   M   M   M    M   M 9      31 315
12   5 -17  -6 -21  71   0 0.19  3.6   33   M   M   M   M    M   M 9      33 360
13  13 -17  -2 -17  67   0 0.04  2.1   31   M   M   M   M    M   M        22 315
14   6  -6   0 -15  65   0 0.40  5.9   34   M   M   M   M    M   M 9      40 360
15   5  -6   0 -15  65   0 0.14  2.1   34   M   M   M   M    M   M        20 360
16  10  -2   4 -12  61   0    T    T   34   M   M   M   M    M   M        17 270
17   6  -6   0 -16  65   0    T  0.2   33   M   M   M   M    M   M        19 315
18  -3 -16  -9 -25  74   0 0.01  0.3   33   M   M   M   M    M   M 9      26 315
19  -4 -25 -14 -30  79   0    T    T   32   M   M   M   M    M   M        20 315
20   8 -26  -9 -25  74   0 0.03  0.9   32   M   M   M   M    M   M 9      28 180
21  14  -5   5 -12  60   0    T  0.2   32   M   M   M   M    M   M        18 315
22  -1 -17  -9 -26  74   0    T  0.1   32   M   M   M   M    M   M        24 315
23  10 -28  -9 -26  74   0 0.00  0.0   32   M   M   M   M    M   M        29 225
24  22  -3  10  -8  55   0 0.08  1.9   33   M   M   M   M    M   M 9      34 315
25   6 -10  -2 -20  67   0    T  0.1   32   M   M   M   M    M   M        16 270
26   7 -14  -3 -21  68   0 0.01  0.4   32   M   M   M   M    M   M        16 315
================================================================================
SM  286 -167      1625   0  1.67    40.7     M          M        M
================================================================================
AV 11.0 -6.4                                 M FASTST   M    M -nan   MAX(MPH)
                                 MISC ---->     M   M               # 40  360
================================================================================
NOTES:
# LAST OF SEVERAL OCCURRENCES

COLUMN 17 PEAK WIND IN M.P.H.

PRELIMINARY LOCAL CLIMATOLOGICAL DATA (WS FORM: F-6) , PAGE 2

                                          STATION:  MARQUETTE MI
                                          MONTH:    FEBRUARY
                                          YEAR:     2015
                                          LATITUDE:   46 31 N
                                          LONGITUDE:  87 33 W

[TEMPERATURE DATA]      [PRECIPITATION DATA]       SYMBOLS USED IN COLUMN 16

AVERAGE MONTHLY:  2.3   TOTAL FOR MONTH:   1.67    1 = FOG OR MIST
DPTR FM NORMAL: -12.9   DPTR FM NORMAL:   -0.29    2 = FOG REDUCING VISIBILITY
HIGHEST:    24 ON 10    GRTST 24HR  0.40 ON 14-14      TO 1/4 MILE OR LESS
LOWEST:    -28 ON 23                               3 = THUNDER
                        SNOW, ICE PELLETS, HAIL    4 = ICE PELLETS
                        TOTAL MONTH:  40.7 INCHES  5 = HAIL
                        GRTST 24HR   9.2 ON   M    6 = FREEZING RAIN OR DRIZZLE
                        GRTST DEPTH:  37 ON  9     7 = DUSTSTORM OR SANDSTORM:
                                                       VSBY 1/2 MILE OR LESS
                                                   8 = SMOKE OR HAZE
[NO. OF DAYS WITH]      [WEATHER - DAYS WITH]      9 = BLOWING SNOW
                                                   X = TORNADO
MAX 32 OR BELOW:  26    0.01 INCH OR MORE:  16
MAX 90 OR ABOVE:   0    0.10 INCH OR MORE:   7
MIN 32 OR BELOW:  26    0.50 INCH OR MORE:   0
MIN  0 OR BELOW:  20    1.00 INCH OR MORE:   0

[HDD (BASE 65) ]
TOTAL THIS MO.  1625    CLEAR  (SCALE 0-3)   0
DPTR FM NORMAL   331    PTCLDY (SCALE 4-7)   0
TOTAL FM JUL 1  7189    CLOUDY (SCALE 8-10)  0
DPTR FM NORMAL   658

[CDD (BASE 65) ]
TOTAL THIS MO.     0
DPTR FM NORMAL     0    [PRESSURE DATA]
TOTAL FM JAN 1     0    HIGHEST SLP M ON M
DPTR FM NORMAL     0    LOWEST  SLP M ON M

[REMARKS]
