000
CXUS53 KMQT 191000
CF6MQT
PRELIMINARY LOCAL CLIMATOLOGICAL DATA (WS FORM: F-6)

                                          STATION:   MARQUETTE MI
                                          MONTH:     FEBRUARY
                                          YEAR:      2018
                                          LATITUDE:   46 31 N
                                          LONGITUDE:  87 33 W

  TEMPERATURE IN F:       :PCPN:    SNOW:  WIND      :SUNSHINE: SKY     :PK WND
================================================================================
1   2   3   4   5  6A  6B    7    8   9   10  11  12  13   14  15   16   17  18
                                     12Z  AVG MX 2MIN
DY MAX MIN AVG DEP HDD CDD  WTR  SNW DPTH SPD SPD DIR MIN PSBL S-S WX    SPD DR
================================================================================

 1  15  -2   7  -6  58   0 0.07  1.4   19   M   M   M   M    M   M 9      30 270
 2   5  -1   2 -11  63   0 0.01  0.1   18   M   M   M   M    M   M        24 270
 3   9   0   5  -8  60   0 0.16  1.9   18   M   M   M   M    M   M        21 315
 4   6  -4   1 -13  64   0    T    T   20   M   M   M   M    M   M        24 360
 5  12  -9   2 -12  63   0    T    T   19   M   M   M   M    M   M        23 270
 6  10 -14  -2 -16  67   0    T    T   19   M   M   M   M    M   M        14 225
 7  14  -8   3 -11  62   0 0.00  0.0   19   M   M   M   M    M   M        17 270
 8  11 -18  -3 -17  68   0 0.00  0.0   19   M   M   M   M    M   M        19 270
 9  13 -10   2 -12  63   0    T    T   19   M   M   M   M    M   M        14 315
10  15  -8   4 -10  61   0 0.00  0.0   19   M   M   M   M    M   M        19 270
11  24  -2  11  -3  54   0    T  0.1   19   M   M   M   M    M   M        30 270
12  14 -10   2 -13  63   0    T    T   19   M   M   M   M    M   M        18 315
13  25 -12   7  -8  58   0    T    T   19   M   M   M   M    M   M        31 225
14  48  20  34  19  31   0 0.00  0.0   19   M   M   M   M    M   M        26 270
15  33  16  25  10  40   0    T    T   19   M   M   M   M    M   M 6      21 315
16  20   4  12  -4  53   0 0.02  0.9   19   M   M   M   M    M   M        25 270
17  30  10  20   4  45   0 0.00  0.0   19   M   M   M   M    M   M        24 225
18  28   2  15  -1  50   0 0.01  0.3   18   M   M   M   M    M   M        27 180
================================================================================
SM  332  -46      1023   0  0.27     4.7     M          M        M
================================================================================
AV 18.4 -2.6                                 M FASTST   M    M -nan   MAX(MPH)
                                 MISC ---->     M   M               # 31  225
================================================================================
NOTES:
# LAST OF SEVERAL OCCURRENCES

COLUMN 17 PEAK WIND IN M.P.H.

PRELIMINARY LOCAL CLIMATOLOGICAL DATA (WS FORM: F-6) , PAGE 2

                                          STATION:  MARQUETTE MI
                                          MONTH:    FEBRUARY
                                          YEAR:     2018
                                          LATITUDE:   46 31 N
                                          LONGITUDE:  87 33 W

[TEMPERATURE DATA]      [PRECIPITATION DATA]       SYMBOLS USED IN COLUMN 16

AVERAGE MONTHLY:  7.9   TOTAL FOR MONTH:   0.27    1 = FOG OR MIST
DPTR FM NORMAL:  -6.4   DPTR FM NORMAL:   -1.05    2 = FOG REDUCING VISIBILITY
HIGHEST:    48 ON 14    GRTST 24HR  0.16 ON  3- 3      TO 1/4 MILE OR LESS
LOWEST:    -18 ON  8                               3 = THUNDER
                        SNOW, ICE PELLETS, HAIL    4 = ICE PELLETS
                        TOTAL MONTH:   4.7 INCHES  5 = HAIL
                        GRTST 24HR   1.9 ON  3- 3  6 = FREEZING RAIN OR DRIZZLE
                        GRTST DEPTH:  20 ON  4     7 = DUSTSTORM OR SANDSTORM:
                                                       VSBY 1/2 MILE OR LESS
                                                   8 = SMOKE OR HAZE
[NO. OF DAYS WITH]      [WEATHER - DAYS WITH]      9 = BLOWING SNOW
                                                   X = TORNADO
MAX 32 OR BELOW:  16    0.01 INCH OR MORE:   5
MAX 90 OR ABOVE:   0    0.10 INCH OR MORE:   1
MIN 32 OR BELOW:  18    0.50 INCH OR MORE:   0
MIN  0 OR BELOW:  13    1.00 INCH OR MORE:   0

[HDD (BASE 65) ]
TOTAL THIS MO.  1023    CLEAR  (SCALE 0-3)   0
DPTR FM NORMAL   113    PTCLDY (SCALE 4-7)   0
TOTAL FM JUL 1  6279    CLOUDY (SCALE 8-10)  0
DPTR FM NORMAL   132

[CDD (BASE 65) ]
TOTAL THIS MO.     0
DPTR FM NORMAL     0    [PRESSURE DATA]
TOTAL FM JAN 1     0    HIGHEST SLP M ON M
DPTR FM NORMAL     0    LOWEST  SLP M ON M

[REMARKS]
