000
CXUS52 KMHX 230806
CF6MRH
PRELIMINARY LOCAL CLIMATOLOGICAL DATA (WS FORM: F-6)

                                          STATION:   BEAUFORT/SMITH FIELD NC
                                          MONTH:     NOVEMBER
                                          YEAR:      2014
                                          LATITUDE:   34 43 N
                                          LONGITUDE:  76 39 W

  TEMPERATURE IN F:       :PCPN:    SNOW:  WIND      :SUNSHINE: SKY     :PK WND
================================================================================
1   2   3   4   5  6A  6B    7    8   9   10  11  12  13   14  15   16   17  18
                                     12Z  AVG MX 2MIN
DY MAX MIN AVG DEP HDD CDD  WTR  SNW DPTH SPD SPD DIR MIN PSBL S-S WX    SPD DR
================================================================================

 1  58  47  53  -8  12   0 0.40    M    0 13.9 36 340   M    M   6 1      45 340
 2  52  41  47 -13  18   0 0.00  0.0    0 18.7 35 330   M    M   3        42 330
 3  62  38  50 -10  15   0 0.00  0.0    0  7.0 16 330   M    M   0        19 330
 4  65  44  55  -5  10   0 0.00  0.0    0  7.2 15 230   M    M   0        17 230
 5  71  58  65   5   0   0 0.00  0.0    0  6.8 12 230   M    M   0        17 280
 6  72  57  65   6   0   0    T  0.0    0 15.5 29 340   M    M   2        39 340
 7  63  49  56  -3   9   0 0.00  0.0    0 11.9 28 340   M    M   1        35 340
 8  63  42  53  -6  12   0 0.00  0.0    0  3.1  9  50   M    M   1        12  30
 9  62  43  53  -6  12   0    T    M    0  3.9 14  20   M    M   2        17  10
10  66  45  56  -2   9   0 0.00  0.0    0  9.3 16  40   M    M   2        24  30
11  67  59  63   5   2   0 1.71  0.0    0  7.7 14 330   M    M  10 1      17  30
12  75  57  66   8   0   1 0.00  0.0    0  7.6 16 340   M    M   5 1      19 340
13  69  48  59   1   6   0 0.04  0.0    0  7.5 17 360   M    M   7 1      22 360
14  48  36  42 -15  23   0 0.01  0.0    0 11.9 21  10   M    M   7 1      27  10
15  49  33  41 -16  24   0 0.00  0.0    0  8.5 16  10   M    M   0        22 360
16  59  37  48  -9  17   0 0.32    M    0  6.8 23 300   M    M   7 1      27 290
17  74  51  63   7   2   0 0.11  0.0    0 13.0 26 210   M    M   6 18     34 190
18  63  33  48  -8  17   0 0.00  0.0    0 14.9 24 330   M    M   1        29 330
19  47  26  37 -19  28   0 0.00  0.0    0  8.9 20 230   M    M   0        24 230
20  57  38  48  -8  17   0 0.00  0.0    0 13.0 21 240   M    M   0        28 240
21  53  35  44 -11  21   0 0.00  0.0    0 10.1 20 360   M    M   0        26 340
22  59  32  46  -9  19   0 0.00  0.0    0  4.7 12  30   M    M   0        17  30
================================================================================
SM 1354  949       273   1  2.59     0.0 211.9          M       60
================================================================================
AV 61.5 43.1                               9.6 FASTST   M    M   3    MAX(MPH)
                                 MISC ---->  # 36 340               # 45  340
================================================================================
NOTES:
# LAST OF SEVERAL OCCURRENCES

COLUMN 17 PEAK WIND IN M.P.H.

PRELIMINARY LOCAL CLIMATOLOGICAL DATA (WS FORM: F-6) , PAGE 2

                                          STATION:  BEAUFORT/SMITH FIELD NC
                                          MONTH:    NOVEMBER
                                          YEAR:     2014
                                          LATITUDE:   34 43 N
                                          LONGITUDE:  76 39 W

[TEMPERATURE DATA]      [PRECIPITATION DATA]       SYMBOLS USED IN COLUMN 16

AVERAGE MONTHLY: 52.3   TOTAL FOR MONTH:   2.59    1 = FOG OR MIST
DPTR FM NORMAL:  -5.6   DPTR FM NORMAL:   -0.22    2 = FOG REDUCING VISIBILITY
HIGHEST:    75 ON 12    GRTST 24HR  1.71 ON 11-11      TO 1/4 MILE OR LESS
LOWEST:     26 ON 19                               3 = THUNDER
                        SNOW, ICE PELLETS, HAIL    4 = ICE PELLETS
                        TOTAL MONTH:   0.0 INCH    5 = HAIL
                        GRTST 24HR     0.0         6 = FREEZING RAIN OR DRIZZLE
                        GRTST DEPTH:   0           7 = DUSTSTORM OR SANDSTORM:
                                                       VSBY 1/2 MILE OR LESS
                                                   8 = SMOKE OR HAZE
[NO. OF DAYS WITH]      [WEATHER - DAYS WITH]      9 = BLOWING SNOW
                                                   X = TORNADO
MAX 32 OR BELOW:   0    0.01 INCH OR MORE:   6
MAX 90 OR ABOVE:   0    0.10 INCH OR MORE:   4
MIN 32 OR BELOW:   2    0.50 INCH OR MORE:   1
MIN  0 OR BELOW:   0    1.00 INCH OR MORE:   1

[HDD (BASE 65) ]
TOTAL THIS MO.   273    CLEAR  (SCALE 0-3)  15
DPTR FM NORMAL   102    PTCLDY (SCALE 4-7)   6
TOTAL FM JUL 1   335    CLOUDY (SCALE 8-10)  1
DPTR FM NORMAL    75

[CDD (BASE 65) ]
TOTAL THIS MO.     1
DPTR FM NORMAL   -13    [PRESSURE DATA]
TOTAL FM JAN 1  1919    HIGHEST SLP M ON M
DPTR FM NORMAL   123    LOWEST  SLP 29.51 ON  1

[REMARKS]
