000
CXUS52 KMHX 230806
CF6MRH
PRELIMINARY LOCAL CLIMATOLOGICAL DATA (WS FORM: F-6)

                                          STATION:   BEAUFORT/SMITH FIELD NC
                                          MONTH:     APRIL
                                          YEAR:      2014
                                          LATITUDE:   34 43 N
                                          LONGITUDE:  76 39 W

  TEMPERATURE IN F:       :PCPN:    SNOW:  WIND      :SUNSHINE: SKY     :PK WND
================================================================================
1   2   3   4   5  6A  6B    7    8   9   10  11  12  13   14  15   16   17  18
                                     12Z  AVG MX 2MIN
DY MAX MIN AVG DEP HDD CDD  WTR  SNW DPTH SPD SPD DIR MIN PSBL S-S WX    SPD DR
================================================================================

 1  69  40  55  -2  10   0 0.00  0.0    0  6.4 14 220   M    M   0        21 210
 2  70  56  63   6   2   0 0.00  0.0    0 12.2 18 230   M    M   0        26 210
 3  68  58  63   5   2   0 0.00  0.0    0 12.8 20 230   M    M   0        26 230
 4  70  59  65   7   0   0 0.00  0.0    0 16.7 26 210   M    M   1 18     35 210
 5  73  57  65   7   0   0 0.00  0.0    0 12.7 23 230   M    M   1 18     34 220
 6  58  51  55  -3  10   0 0.00  0.0    0 13.5 23  50   M    M   6        33  50
 7  72  57  65   6   0   0 0.07  0.0    0 12.5 21 190   M    M   6 18     29 190
 8  67  61  64   5   1   0 0.12  0.0    0 14.6 22 190   M    M   7 1      29 180
 9  70  53  62   3   3   0 0.00  0.0    0 10.2 22 340   M    M   4 8      30 330
10  69  48  59  -1   6   0 0.00  0.0    0  7.7 15 220   M    M   0 1      19 220
11  72  59  66   6   0   1 0.00  0.0    0 14.0 22 200   M    M   0        30 190
12  74  60  67   7   0   2 0.00  0.0    0  9.1 15 220   M    M   0        19 220
13  76  55  66   6   0   1    T  0.0    0  5.7 12 180   M    M   2 1       M  M
14  76  64  70   9   0   5 0.04  0.0    M  9.6 21 180   M    M   5 1      29 170
15  71  47  59  -2   6   0 0.71    M    0 16.4 32 360   M    M   8 18     46 350
16  54  40  47 -14  18   0    T  0.0    0 17.1 30 350   M    M   4        37 340
17  63  43  53  -9  12   0 0.00  0.0    0 15.5 23  20   M    M   3        31  20
18  64  48  56  -6   9   0 0.02  0.0    0 14.6 23  20   M    M   8 1      29  20
19  57  52  55  -7  10   0 1.70  0.0    0 17.2 25  20   M    M   9 1      38  40
20  57  51  54  -8  11   0 0.15  0.0    0 21.9 33  20   M    M  10 1      47  30
21  68  50  59  -3   6   0    T  0.0    0 14.2 26  20   M    M   6 1      36  10
22  70  46  58  -5   7   0 0.00  0.0    0  9.4 20 220   M    M   1 12     25 210
================================================================================
SM 1488 1155       113   9  2.81     0.0 284.0          M       81
================================================================================
AV 67.6 52.5                              12.9 FASTST   M    M   4    MAX(MPH)
                                 MISC ---->  # 33  20               # 47   30
================================================================================
NOTES:
# LAST OF SEVERAL OCCURRENCES

COLUMN 17 PEAK WIND IN M.P.H.

PRELIMINARY LOCAL CLIMATOLOGICAL DATA (WS FORM: F-6) , PAGE 2

                                          STATION:  BEAUFORT/SMITH FIELD NC
                                          MONTH:    APRIL
                                          YEAR:     2014
                                          LATITUDE:   34 43 N
                                          LONGITUDE:  76 39 W

[TEMPERATURE DATA]      [PRECIPITATION DATA]       SYMBOLS USED IN COLUMN 16

AVERAGE MONTHLY: 60.1   TOTAL FOR MONTH:   2.81    1 = FOG OR MIST
DPTR FM NORMAL:   0.1   DPTR FM NORMAL:    0.20    2 = FOG REDUCING VISIBILITY
HIGHEST:    76 ON 14,13 GRTST 24HR  1.71 ON 18-19      TO 1/4 MILE OR LESS
LOWEST:     40 ON 16, 1                            3 = THUNDER
                        SNOW, ICE PELLETS, HAIL    4 = ICE PELLETS
                        TOTAL MONTH:   0.0 INCH    5 = HAIL
                        GRTST 24HR     0.0         6 = FREEZING RAIN OR DRIZZLE
                        GRTST DEPTH:   0           7 = DUSTSTORM OR SANDSTORM:
                                                       VSBY 1/2 MILE OR LESS
                                                   8 = SMOKE OR HAZE
[NO. OF DAYS WITH]      [WEATHER - DAYS WITH]      9 = BLOWING SNOW
                                                   X = TORNADO
MAX 32 OR BELOW:   0    0.01 INCH OR MORE:   7
MAX 90 OR ABOVE:   0    0.10 INCH OR MORE:   4
MIN 32 OR BELOW:   0    0.50 INCH OR MORE:   2
MIN  0 OR BELOW:   0    1.00 INCH OR MORE:   1

[HDD (BASE 65) ]
TOTAL THIS MO.   113    CLEAR  (SCALE 0-3)  11
DPTR FM NORMAL   -16    PTCLDY (SCALE 4-7)   8
TOTAL FM JUL 1  2574    CLOUDY (SCALE 8-10)  3
DPTR FM NORMAL    72

[CDD (BASE 65) ]
TOTAL THIS MO.     9
DPTR FM NORMAL    -7    [PRESSURE DATA]
TOTAL FM JAN 1     9    HIGHEST SLP M ON M
DPTR FM NORMAL    -9    LOWEST  SLP 29.55 ON  8

[REMARKS]
