000
CXUS51 KBTV 260714
CF6MSS
PRELIMINARY LOCAL CLIMATOLOGICAL DATA (WS FORM: F-6)

                                          STATION:   MASSENA NY
                                          MONTH:     MARCH
                                          YEAR:      2017
                                          LATITUDE:   44 55 N
                                          LONGITUDE:  74 51 W

  TEMPERATURE IN F:       :PCPN:    SNOW:  WIND      :SUNSHINE: SKY     :PK WND
================================================================================
1   2   3   4   5  6A  6B    7    8   9   10  11  12  13   14  15   16   17  18
                                     12Z  AVG MX 2MIN
DY MAX MIN AVG DEP HDD CDD  WTR  SNW DPTH SPD SPD DIR MIN PSBL S-S WX    SPD DR
================================================================================

 1  56  40  48  26  17   0 0.37    M    0  8.6 26 220   M    M   8 1      36 230
 2  44  13  29   7  36   0 0.02    M    0 17.4 29 270   M    M   6 19     37 270
 3  17   8  13  -9  52   0    T    M    0  9.2 22 290   M    M   5 8      30 290
 4   9   1   5 -18  60   0 0.00  0.0    0 11.2 20 310   M    M   2        25 310
 5  23   1  12 -11  53   0 0.00  0.0    0  3.3 10 300   M    M   0        13 300
 6  35   7  21  -3  44   0 0.23    M    0  8.0 18  60   M    M   8 16     22  60
 7  51  32  42  18  23   0 0.08    M    0  6.6 10  60   M    M  10 16      M  M
 8  51  37  44  20  21   0 0.17    M    0 17.4 43 220   M    M   6 1      54 230
 9  39  27  33   8  32   0 0.00  0.0    0 16.1 33 260   M    M   9        42 250
10  27   3  15 -10  50   0    T    M    0 11.5 24 300   M    M   8 18     38 310
11  10  -1   5 -21  60   0    T    M    0 15.3 30 290   M    M   4 89     38 290
12  17   2  10 -16  55   0 0.00  0.0    0 11.1 21 290   M    M   1        30 290
13  19   5  12 -14  53   0 0.00  0.0    0  4.7 10 310   M    M   3        15 290
14  18  15  17 -10  48   0 0.11    M    0 15.5 28  40   M    M  10 12     34  40
15  22  16  19  -8  46   0    T    M    0 15.0 23 290   M    M  10 18     35 290
16  28  14  21  -7  44   0    T    M    0 12.4 25 300   M    M   7        33 300
17  32   3  18 -10  47   0 0.00  0.0    0  5.8 15 280   M    M   2        19 290
18  33  -4  15 -14  50   0 0.00  0.0    0 10.7 24  50   M    M   0        30  50
19  40   3  22  -7  43   0 0.00  0.0    0  2.7 10  30   M    M   0        14  50
20  41   9  25  -5  40   0 0.00  0.0    0  5.7 14 250   M    M   4        18 250
21  38  27  33   3  32   0 0.03    M    0  7.1 26 310   M    M   9 1      38 300
22  27   7  17 -14  48   0 0.00  0.0    0 13.8 29 310   M    M   4        39 300
23  35   5  20 -11  45   0 0.00  0.0    0  7.7 17 210   M    M   0        23 290
24  33  26  30  -2  35   0 0.64    M    0  2.7  9 160   M    M  10 12     12 160
25  37  18  28  -4  37   0 0.00  0.0    0  3.0 16  40   M    M   7 12     18  30
================================================================================
SM  782  314      1071   0  1.65     0.0 242.5          M      133
================================================================================
AV 31.3 12.6                               9.7 FASTST   M    M   5    MAX(MPH)
                                 MISC ---->  # 43 220               # 54  230
================================================================================
NOTES:
# LAST OF SEVERAL OCCURRENCES

COLUMN 17 PEAK WIND IN M.P.H.

PRELIMINARY LOCAL CLIMATOLOGICAL DATA (WS FORM: F-6) , PAGE 2

                                          STATION:  MASSENA NY
                                          MONTH:    MARCH
                                          YEAR:     2017
                                          LATITUDE:   44 55 N
                                          LONGITUDE:  74 51 W

[TEMPERATURE DATA]      [PRECIPITATION DATA]       SYMBOLS USED IN COLUMN 16

AVERAGE MONTHLY: 21.9   TOTAL FOR MONTH:   1.65    1 = FOG OR MIST
DPTR FM NORMAL:  -4.7   DPTR FM NORMAL:    0.00    2 = FOG REDUCING VISIBILITY
HIGHEST:    56 ON  1    GRTST 24HR  0.64 ON 24-24      TO 1/4 MILE OR LESS
LOWEST:     -4 ON 18                               3 = THUNDER
                        SNOW, ICE PELLETS, HAIL    4 = ICE PELLETS
                        TOTAL MONTH:   0.0 INCH    5 = HAIL
                        GRTST 24HR     0.0         6 = FREEZING RAIN OR DRIZZLE
                        GRTST DEPTH:   0           7 = DUSTSTORM OR SANDSTORM:
                                                       VSBY 1/2 MILE OR LESS
                                                   8 = SMOKE OR HAZE
[NO. OF DAYS WITH]      [WEATHER - DAYS WITH]      9 = BLOWING SNOW
                                                   X = TORNADO
MAX 32 OR BELOW:  12    0.01 INCH OR MORE:   8
MAX 90 OR ABOVE:   0    0.10 INCH OR MORE:   5
MIN 32 OR BELOW:  23    0.50 INCH OR MORE:   1
MIN  0 OR BELOW:   2    1.00 INCH OR MORE:   0

[HDD (BASE 65) ]
TOTAL THIS MO.  1071    CLEAR  (SCALE 0-3)   8
DPTR FM NORMAL   112    PTCLDY (SCALE 4-7)  10
TOTAL FM JUL 1  5997    CLOUDY (SCALE 8-10)  7
DPTR FM NORMAL  -949

[CDD (BASE 65) ]
TOTAL THIS MO.     0
DPTR FM NORMAL     0    [PRESSURE DATA]
TOTAL FM JAN 1     0    HIGHEST SLP M ON M
DPTR FM NORMAL     0    LOWEST  SLP 29.21 ON  1

[REMARKS]
