216
CXUS55 KLIX 251000
CF6MSY
PRELIMINARY LOCAL CLIMATOLOGICAL DATA (WS FORM: F-6)

                                          STATION:   NEW ORLEANS
                                          MONTH:     JULY
                                          YEAR:      2017
                                          LATITUDE:   29 58 N
                                          LONGITUDE:  90 15 W

  TEMPERATURE IN F:       :PCPN:    SNOW:  WIND      :SUNSHINE: SKY     :PK WND
================================================================================
1   2   3   4   5  6A  6B    7    8   9   10  11  12  13   14  15   16   17  18
                                     12Z  AVG MX 2MIN
DY MAX MIN AVG DEP HDD CDD  WTR  SNW DPTH SPD SPD DIR MIN PSBL S-S WX    SPD DR
================================================================================

 1  91  77  84   1   0  19 0.00  0.0    0  6.0 14 180   M    M   3 1      19 170
 2  92  73  83   0   0  18 0.00  0.0    0  4.9 12 290   M    M   3 18     15 310
 3  93  76  85   2   0  20 0.00  0.0    0  5.7 13 120   M    M   3        17 120
 4  94  76  85   2   0  20 0.00  0.0    0  5.2 14 170   M    M   3        17 180
 5  93  78  86   3   0  21    T  0.0    0  5.7 17 200   M    M   4 3      21 200
 6  91  76  84   1   0  19 0.10  0.0    0  3.0 22 120   M    M   5 13     27 210
 7  92  75  84   1   0  19    T  0.0    0  5.4 18 190   M    M   5 3      23 190
 8  88  76  82  -1   0  17 0.19  0.0    0  4.4 16 340   M    M   5 13     21 340
 9  91  71  81  -2   0  16 0.17  0.0    0  3.4 31 180   M    M   5 38     41 190
10  91  72  82  -1   0  17 0.27  0.0    0  3.1 31 220   M    M   6 138    39 220
11  88  73  81  -2   0  16 0.05  0.0    0  2.5 18  90   M    M   7 13     23  60
12  91  75  83   0   0  18 0.07  0.0    0  3.8 15 110   M    M   5 3      18 120
13  91  76  84   1   0  19 0.59  0.0    0  3.5 22  90   M    M   7 13     24  70
14  89  75  82  -1   0  17 3.50  0.0    0  4.5 25 210   M    M   7 38     35 210
15  89  75  82  -1   0  17 0.26  0.0    0  3.2 13 190   M    M   6 138    19 120
16  88  75  82  -1   0  17    T  0.0    0  3.9 13 200   M    M   7 3      18 200
17  88  77  83   0   0  18 0.03  0.0    0  4.9 16 260   M    M   7 13     20 250
18  89  75  82  -1   0  17    T  0.0    0  3.7 18 210   M    M   7 13     24 200
19  95  77  86   3   0  21 0.00  0.0    0  3.9 15 200   M    M   5 3      19 170
20  96  76  86   3   0  21    T  0.0    0  4.3 20 180   M    M   3 18     24 170
21  95  77  86   3   0  21    T  0.0    0  4.6 14 160   M    M   7 13     19 150
22  91  77  84   1   0  19 0.06  0.0    0  3.8 16 190   M    M   7 13     23 180
23  85  75  80  -3   0  15 0.18  0.0    0  6.2 18 280   M    M   6 1      24 270
24  91  71  81  -2   0  16 1.03  0.0    0  6.1 32 280   M    M   8 13     40 280
================================================================================
SM 2182 1804         0 438  6.50     0.0 105.7          M      131
================================================================================
AV 90.9 75.2                               4.4 FASTST   M    M   5    MAX(MPH)
                                 MISC ---->  # 32 280               # 41  190
================================================================================
NOTES:
# LAST OF SEVERAL OCCURRENCES

COLUMN 17 PEAK WIND IN M.P.H.

PRELIMINARY LOCAL CLIMATOLOGICAL DATA (WS FORM: F-6) , PAGE 2

                                          STATION:  NEW ORLEANS
                                          MONTH:    JULY
                                          YEAR:     2017
                                          LATITUDE:   29 58 N
                                          LONGITUDE:  90 15 W

[TEMPERATURE DATA]      [PRECIPITATION DATA]       SYMBOLS USED IN COLUMN 16

AVERAGE MONTHLY: 83.0   TOTAL FOR MONTH:   6.50    1 = FOG OR MIST
DPTR FM NORMAL:   0.0   DPTR FM NORMAL:    1.82    2 = FOG REDUCING VISIBILITY
HIGHEST:    96 ON 20    GRTST 24HR  3.50 ON 14-14      TO 1/4 MILE OR LESS
LOWEST:     71 ON 24, 9                            3 = THUNDER
                        SNOW, ICE PELLETS, HAIL    4 = ICE PELLETS
                        TOTAL MONTH:   0.0 INCH    5 = HAIL
                        GRTST 24HR     0.0         6 = FREEZING RAIN OR DRIZZLE
                        GRTST DEPTH:   0           7 = DUSTSTORM OR SANDSTORM:
                                                       VSBY 1/2 MILE OR LESS
                                                   8 = SMOKE OR HAZE
[NO. OF DAYS WITH]      [WEATHER - DAYS WITH]      9 = BLOWING SNOW
                                                   X = TORNADO
MAX 32 OR BELOW:   0    0.01 INCH OR MORE:  13
MAX 90 OR ABOVE:  16    0.10 INCH OR MORE:   9
MIN 32 OR BELOW:   0    0.50 INCH OR MORE:   3
MIN  0 OR BELOW:   0    1.00 INCH OR MORE:   2

[HDD (BASE 65) ]
TOTAL THIS MO.     0    CLEAR  (SCALE 0-3)   2
DPTR FM NORMAL     0    PTCLDY (SCALE 4-7)  22
TOTAL FM JUL 1     0    CLOUDY (SCALE 8-10)  0
DPTR FM NORMAL     0

[CDD (BASE 65) ]
TOTAL THIS MO.   438
DPTR FM NORMAL     6    [PRESSURE DATA]
TOTAL FM JAN 1  1654    HIGHEST SLP M ON M
DPTR FM NORMAL   108    LOWEST  SLP 29.89 ON 16

[REMARKS]
