000
CXUS52 KKEY 220545
CF6MTH
PRELIMINARY LOCAL CLIMATOLOGICAL DATA (WS FORM: F-6)

                                          STATION:   MARATHON
                                          MONTH:     OCTOBER
                                          YEAR:      2017
                                          LATITUDE:   24 43 N
                                          LONGITUDE:  81  5 W

  TEMPERATURE IN F:       :PCPN:    SNOW:  WIND      :SUNSHINE: SKY     :PK WND
================================================================================
1   2   3   4   5  6A  6B    7    8   9   10  11  12  13   14  15   16   17  18
                                     12Z  AVG MX 2MIN
DY MAX MIN AVG DEP HDD CDD  WTR  SNW DPTH SPD SPD DIR MIN PSBL S-S WX    SPD DR
================================================================================

 1  90  77  84   1   0  19 0.62  0.0    0 10.7 16  90   M    M   2 18     35  70
 2  91  76  84   1   0  19 1.23  0.0    0 13.2 24 100   M    M   3 13     40  90
 3  90  77  84   1   0  19 0.52  0.0    0 15.1 28  50   M    M   3 13     35  80
 4  87  75  81  -2   0  16 0.49  0.0    0 17.3 28  60   M    M   4 18     36  50
 5  84  74  79  -3   0  14 2.81  0.0    0 13.4 28  80   M    M   6 138    39  80
 6  87  82  85   3   0  20    T  0.0    0 10.7 16 130   M    M   2 1      24 130
 7  89  81  85   3   0  20 0.00  0.0    0 10.0 18 130   M    M   2        26 140
 8  90  80  85   3   0  20 0.01  0.0    0  7.4 14 170   M    M   3 13     20 170
 9  90  81  86   4   0  21 0.01  0.0    0 10.5 17  90   M    M   3        25 100
10  90  82  86   4   0  21 0.00  0.0    0 13.7 18  70   M    M   2        26 100
11  89  78  84   2   0  19    T  0.0    0 13.8 22  50   M    M   4 8      28  60
12  86  77  82   0   0  17 0.26  0.0    0 11.9 18  30   M    M   2 13     26  80
13  88  77  83   2   0  18 0.07  0.0    0  9.0 14  90   M    M   2 18     19 120
14  90  80  85   4   0  20 0.07  0.0    0  9.3 15 100   M    M   1        21  90
15  89  79  84   3   0  19 0.06  0.0    0  7.2 15  60   M    M   2 1      20  70
16  89  80  85   4   0  20    T  0.0    0  4.9 10  40   M    M   1        14  30
17  90  78  84   3   0  19 0.00  0.0    0  6.9 13  70   M    M   1        18 100
18  85  75  80   0   0  15 0.01  0.0    0  6.9 18 130   M    M   3        25 120
19  87  78  83   3   0  18    T  0.0    0  9.6 20  40   M    M   3        25  50
20  88  77  83   3   0  18 0.17  0.0    0 12.8 20  60   M    M   2 18     25  80
21  88  80  84   4   0  19    T  0.0    0 13.3 21  70   M    M   3 8      28  80
================================================================================
SM 1857 1644         0 391  6.33     0.0 227.6          M       54
================================================================================
AV 88.4 78.3                              10.8 FASTST   M    M   3    MAX(MPH)
                                 MISC ---->  # 28  50               # 40   90
================================================================================
NOTES:
# LAST OF SEVERAL OCCURRENCES

COLUMN 17 PEAK WIND IN M.P.H.

PRELIMINARY LOCAL CLIMATOLOGICAL DATA (WS FORM: F-6) , PAGE 2

                                          STATION:  MARATHON
                                          MONTH:    OCTOBER
                                          YEAR:     2017
                                          LATITUDE:   24 43 N
                                          LONGITUDE:  81  5 W

[TEMPERATURE DATA]      [PRECIPITATION DATA]       SYMBOLS USED IN COLUMN 16

AVERAGE MONTHLY: 83.4   TOTAL FOR MONTH:   6.33    1 = FOG OR MIST
DPTR FM NORMAL:   1.8   DPTR FM NORMAL:    2.97    2 = FOG REDUCING VISIBILITY
HIGHEST:    91 ON  2    GRTST 24HR  2.81 ON  5- 5      TO 1/4 MILE OR LESS
LOWEST:     74 ON  5                               3 = THUNDER
                        SNOW, ICE PELLETS, HAIL    4 = ICE PELLETS
                        TOTAL MONTH:   0.0 INCH    5 = HAIL
                        GRTST 24HR     0.0         6 = FREEZING RAIN OR DRIZZLE
                        GRTST DEPTH:   0           7 = DUSTSTORM OR SANDSTORM:
                                                       VSBY 1/2 MILE OR LESS
                                                   8 = SMOKE OR HAZE
[NO. OF DAYS WITH]      [WEATHER - DAYS WITH]      9 = BLOWING SNOW
                                                   X = TORNADO
MAX 32 OR BELOW:   0    0.01 INCH OR MORE:  13
MAX 90 OR ABOVE:   8    0.10 INCH OR MORE:   7
MIN 32 OR BELOW:   0    0.50 INCH OR MORE:   4
MIN  0 OR BELOW:   0    1.00 INCH OR MORE:   2

[HDD (BASE 65) ]
TOTAL THIS MO.     0    CLEAR  (SCALE 0-3)  18
DPTR FM NORMAL     0    PTCLDY (SCALE 4-7)   3
TOTAL FM JUL 1     0    CLOUDY (SCALE 8-10)  0
DPTR FM NORMAL     0

[CDD (BASE 65) ]
TOTAL THIS MO.   391
DPTR FM NORMAL    43    [PRESSURE DATA]
TOTAL FM JAN 1  4897    HIGHEST SLP M ON M
DPTR FM NORMAL   595    LOWEST  SLP 29.76 ON  5

[REMARKS]
