000
CXUS55 KBOI 291002
CF6MUO
PRELIMINARY LOCAL CLIMATOLOGICAL DATA (WS FORM: F-6)

                                          STATION:   MOUNTAIN HOME AFB
                                          MONTH:     JULY
                                          YEAR:      2015
                                          LATITUDE:   43  2 N
                                          LONGITUDE: 115 52 W

  TEMPERATURE IN F:       :PCPN:    SNOW:  WIND      :SUNSHINE: SKY     :PK WND
================================================================================
1   2   3   4   5  6A  6B    7    8   9   10  11  12  13   14  15   16   17  18
                                     12Z  AVG MX 2MIN
DY MAX MIN AVG DEP HDD CDD  WTR  SNW DPTH SPD SPD DIR MIN PSBL S-S WX    SPD DR
================================================================================

 1 104  68  86  14   0  21 0.00    M    M 10.9 18 320   M    M   1        27 320
 2 105  70  88  15   0  23 0.00    M    M 10.8 20 340   M    M   0        28 340
 3 103  71  87  14   0  22 0.00    M    M 11.6 21 330   M    M   0        30 350
 4 102  71  87  14   0  22 0.00    M    M  9.2 15 350   M    M   2        22 330
 5  88  71  80   7   0  15    T    M    M  7.1 18 340   M    M   7         M  M
 6  93  66  80   6   0  15 0.00    M    M  5.6 13 310   M    M   5 3       M  M
 7  94  63  79   5   0  14 0.00    M    M  7.8 16 250   M    M   5        24 250
 8  86  66  76   2   0  11 0.00    M    M  9.9 20  50   M    M   4        35  50
 9  90  61  76   1   0  11    T    M    M  6.6 17 310   M    M   3 3       M  M
10  86  60  73  -2   0   8    T    M    M  9.9 29 170   M    M   6        33 170
11  87  60  74  -1   0   9    T    M    M  9.6 18  10   M    M   4        25  10
12  86  56  71  -4   0   6    M    M    M  3.8 13 310   M    M   5 3      16 320
13  82  53  68  -8   0   3    T    M    M  4.4  9 340   M    M   3         M  M
14  78  52  65 -11   0   0    T    M    M  8.2 17 120   M    M   2        17 120
15  90  53  72  -4   0   7 0.00    M    M  7.4 16 330   M    M   0        25 330
16  89  58  74  -2   0   9 0.00    M    M 12.2 20 330   M    M   0        35  10
17  79  60  70  -7   0   5 0.00    M    M 15.6 23 310   M    M   3        30 310
18  86  54  70  -7   0   5 0.00    M    M  8.2 21  50   M    M   3        17  99
19  93  53  73  -4   0   8 0.00    M    M  6.8 17 110   M    M   0         M  M
20  98  57  78   1   0  13 0.00    M    M  6.2 13 360   M    M   0 8      21 330
21   M   M   M   M   M   M 0.08    M    M  4.7 10 270   M    M   2 3       M  M
22  88  63  76  -1   0  11 0.27    M    M  6.5 10  90   M    M   6 13     16  90
23  88  60  74  -3   0   9 0.00    M    M 10.6 23 100   M    M   2 3      33 130
24  93  59  76  -2   0  11 0.00    M    M  8.3 15 110   M    M   2        20  20
25  93  59  76  -2   0  11 0.00    M    M  5.6 12 100   M    M   0         M  M
26  87  61  74  -4   0   9 0.00    M    M 16.7 27 310   M    M   0        39 320
27  76  55  66 -12   0   1 0.02    M    M 20.3 29 310   M    M   2        40 280
28  80  50  65 -13   0   0 0.00    M    M  5.4  9  20   M    M   0         M  M
================================================================================
SM 2424 1630         0 279  0.37    M    249.9          M       67
================================================================================
AV 89.8 60.4                               8.9 FASTST   M    M   2    MAX(MPH)
                                 MISC ---->    29   M                 40    M
================================================================================
NOTES:
# LAST OF SEVERAL OCCURRENCES

COLUMN 17 PEAK WIND IN M.P.H.

PRELIMINARY LOCAL CLIMATOLOGICAL DATA (WS FORM: F-6) , PAGE 2

                                          STATION:  MOUNTAIN HOME AFB
                                          MONTH:    JULY
                                          YEAR:     2015
                                          LATITUDE:   43  2 N
                                          LONGITUDE: 115 52 W

[TEMPERATURE DATA]      [PRECIPITATION DATA]       SYMBOLS USED IN COLUMN 16

AVERAGE MONTHLY: 75.1   TOTAL FOR MONTH:   0.37    1 = FOG OR MIST
DPTR FM NORMAL:  -0.5   DPTR FM NORMAL:    0.18    2 = FOG REDUCING VISIBILITY
HIGHEST:   105 ON  2    GRTST 24HR  0.27 ON 22-22      TO 1/4 MILE OR LESS
LOWEST:     50 ON 28                               3 = THUNDER
                        SNOW, ICE PELLETS, HAIL    4 = ICE PELLETS
                        TOTAL MONTH:    M          5 = HAIL
                        GRTST 24HR    M  ON   M    6 = FREEZING RAIN OR DRIZZLE
                        GRTST DEPTH:  M  ON   M    7 = DUSTSTORM OR SANDSTORM:
                                                       VSBY 1/2 MILE OR LESS
                                                   8 = SMOKE OR HAZE
[NO. OF DAYS WITH]      [WEATHER - DAYS WITH]      9 = BLOWING SNOW
                                                   X = TORNADO
MAX 32 OR BELOW:   0    0.01 INCH OR MORE:   3
MAX 90 OR ABOVE:  12    0.10 INCH OR MORE:   1
MIN 32 OR BELOW:   0    0.50 INCH OR MORE:   0
MIN  0 OR BELOW:   0    1.00 INCH OR MORE:   0

[HDD (BASE 65) ]
TOTAL THIS MO.     0    CLEAR  (SCALE 0-3)  18
DPTR FM NORMAL    -6    PTCLDY (SCALE 4-7)  10
TOTAL FM JUL 1     0    CLOUDY (SCALE 8-10)  0
DPTR FM NORMAL    -6

[CDD (BASE 65) ]
TOTAL THIS MO.   279
DPTR FM NORMAL   -23    [PRESSURE DATA]
TOTAL FM JAN 1   627    HIGHEST SLP M ON M
DPTR FM NORMAL   155    LOWEST  SLP M ON M

[REMARKS]
