034
CXUS55 KBOI 231002
CF6MUO
PRELIMINARY LOCAL CLIMATOLOGICAL DATA (WS FORM: F-6)

                                          STATION:   MOUNTAIN HOME AFB
                                          MONTH:     MAY
                                          YEAR:      2016
                                          LATITUDE:   43  2 N
                                          LONGITUDE: 115 52 W

  TEMPERATURE IN F:       :PCPN:    SNOW:  WIND      :SUNSHINE: SKY     :PK WND
================================================================================
1   2   3   4   5  6A  6B    7    8   9   10  11  12  13   14  15   16   17  18
                                     12Z  AVG MX 2MIN
DY MAX MIN AVG DEP HDD CDD  WTR  SNW DPTH SPD SPD DIR MIN PSBL S-S WX    SPD DR
================================================================================

 1  73  37  55   1  10   0 0.00    M    M 10.3 21 110   M    M   1        32 120
 2  74  36  55   1  10   0 0.00    M    M  9.0 15 100   M    M   0        23 100
 3  79  40  60   6   5   0 0.00    M    M 10.1 18 120   M    M   0        18  99
 4  85  53  69  14   0   4    T    M    M 13.9 21 100   M    M   5        32 100
 5  80  54  67  12   0   2 0.00    M    M 10.2 22 310   M    M   5        30 310
 6  72  45  59   4   6   0    T    M    M  9.0 21 290   M    M   8 3       M  M
 7  69  49  59   3   6   0 0.12    M    M  5.1  7 190   M    M   5 1       M  M
 8  78  50  64   8   1   0    M    M    M   M   M   M   M    M   M         M  M
 9  61  37  49  -7  16   0 0.00    M    M 17.3 32 310   M    M   1        43 310
10  66  34  50  -7  15   0 0.00    M    M 13.3 20 320   M    M   2        37 300
11  70  37  54  -3  11   0 0.00    M    M  7.9 13 120   M    M   0        22 120
12  83  41  62   5   3   0 0.00    M    M 14.4 24 120   M    M   0        32 110
13  87  47  67  10   0   2    T    M    M  7.0 14 100   M    M   1         M  M
14  81  52  67   9   0   2    T    M    M 11.7 23 300   M    M   2 3      32 310
15  68  50  59   1   6   0    T    M    M 12.9 24 300   M    M   3        35 310
16  71  46  59   1   6   0 0.00    M    M 14.3 22  10   M    M   3        30 330
17  78  45  62   3   3   0 0.00    M    M  9.5 15 310   M    M   0        21 260
18  83  44  64   5   1   0 0.00    M    M  6.0 14 320   M    M   1         M  M
19  67  52  60   1   5   0 0.23    M    M 10.2 23 320   M    M   4 13      M  M
20  58  46  52  -8  13   0 0.01    M    M  9.5 18 100   M    M   5        24 100
21  60  46  53  -7  12   0 0.05    M    M  8.1 16 260   M    M   7        22 270
22  63  42  53  -7  12   0    T    M    M  5.5 12 240   M    M   4         M  M
================================================================================
SM 1606  983       141  10  0.41    M    215.2          M       57
================================================================================
AV 73.0 44.7                              10.2 FASTST   M    M   3    MAX(MPH)
                                 MISC ---->    32   M                 43    M
================================================================================
NOTES:
# LAST OF SEVERAL OCCURRENCES

COLUMN 17 PEAK WIND IN M.P.H.

PRELIMINARY LOCAL CLIMATOLOGICAL DATA (WS FORM: F-6) , PAGE 2

                                          STATION:  MOUNTAIN HOME AFB
                                          MONTH:    MAY
                                          YEAR:     2016
                                          LATITUDE:   43  2 N
                                          LONGITUDE: 115 52 W

[TEMPERATURE DATA]      [PRECIPITATION DATA]       SYMBOLS USED IN COLUMN 16

AVERAGE MONTHLY: 58.8   TOTAL FOR MONTH:   0.41    1 = FOG OR MIST
DPTR FM NORMAL:   1.9   DPTR FM NORMAL:   -0.53    2 = FOG REDUCING VISIBILITY
HIGHEST:    87 ON 13    GRTST 24HR  0.23 ON 19-19      TO 1/4 MILE OR LESS
LOWEST:     34 ON 10                               3 = THUNDER
                        SNOW, ICE PELLETS, HAIL    4 = ICE PELLETS
                        TOTAL MONTH:    M          5 = HAIL
                        GRTST 24HR    M  ON   M    6 = FREEZING RAIN OR DRIZZLE
                        GRTST DEPTH:  M  ON   M    7 = DUSTSTORM OR SANDSTORM:
                                                       VSBY 1/2 MILE OR LESS
                                                   8 = SMOKE OR HAZE
[NO. OF DAYS WITH]      [WEATHER - DAYS WITH]      9 = BLOWING SNOW
                                                   X = TORNADO
MAX 32 OR BELOW:   0    0.01 INCH OR MORE:   4
MAX 90 OR ABOVE:   0    0.10 INCH OR MORE:   2
MIN 32 OR BELOW:   0    0.50 INCH OR MORE:   0
MIN  0 OR BELOW:   0    1.00 INCH OR MORE:   0

[HDD (BASE 65) ]
TOTAL THIS MO.   141    CLEAR  (SCALE 0-3)  13
DPTR FM NORMAL   -63    PTCLDY (SCALE 4-7)   8
TOTAL FM JUL 1  4872    CLOUDY (SCALE 8-10)  0
DPTR FM NORMAL  -842

[CDD (BASE 65) ]
TOTAL THIS MO.    10
DPTR FM NORMAL    -9    [PRESSURE DATA]
TOTAL FM JAN 1    13    HIGHEST SLP M ON M
DPTR FM NORMAL    -6    LOWEST  SLP M ON M

[REMARKS]
