000
CXUS51 KBTV 260700
CF6MVL
PRELIMINARY LOCAL CLIMATOLOGICAL DATA (WS FORM: F-6)

                                          STATION:   MORRISVILLE VT
                                          MONTH:     AUGUST
                                          YEAR:      2016
                                          LATITUDE:   44 31 N
                                          LONGITUDE:  72 37 W

  TEMPERATURE IN F:       :PCPN:    SNOW:  WIND      :SUNSHINE: SKY     :PK WND
================================================================================
1   2   3   4   5  6A  6B    7    8   9   10  11  12  13   14  15   16   17  18
                                     12Z  AVG MX 2MIN
DY MAX MIN AVG DEP HDD CDD  WTR  SNW DPTH SPD SPD DIR MIN PSBL S-S WX    SPD DR
================================================================================

 1  67  57  62  -5   3   0 1.10  0.0    0  2.2 12  30   M    M  10 12     16  30
 2  81  56  69   2   0   4 0.00  0.0    0  1.2  9 200   M    M   5 12     12 200
 3  82  53  68   1   0   3 0.00  0.0    0  1.9 10 210   M    M   4 128    15 200
 4  84  54  69   2   0   4 0.00  0.0    0  4.4 10 210   M    M   3 1       M  M
 5  86  56  71   4   0   6 0.00  0.0    M  5.9 17 210   M    M   1 1      23 200
 6  83  55  69   2   0   4 0.04  0.0    0  3.9  7  99   M    M   2 1      16 310
 7  73  51  62  -5   3   0 0.00  0.0    0  0.9  8 320   M    M   3        21 320
 8   M   M   M   M   M   M    M    M    M   M   M   M   M    M   M         M  M
 9   M   M   M   M   M   M    M    M    M   M   M   M   M    M   M         M  M
10  84  54  69   3   0   4    T  0.0    M  3.0 12 210   M    M   3        15 220
11  90  63  77  11   0  12 0.00  0.0    0  2.0  9  20   M    M   4 12      M  M
12  85  66  76  10   0  11 0.60  0.0    0  4.3  9 210   M    M   8 1       M  M
13  83  68  76  10   0  11 0.16  0.0    0  2.7 12 160   M    M  10 1      14 160
14  86  66  76  10   0  11    T  0.0    M  4.4 15 340   M    M   8 1      21 340
15  79  57  68   2   0   3 0.00  0.0    0  4.5  9 340   M    M   5 1       M  M
16  73  53  63  -3   2   0 0.29  0.0    0  1.3 13 160   M    M   7 12     15 140
17  76  57  67   1   0   2 0.18  0.0    0  4.8 15 340   M    M   6 1      24 320
18  82  58  70   5   0   5    T  0.0    0  2.5 10 350   M    M   6 12     14 350
19  80  53  67   2   0   2 0.00  0.0    0  1.8  9 360   M    M   4 12     15  10
20  83  50  67   2   0   2 0.00  0.0    0  3.3 16 160   M    M   3 12     19 170
21  81  62  72   7   0   7 0.16  0.0    0  8.8 24 170   M    M   7 1      36 150
22  66  48  57  -8   8   0 0.05    M    0  5.3 15 320   M    M   7        23  10
23  76  43  60  -5   5   0 0.00  0.0    0  3.4 13 210   M    M   1 12     20 210
24  83  52  68   4   0   3 0.00  0.0    0  3.5 10 220   M    M   0        14 200
25  81  59  70   6   0   5 0.00  0.0    0  5.9 18 200   M    M   3 1      25 200
================================================================================
SM 1844 1291        21  99  2.58     0.0  81.9          M      110
================================================================================
AV 80.2 56.1                               3.6 FASTST   M    M   5    MAX(MPH)
                                 MISC ---->  # 24 170               # 36  150
================================================================================
NOTES:
# LAST OF SEVERAL OCCURRENCES

COLUMN 17 PEAK WIND IN M.P.H.

PRELIMINARY LOCAL CLIMATOLOGICAL DATA (WS FORM: F-6) , PAGE 2

                                          STATION:  MORRISVILLE VT
                                          MONTH:    AUGUST
                                          YEAR:     2016
                                          LATITUDE:   44 31 N
                                          LONGITUDE:  72 37 W

[TEMPERATURE DATA]      [PRECIPITATION DATA]       SYMBOLS USED IN COLUMN 16

AVERAGE MONTHLY: 68.2   TOTAL FOR MONTH:   2.58    1 = FOG OR MIST
DPTR FM NORMAL:   2.2   DPTR FM NORMAL:   -0.80    2 = FOG REDUCING VISIBILITY
HIGHEST:    90 ON 11    GRTST 24HR  1.10 ON  1- 1      TO 1/4 MILE OR LESS
LOWEST:     43 ON 23                               3 = THUNDER
                        SNOW, ICE PELLETS, HAIL    4 = ICE PELLETS
                        TOTAL MONTH:   0.0 INCH    5 = HAIL
                        GRTST 24HR     0.0         6 = FREEZING RAIN OR DRIZZLE
                        GRTST DEPTH:   0           7 = DUSTSTORM OR SANDSTORM:
                                                       VSBY 1/2 MILE OR LESS
                                                   8 = SMOKE OR HAZE
[NO. OF DAYS WITH]      [WEATHER - DAYS WITH]      9 = BLOWING SNOW
                                                   X = TORNADO
MAX 32 OR BELOW:   0    0.01 INCH OR MORE:   8
MAX 90 OR ABOVE:   1    0.10 INCH OR MORE:   6
MIN 32 OR BELOW:   0    0.50 INCH OR MORE:   2
MIN  0 OR BELOW:   0    1.00 INCH OR MORE:   1

[HDD (BASE 65) ]
TOTAL THIS MO.    21    CLEAR  (SCALE 0-3)   7
DPTR FM NORMAL   -26    PTCLDY (SCALE 4-7)  12
TOTAL FM JUL 1    54    CLOUDY (SCALE 8-10)  4
DPTR FM NORMAL   -23

[CDD (BASE 65) ]
TOTAL THIS MO.    99
DPTR FM NORMAL    33    [PRESSURE DATA]
TOTAL FM JAN 1   268    HIGHEST SLP M ON M
DPTR FM NORMAL    34    LOWEST  SLP 29.69 ON  6

[REMARKS]
