000
CXUS56 KOTX 311500
CF6MWH
PRELIMINARY LOCAL CLIMATOLOGICAL DATA (WS FORM: F-6)

                                          STATION:   MOSES LAKE WA AIRPORT
                                          MONTH:     AUGUST
                                          YEAR:      2015
                                          LATITUDE:   47 12 N
                                          LONGITUDE: 119 19 W

  TEMPERATURE IN F:       :PCPN:    SNOW:  WIND      :SUNSHINE: SKY     :PK WND
================================================================================
1   2   3   4   5  6A  6B    7    8   9   10  11  12  13   14  15   16   17  18
                                     12Z  AVG MX 2MIN
DY MAX MIN AVG DEP HDD CDD  WTR  SNW DPTH SPD SPD DIR MIN PSBL S-S WX    SPD DR
================================================================================

 1 103  57  80   6   0  15 0.00    M    M  4.9 12 320   M    M   3 8      15 210
 2 100  58  79   5   0  14 0.00    M    M  4.5  9 330   M    M   2 8      16 240
 3  94  63  79   5   0  14 0.00    M    M  6.9 25 290   M    M   3 8      31 300
 4  93  62  78   4   0  13 0.00    M    M  8.2 20 250   M    M   0        25 250
 5  87  60  74   0   0   9 0.00    M    M 10.9 24 330   M    M   0 78     31 330
 6  82  55  69  -5   0   4 0.00    M    M  5.5 14 210   M    M   0        18 200
 7  88  49  69  -5   0   4 0.00    M    M  5.1 12 190   M    M   0        17 170
 8  91  53  72  -1   0   7 0.00    M    M  6.6 17 190   M    M   0        23 180
 9  84  62  73   0   0   8 0.00    M    M  4.5 13 130   M    M   1        16 130
10  92  60  76   3   0  11 0.00    M    M  5.5 18 200   M    M   0        24 190
11 101  58  80   7   0  15 0.00    M    M  9.7 16 360   M    M   0        25  40
12 101  64  83  10   0  18 0.00    M    M  6.8 18 150   M    M   0        23 170
13  99  61  80   7   0  15 0.00    M    M  3.2  9 350   M    M   0 8      12 190
14  93  64  79   7   0  14 0.00    M    M 13.9 31 250   M    M   0 78     39 250
15  81  59  70  -2   0   5 0.00    M    M  9.5 16 220   M    M   0        23 240
16  82  52  67  -5   0   2 0.00    M    M  4.1  9 210   M    M   0 8      13 220
17  87  51  69  -3   0   4 0.00    M    M  2.7  8 190   M    M   2 8      12 190
18  94  54  74   2   0   9 0.00    M    M  6.9 22  20   M    M   1 8      29 340
19  94  58  76   5   0  11 0.00    M    M  7.5 18 170   M    M   2 8      23 190
20  92  62  77   6   0  12 0.00    M    M 10.9 24 280   M    M   3 8      31 290
21  84  61  73   2   0   8 0.00    M    M 11.3 24 260   M    M   2 8      30 270
22  83  50  67  -3   0   2 0.00    M    M  5.5 14 340   M    M   3 8      19  10
23  88  52  70   0   0   5 0.00    M    M  6.4 13  30   M    M   2 8      15  30
24  87  52  70   0   0   5 0.00    M    M  4.4 13 200   M    M   0 8      14 200
25  89  48  69  -1   0   4 0.00    M    M  4.1 10 230   M    M   0 8      16 190
26  92  55  74   5   0   9 0.00    M    M  5.7 13  20   M    M   0 8      13  20
27  94  60  77   8   0  12 0.00    M    M  7.1 18 180   M    M   1 8      23 180
28  83  64  74   5   0   9 0.00    M    M  5.5 16 180   M    M   3        19 180
29  79  63  71   3   0   6 0.01    M    M 14.3 36 220   M    M   1 78     46 220
30  75  58  67  -1   0   2 0.05    M    M 11.5 25 190   M    M   3        34 200
================================================================================
SM 2692 1725         0 266  0.06    M    213.6          M       32
================================================================================
AV 89.7 57.5                               7.1 FASTST   M    M   1    MAX(MPH)
                                 MISC ---->  # 36 220               # 46  220
================================================================================
NOTES:
# LAST OF SEVERAL OCCURRENCES

COLUMN 17 PEAK WIND IN M.P.H.

PRELIMINARY LOCAL CLIMATOLOGICAL DATA (WS FORM: F-6) , PAGE 2

                                          STATION:  MOSES LAKE WA AIRPORT
                                          MONTH:    AUGUST
                                          YEAR:     2015
                                          LATITUDE:   47 12 N
                                          LONGITUDE: 119 19 W

[TEMPERATURE DATA]      [PRECIPITATION DATA]       SYMBOLS USED IN COLUMN 16

AVERAGE MONTHLY: 73.6   TOTAL FOR MONTH:   0.06    1 = FOG OR MIST
DPTR FM NORMAL:   1.9   DPTR FM NORMAL:   -0.18    2 = FOG REDUCING VISIBILITY
HIGHEST:   103 ON  1    GRTST 24HR  0.06 ON 29-30      TO 1/4 MILE OR LESS
LOWEST:     48 ON 25                               3 = THUNDER
                        SNOW, ICE PELLETS, HAIL    4 = ICE PELLETS
                        TOTAL MONTH:    M          5 = HAIL
                        GRTST 24HR    M  ON   M    6 = FREEZING RAIN OR DRIZZLE
                        GRTST DEPTH:  M  ON   M    7 = DUSTSTORM OR SANDSTORM:
                                                       VSBY 1/2 MILE OR LESS
                                                   8 = SMOKE OR HAZE
[NO. OF DAYS WITH]      [WEATHER - DAYS WITH]      9 = BLOWING SNOW
                                                   X = TORNADO
MAX 32 OR BELOW:   0    0.01 INCH OR MORE:   2
MAX 90 OR ABOVE:  15    0.10 INCH OR MORE:   0
MIN 32 OR BELOW:   0    0.50 INCH OR MORE:   0
MIN  0 OR BELOW:   0    1.00 INCH OR MORE:   0

[HDD (BASE 65) ]
TOTAL THIS MO.     0    CLEAR  (SCALE 0-3)  30
DPTR FM NORMAL    -7    PTCLDY (SCALE 4-7)   0
TOTAL FM JUL 1     0    CLOUDY (SCALE 8-10)  0
DPTR FM NORMAL   -15

[CDD (BASE 65) ]
TOTAL THIS MO.   266
DPTR FM NORMAL    55    [PRESSURE DATA]
TOTAL FM JAN 1  1032    HIGHEST SLP  0.00 ON 29
DPTR FM NORMAL   467    LOWEST  SLP  0.00 ON M

[REMARKS]
