000
CXUS54 KLZK 231330
CF6MWT
PRELIMINARY LOCAL CLIMATOLOGICAL DATA (WS FORM: F-6)

                                          STATION:   Mount Ida
                                          MONTH:     OCTOBER
                                          YEAR:      2014
                                          LATITUDE:   34 32 N
                                          LONGITUDE:  93 35 W

  TEMPERATURE IN F:       :PCPN:    SNOW:  WIND      :SUNSHINE: SKY     :PK WND
================================================================================
1   2   3   4   5  6A  6B    7    8   9   10  11  12  13   14  15   16   17  18
                                     12Z  AVG MX 2MIN
DY MAX MIN AVG DEP HDD CDD  WTR  SNW DPTH SPD SPD DIR MIN PSBL S-S WX    SPD DR
================================================================================

 1  87  64  76  10   0  11 0.00  0.0    0  2.5 12 130   M    M   4 1      16 160
 2  88  65  77  12   0  12 0.60  0.0    0  2.3 22 290   M    M   6 1      37 290
 3  76  46  61  -4   4   0 0.00  0.0    0  5.8 17 310   M    M   2        26 330
 4  72  40  56  -8   9   0 0.00  0.0    0  2.0 13 320   M    M   0        21 320
 5  77  46  62  -2   3   0 0.00  0.0    0  2.5 10 270   M    M   1        19 230
 6  80  57  69   5   0   4 0.30  0.0    0  2.2 18 340   M    M   2        30 350
 7  85  64  75  11   0  10 0.00  0.0    0  2.1  9 270   M    M   0        16 270
 8  83  66  75  12   0  10 0.00  0.0    0  1.2  9 130   M    M   2        12 150
 9  84  64  74  11   0   9    T  0.0    0  1.2  9 280   M    M   2        16 210
10  84  66  75  12   0  10 0.02  0.0    0  3.5 10 340   M    M   5        20 240
11  68  60  64   2   1   0 1.18  0.0    0  1.9 12 140   M    M   9        20 150
12  69  60  65   3   0   0    T  0.0    0  1.9 13 140   M    M  10        20 140
13  74  56  65   3   0   0 0.72  0.0    M  5.1 17 160   M    M  10        27 180
14  70  48  59  -3   6   0 0.00  0.0    0  5.8 15 320   M    M   3        30 330
15  73  43  58  -3   7   0 0.00  0.0    0  3.1 16 300   M    M   0 8      25 310
16  78  39  59  -2   6   0 0.00  0.0    0  1.1  8 140   M    M   0        13 150
17  83  53  68   7   0   3 0.00  0.0    0  1.2  7 350   M    M   0 1      12 280
18  72  49  61   1   4   0 0.00  0.0    0  0.6  6  30   M    M   0 1       9 290
19  71  42  57  -3   8   0 0.00  0.0    0  0.8  7 130   M    M   0 12     10 140
20  73  46  60   0   5   0 0.00  0.0    0  0.2  5 130   M    M   3 1      11 290
21  79  53  66   6   0   1 0.00  0.0    0  0.7  6 140   M    M   3 12      9 290
22  74  48  61   1   4   0 0.00  0.0    0  1.3  7  60   M    M   4 12     11  30
================================================================================
SM 1700 1175        57  70  2.82     0.0  49.0          M       66
================================================================================
AV 77.3 53.4                               2.2 FASTST   M    M   3    MAX(MPH)
                                 MISC ---->  # 22 290               # 37  290
================================================================================
NOTES:
# LAST OF SEVERAL OCCURRENCES

COLUMN 17 PEAK WIND IN M.P.H.

PRELIMINARY LOCAL CLIMATOLOGICAL DATA (WS FORM: F-6) , PAGE 2

                                          STATION:  Mount Ida
                                          MONTH:    OCTOBER
                                          YEAR:     2014
                                          LATITUDE:   34 32 N
                                          LONGITUDE:  93 35 W

[TEMPERATURE DATA]      [PRECIPITATION DATA]       SYMBOLS USED IN COLUMN 16

AVERAGE MONTHLY: 65.3   TOTAL FOR MONTH:   2.82    1 = FOG OR MIST
DPTR FM NORMAL:   3.0   DPTR FM NORMAL:   -0.26    2 = FOG REDUCING VISIBILITY
HIGHEST:    88 ON  2    GRTST 24HR  1.19 ON 10-11      TO 1/4 MILE OR LESS
LOWEST:     39 ON 16                               3 = THUNDER
                        SNOW, ICE PELLETS, HAIL    4 = ICE PELLETS
                        TOTAL MONTH:   0.0 INCH    5 = HAIL
                        GRTST 24HR     0.0         6 = FREEZING RAIN OR DRIZZLE
                        GRTST DEPTH:   0           7 = DUSTSTORM OR SANDSTORM:
                                                       VSBY 1/2 MILE OR LESS
                                                   8 = SMOKE OR HAZE
[NO. OF DAYS WITH]      [WEATHER - DAYS WITH]      9 = BLOWING SNOW
                                                   X = TORNADO
MAX 32 OR BELOW:   0    0.01 INCH OR MORE:   5
MAX 90 OR ABOVE:   0    0.10 INCH OR MORE:   4
MIN 32 OR BELOW:   0    0.50 INCH OR MORE:   3
MIN  0 OR BELOW:   0    1.00 INCH OR MORE:   1

[HDD (BASE 65) ]
TOTAL THIS MO.    57    CLEAR  (SCALE 0-3)  15
DPTR FM NORMAL   -43    PTCLDY (SCALE 4-7)   4
TOTAL FM JUL 1    70    CLOUDY (SCALE 8-10)  3
DPTR FM NORMAL   -50

[CDD (BASE 65) ]
TOTAL THIS MO.    70
DPTR FM NORMAL    31    [PRESSURE DATA]
TOTAL FM JAN 1  1649    HIGHEST SLP M ON M
DPTR FM NORMAL   -71    LOWEST  SLP 29.54 ON 13

[REMARKS]
ALL SNOWFALL DATA IS FROM THE MT IDA 1 SSE COOPERATIVE OBSERVER SITE
