000
CXUS56 KSTO 201355
CF6MYV
PRELIMINARY LOCAL CLIMATOLOGICAL DATA (WS FORM: F-6)

                                          STATION:   MARYSVILLE AIRPORT CA
                                          MONTH:     FEBRUARY
                                          YEAR:      2017
                                          LATITUDE:   39  5 N
                                          LONGITUDE: 121 34 W

  TEMPERATURE IN F:       :PCPN:    SNOW:  WIND      :SUNSHINE: SKY     :PK WND
================================================================================
1   2   3   4   5  6A  6B    7    8   9   10  11  12  13   14  15   16   17  18
                                     12Z  AVG MX 2MIN
DY MAX MIN AVG DEP HDD CDD  WTR  SNW DPTH SPD SPD DIR MIN PSBL S-S WX    SPD DR
================================================================================

 1  52  37  45  -2  20   0 0.00  0.0    0  2.6 10  20   M    M   2 12     13  10
 2  60  44  52   4  13   0 0.56  0.0    0  7.0 16 160   M    M  10 1      20 150
 3  61  55  58  10   7   0 0.44  0.0    0 18.1 32 170   M    M   9 1      42 170
 4  60  52  56   8   9   0 0.04  0.0    0 10.6 20 190   M    M   7 1      24 200
 5  58  49  54   6  11   0 0.59    M    0 10.9 30 170   M    M   7 1      36 160
 6  58  53  56   8   9   0 0.67  0.0    0 18.6 32 170   M    M  10 1      41 160
 7  63  53  58  10   7   0 0.45  0.0    0 20.2 41 160   M    M   6 1      48 170
 8  62  57  60  11   5   0 0.48  0.0    0 11.6 20 170   M    M  10 1      26 160
 9  62  56  59  10   6   0 1.11  0.0    0 12.0 25 140   M    M   7 1      34 140
10  63  50  57   8   8   0    T  0.0    0  7.1 14 320   M    M   6        17 160
11  63  46  55   6  10   0    T    M    0 13.3 24 320   M    M   3        30 330
12  65  46  56   6   9   0 0.00  0.0    0  6.2 18 330   M    M   0        23 340
13  61  40  51   1  14   0 0.00  0.0    0  2.7  8 310   M    M   0         9 320
14  66  37  52   2  13   0 0.00  0.0    0  3.3 13 100   M    M   0 1      15 100
15  62  45  54   4  11   0 0.01  0.0    0  3.4 12 140   M    M   6 18     16 130
16  65  53  59   9   6   0 0.25  0.0    0 13.4 24 180   M    M   6 1      31 160
17  57  52  55   5  10   0    M  0.0    M 10.4 30 160   M    M  10 1      38 180
18  59  49  54   3  11   0 0.21    M    0  9.4 22 160   M    M   9 1      25 160
19  55  47  51   0  14   0 0.16    M    0 15.3 24 160   M    M  10 1      32 170
================================================================================
SM 1152  921       193   0  4.97     0.0 196.1          M      118
================================================================================
AV 60.6 48.5                              10.3 FASTST   M    M   6    MAX(MPH)
                                 MISC ---->  # 41 160               # 48  170
================================================================================
NOTES:
# LAST OF SEVERAL OCCURRENCES

COLUMN 17 PEAK WIND IN M.P.H.

PRELIMINARY LOCAL CLIMATOLOGICAL DATA (WS FORM: F-6) , PAGE 2

                                          STATION:  MARYSVILLE AIRPORT CA
                                          MONTH:    FEBRUARY
                                          YEAR:     2017
                                          LATITUDE:   39  5 N
                                          LONGITUDE: 121 34 W

[TEMPERATURE DATA]      [PRECIPITATION DATA]       SYMBOLS USED IN COLUMN 16

AVERAGE MONTHLY: 54.6   TOTAL FOR MONTH:   4.97    1 = FOG OR MIST
DPTR FM NORMAL:   5.4   DPTR FM NORMAL:    2.79    2 = FOG REDUCING VISIBILITY
HIGHEST:    66 ON 14    GRTST 24HR  1.31 ON 17-18      TO 1/4 MILE OR LESS
LOWEST:     37 ON 14, 1                            3 = THUNDER
                        SNOW, ICE PELLETS, HAIL    4 = ICE PELLETS
                        TOTAL MONTH:   0.0 INCH    5 = HAIL
                        GRTST 24HR     0.0         6 = FREEZING RAIN OR DRIZZLE
                        GRTST DEPTH:   0           7 = DUSTSTORM OR SANDSTORM:
                                                       VSBY 1/2 MILE OR LESS
                                                   8 = SMOKE OR HAZE
[NO. OF DAYS WITH]      [WEATHER - DAYS WITH]      9 = BLOWING SNOW
                                                   X = TORNADO
MAX 32 OR BELOW:   0    0.01 INCH OR MORE:  12
MAX 90 OR ABOVE:   0    0.10 INCH OR MORE:  10
MIN 32 OR BELOW:   0    0.50 INCH OR MORE:   4
MIN  0 OR BELOW:   0    1.00 INCH OR MORE:   1

[HDD (BASE 65) ]
TOTAL THIS MO.   193    CLEAR  (SCALE 0-3)   5
DPTR FM NORMAL  -110    PTCLDY (SCALE 4-7)   7
TOTAL FM JUL 1  1777    CLOUDY (SCALE 8-10)  7
DPTR FM NORMAL  -230

[CDD (BASE 65) ]
TOTAL THIS MO.     0
DPTR FM NORMAL     0    [PRESSURE DATA]
TOTAL FM JAN 1     0    HIGHEST SLP M ON M
DPTR FM NORMAL     0    LOWEST  SLP 29.20 ON 17

[REMARKS]
