000
CXUS53 KBIS 230843
CF6N60
PRELIMINARY LOCAL CLIMATOLOGICAL DATA (WS FORM: F-6)

                                          STATION:   GARRISON (AMOS) ND
                                          MONTH:     MAY
                                          YEAR:      2016
                                          LATITUDE:   47 39 N
                                          LONGITUDE: 101 23 W

  TEMPERATURE IN F:       :PCPN:    SNOW:  WIND      :SUNSHINE: SKY     :PK WND
================================================================================
1   2   3   4   5  6A  6B    7    8   9   10  11  12  13   14  15   16   17  18
                                     12Z  AVG MX 2MIN
DY MAX MIN AVG DEP HDD CDD  WTR  SNW DPTH SPD SPD DIR MIN PSBL S-S WX    SPD DR
================================================================================

 1  64  31  48   M  17   0 0.00    M    M  5.4 15 220   M    M   0        19 200
 2  69  41  55   M  10   0 0.01    M    M  7.7 16  70   M    M   0        22  20
 3  76  38  57   M   8   0 0.00    M    M  9.7 28 350   M    M   0        33 350
 4  83  40  62   M   3   0 0.00    M    M  5.0 14 240   M    M   0        19 160
 5  90  48  69   M   0   4 0.00    M    M  6.3 15 210   M    M   0        19 220
 6  72  47  60   M   5   0 0.00    M    M 10.9 26 360   M    M   0        38 330
 7  71  38  55   M  10   0 0.00    M    M  7.4 17 350   M    M   0        21 340
 8  74  41  58   M   7   0 0.00    M    M  9.1 21 170   M    M   0        25 170
 9  74  46  60   M   5   0 0.02    M    M 14.2 26 110   M    M   0        34 100
10  57  43  50   M  15   0 0.20    M    M 15.4 24 210   M    M   0        28 220
11  54  39  47   M  18   0 0.03    M    M 21.5 31 310   M    M   0        36 300
12  53  37  45   M  20   0 0.00    M    M 22.0 33 310   M    M   0        40 310
13  51  33  42   M  23   0 0.00    M    M 21.1 32 330   M    M   0        39 330
14  62  35  49   M  16   0 0.00    M    M 18.2 31 320   M    M   0        43 330
15  70  30  50   M  15   0 0.00    M    M  8.3 23 320   M    M   0        28 310
16  68  34  51   M  14   0 0.00    M    M  6.8 17 100   M    M   0        24  80
17  72  35  54   M  11   0 0.00    M    M  4.9 13 190   M    M   0        16 160
18  78  41  60   M   5   0 0.00    M    M 11.4 23 200   M    M   0        28 200
19  82  49  66   M   0   1 0.00    M    M 12.6 20 160   M    M   0        25 180
20  78  52  65   M   0   0 0.00    M    M 16.4 26 130   M    M   0        34 120
21  78  51  65   M   0   0 0.00    M    M 19.8 32 170   M    M   0        41 170
22  79  58  69   M   0   4 0.00    M    M 12.2 30 320   M    M   0        35 320
================================================================================
SM 1555  907       202   9  0.26    M    266.3          M        0
================================================================================
AV 70.7 41.2                              12.1 FASTST   M    M   0    MAX(MPH)
                                 MISC ---->  # 33 310               # 43  330
================================================================================
NOTES:
# LAST OF SEVERAL OCCURRENCES

COLUMN 17 PEAK WIND IN M.P.H.

PRELIMINARY LOCAL CLIMATOLOGICAL DATA (WS FORM: F-6) , PAGE 2

                                          STATION:  GARRISON (AMOS) ND
                                          MONTH:    MAY
                                          YEAR:     2016
                                          LATITUDE:   47 39 N
                                          LONGITUDE: 101 23 W

[TEMPERATURE DATA]      [PRECIPITATION DATA]       SYMBOLS USED IN COLUMN 16

AVERAGE MONTHLY: 56.0   TOTAL FOR MONTH:   0.26    1 = FOG OR MIST
DPTR FM NORMAL:     M   DPTR FM NORMAL:       M    2 = FOG REDUCING VISIBILITY
HIGHEST:    90 ON  5    GRTST 24HR  0.22 ON  9-10      TO 1/4 MILE OR LESS
LOWEST:     30 ON 15                               3 = THUNDER
                        SNOW, ICE PELLETS, HAIL    4 = ICE PELLETS
                        TOTAL MONTH:    M          5 = HAIL
                        GRTST 24HR    M  ON   M    6 = FREEZING RAIN OR DRIZZLE
                        GRTST DEPTH:  M  ON   M    7 = DUSTSTORM OR SANDSTORM:
                                                       VSBY 1/2 MILE OR LESS
                                                   8 = SMOKE OR HAZE
[NO. OF DAYS WITH]      [WEATHER - DAYS WITH]      9 = BLOWING SNOW
                                                   X = TORNADO
MAX 32 OR BELOW:   0    0.01 INCH OR MORE:   4
MAX 90 OR ABOVE:   1    0.10 INCH OR MORE:   1
MIN 32 OR BELOW:   2    0.50 INCH OR MORE:   0
MIN  0 OR BELOW:   0    1.00 INCH OR MORE:   0

[HDD (BASE 65) ]
TOTAL THIS MO.   202    CLEAR  (SCALE 0-3)  22
DPTR FM NORMAL     M    PTCLDY (SCALE 4-7)   0
TOTAL FM JUL 1  7302    CLOUDY (SCALE 8-10)  0
DPTR FM NORMAL     M

[CDD (BASE 65) ]
TOTAL THIS MO.     9
DPTR FM NORMAL     M    [PRESSURE DATA]
TOTAL FM JAN 1     9    HIGHEST SLP M ON M
DPTR FM NORMAL     M    LOWEST  SLP 29.51 ON 22

[REMARKS]
