000
CXUS53 KBIS 280735
CF6N60
PRELIMINARY LOCAL CLIMATOLOGICAL DATA (WS FORM: F-6)

                                          STATION:   GARRISON (AMOS) ND
                                          MONTH:     MARCH
                                          YEAR:      2015
                                          LATITUDE:   47 39 N
                                          LONGITUDE: 101 23 W

  TEMPERATURE IN F:       :PCPN:    SNOW:  WIND      :SUNSHINE: SKY     :PK WND
================================================================================
1   2   3   4   5  6A  6B    7    8   9   10  11  12  13   14  15   16   17  18
                                     12Z  AVG MX 2MIN
DY MAX MIN AVG DEP HDD CDD  WTR  SNW DPTH SPD SPD DIR MIN PSBL S-S WX    SPD DR
================================================================================

 1  22  -2  10   M  55   0 0.00    M    M 10.9 24 310   M    M   M        29 320
 2  36   1  19   M  46   0 0.00    M    M 13.2 38 320   M    M   0        46 320
 3  16 -10   3   M  62   0 0.01    M    M 22.5 38 330   M    M   0        43 330
 4   2 -14  -6   M  71   0 0.00    M    M 12.0 23 320   M    M   0        28 320
 5  31 -11  10   M  55   0 0.00    M    M  7.2 15 290   M    M   0        19 290
 6  44  12  28   M  37   0 0.00    M    M 12.2 28 320   M    M   0        40 290
 7  44  26  35   M  30   0 0.00    M    M 11.3 24 320   M    M   0        31 320
 8  48  22  35   M  30   0 0.00    M    M  8.2 18 300   M    M   0        22 300
 9  57  24  41   M  24   0 0.00    M    M  7.8 21 270   M    M   0        25 270
10  51  31  41   M  24   0 0.00    M    M 11.4 24 320   M    M   0        29 320
11  56  29  43   M  22   0 0.00    M    M  7.6 17 100   M    M   0        22 110
12  64  31  48   M  17   0 0.00    M    M  7.9 25 300   M    M   0        31 300
13  60  29  45   M  20   0 0.00    M    M  8.7 20 320   M    M   0        23 320
14  67  28  48   M  17   0 0.00    M    M  7.0 23 190   M    M   0        28 200
15  65  44  55   M  10   0 0.00    M    M  9.4 25 320   M    M   0        29 320
16  47  25  36   M  29   0 0.06    M    M 11.0 21 350   M    M   0        32  20
17  42  15  29   M  36   0 0.00    M    M  5.8 14 220   M    M   0        17 240
18  36  28  32   M  33   0 0.11    M    M  8.8 16 120   M    M   0        23 160
19  48  31  40   M  25   0 0.00    M    M 10.2 22 330   M    M   0        25 300
20  42  29  36   M  29   0 0.00    M    M  6.5 15  30   M    M   0        21  20
21  40  24  32   M  33   0 0.00    M    M 16.0 25 110   M    M   0        31 100
22  38  22  30   M  35   0 0.00    M    M 14.0 22 160   M    M   0        26 170
23  45  21  33   M  32   0 0.00    M    M  6.2 15  80   M    M   0        20  70
24  44  29  37   M  28   0 0.22    M    M 17.6 35 320   M    M   0        45 320
25  38  24  31   M  34   0 0.00    M    M 20.1 36 320   M    M   0        42 330
26  40  24  32   M  33   0 0.00    M    M  4.9 13 120   M    M   0        16  80
27  57  26  42   M  23   0 0.06    M    M 11.0 31 340   M    M   0        39 330
================================================================================
SM 1180  538       890   0  0.46    M    289.4          M        0
================================================================================
AV 43.7 19.9                              10.7 FASTST   M    M   0    MAX(MPH)
                                 MISC ---->  # 38 320               # 46  320
================================================================================
NOTES:
# LAST OF SEVERAL OCCURRENCES

COLUMN 17 PEAK WIND IN M.P.H.

PRELIMINARY LOCAL CLIMATOLOGICAL DATA (WS FORM: F-6) , PAGE 2

                                          STATION:  GARRISON (AMOS) ND
                                          MONTH:    MARCH
                                          YEAR:     2015
                                          LATITUDE:   47 39 N
                                          LONGITUDE: 101 23 W

[TEMPERATURE DATA]      [PRECIPITATION DATA]       SYMBOLS USED IN COLUMN 16

AVERAGE MONTHLY: 31.8   TOTAL FOR MONTH:   0.46    1 = FOG OR MIST
DPTR FM NORMAL:     M   DPTR FM NORMAL:       M    2 = FOG REDUCING VISIBILITY
HIGHEST:    67 ON 14    GRTST 24HR  0.22 ON 24-24      TO 1/4 MILE OR LESS
LOWEST:    -14 ON  4                               3 = THUNDER
                        SNOW, ICE PELLETS, HAIL    4 = ICE PELLETS
                        TOTAL MONTH:    M          5 = HAIL
                        GRTST 24HR    M  ON   M    6 = FREEZING RAIN OR DRIZZLE
                        GRTST DEPTH:  M  ON   M    7 = DUSTSTORM OR SANDSTORM:
                                                       VSBY 1/2 MILE OR LESS
                                                   8 = SMOKE OR HAZE
[NO. OF DAYS WITH]      [WEATHER - DAYS WITH]      9 = BLOWING SNOW
                                                   X = TORNADO
MAX 32 OR BELOW:   4    0.01 INCH OR MORE:   5
MAX 90 OR ABOVE:   0    0.10 INCH OR MORE:   2
MIN 32 OR BELOW:  26    0.50 INCH OR MORE:   0
MIN  0 OR BELOW:   4    1.00 INCH OR MORE:   0

[HDD (BASE 65) ]
TOTAL THIS MO.   890    CLEAR  (SCALE 0-3)  26
DPTR FM NORMAL     M    PTCLDY (SCALE 4-7)   0
TOTAL FM JUL 1  7558    CLOUDY (SCALE 8-10)  0
DPTR FM NORMAL     M

[CDD (BASE 65) ]
TOTAL THIS MO.     0
DPTR FM NORMAL     M    [PRESSURE DATA]
TOTAL FM JAN 1     0    HIGHEST SLP  0.00 ON 21
DPTR FM NORMAL     M    LOWEST  SLP 29.57 ON 24

[REMARKS]
