000
CXUS56 KMTR 281000
CF6NUQ
PRELIMINARY LOCAL CLIMATOLOGICAL DATA (WS FORM: F-6)

                                          STATION:   MOFFETT FIELD
                                          MONTH:     AUGUST
                                          YEAR:      2015
                                          LATITUDE:   37 25 N
                                          LONGITUDE: 122  3 W

  TEMPERATURE IN F:       :PCPN:    SNOW:  WIND      :SUNSHINE: SKY     :PK WND
================================================================================
1   2   3   4   5  6A  6B    7    8   9   10  11  12  13   14  15   16   17  18
                                     12Z  AVG MX 2MIN
DY MAX MIN AVG DEP HDD CDD  WTR  SNW DPTH SPD SPD DIR MIN PSBL S-S WX    SPD DR
================================================================================

 1  77  64  71   3   0   6 0.00  0.0    0  8.0 18 350   M    M   4        22 350
 2  75  63  69   1   0   4 0.00  0.0    0  8.1 21 350   M    M   4        23 350
 3  77  62  70   2   0   5 0.00  0.0    0  6.4 23 350   M    M   2        26 360
 4  76  59  68   0   0   3    T  0.0    0  5.9 20  10   M    M   2        23  10
 5  78  60  69   1   0   4 0.00  0.0    0  5.8 16 350   M    M   0        20 350
 6  77  61  69   1   0   4 0.01  0.0    0  5.3 22 350   M    M   0        25 350
 7  79  60  70   2   0   5 0.00  0.0    0  8.0 20 350   M    M   1        24 350
 8  76  62  69   1   0   4 0.00  0.0    0  8.8 23 350   M    M   3        26 350
 9  77  57  67  -1   0   2 0.00  0.0    0  7.1 23 350   M    M   0        28  10
10  79  59  69   1   0   4 0.00  0.0    0  7.1 22 350   M    M   1        28 360
11  77  61  69   1   0   4 0.00  0.0    0  7.2 24 360   M    M   2        28 360
12  81  59  70   2   0   5 0.00  0.0    0  7.4 22 350   M    M   0        30  10
13  79  61  70   2   0   5 0.00  0.0    0  6.9 23 350   M    M   3        28 360
14  78  63  71   3   0   6 0.00  0.0    0  8.2 21 350   M    M   4        25 350
15  95  58  77   9   0  12 0.00  0.0    0  4.6 16 350   M    M   0 8      18 350
16  97  66  82  14   0  17 0.00  0.0    0  3.7 16 350   M    M   0 8      20 350
17  85  62  74   6   0   9 0.00  0.0    0  5.7 14 330   M    M   1        17 320
18  78  60  69   1   0   4 0.00  0.0    0  7.6 17 350   M    M   4 8      21 350
19  75  64  70   2   0   5 0.00  0.0    0  7.1 20 350   M    M   4        23 350
20  72  63  68   0   0   3 0.00  0.0    0  7.6 17 360   M    M   5        23 300
21  75  61  68   0   0   3 0.00  0.0    0  8.1 21 350   M    M   3        24 350
22  77  61  69   1   0   4 0.00  0.0    0  7.6 17  10   M    M   5        21 350
23  75  63  69   1   0   4 0.00  0.0    0  6.8 20 350   M    M   5        23 350
24  75  61  68   0   0   3 0.00  0.0    0  6.9 15 350   M    M   4        20 350
25  76  59  68   0   0   3 0.00  0.0    0  5.8 16 350   M    M   2        18 350
26  83  61  72   4   0   7 0.00  0.0    0  5.0 17 350   M    M   3 18     20 350
27  89  63  76   8   0  11 0.00  0.0    0  5.4 22 350   M    M   0        25 350
================================================================================
SM 2138 1653         0 146  0.01     0.0 182.1          M       62
================================================================================
AV 79.2 61.2                               6.7 FASTST   M    M   2    MAX(MPH)
                                 MISC ---->  # 24 360               # 30   10
================================================================================
NOTES:
# LAST OF SEVERAL OCCURRENCES

COLUMN 17 PEAK WIND IN M.P.H.

PRELIMINARY LOCAL CLIMATOLOGICAL DATA (WS FORM: F-6) , PAGE 2

                                          STATION:  MOFFETT FIELD
                                          MONTH:    AUGUST
                                          YEAR:     2015
                                          LATITUDE:   37 25 N
                                          LONGITUDE: 122  3 W

[TEMPERATURE DATA]      [PRECIPITATION DATA]       SYMBOLS USED IN COLUMN 16

AVERAGE MONTHLY: 70.2   TOTAL FOR MONTH:   0.01    1 = FOG OR MIST
DPTR FM NORMAL:   2.2   DPTR FM NORMAL:    0.00    2 = FOG REDUCING VISIBILITY
HIGHEST:    97 ON 16    GRTST 24HR  0.01 ON  6- 6      TO 1/4 MILE OR LESS
LOWEST:     57 ON  9                               3 = THUNDER
                        SNOW, ICE PELLETS, HAIL    4 = ICE PELLETS
                        TOTAL MONTH:   0.0 INCH    5 = HAIL
                        GRTST 24HR     0.0         6 = FREEZING RAIN OR DRIZZLE
                        GRTST DEPTH:   0           7 = DUSTSTORM OR SANDSTORM:
                                                       VSBY 1/2 MILE OR LESS
                                                   8 = SMOKE OR HAZE
[NO. OF DAYS WITH]      [WEATHER - DAYS WITH]      9 = BLOWING SNOW
                                                   X = TORNADO
MAX 32 OR BELOW:   0    0.01 INCH OR MORE:   1
MAX 90 OR ABOVE:   2    0.10 INCH OR MORE:   0
MIN 32 OR BELOW:   0    0.50 INCH OR MORE:   0
MIN  0 OR BELOW:   0    1.00 INCH OR MORE:   0

[HDD (BASE 65) ]
TOTAL THIS MO.     0    CLEAR  (SCALE 0-3)  18
DPTR FM NORMAL     0    PTCLDY (SCALE 4-7)   9
TOTAL FM JUL 1     0    CLOUDY (SCALE 8-10)  0
DPTR FM NORMAL    -9

[CDD (BASE 65) ]
TOTAL THIS MO.   146
DPTR FM NORMAL    58    [PRESSURE DATA]
TOTAL FM JAN 1   393    HIGHEST SLP M ON M
DPTR FM NORMAL    79    LOWEST  SLP 29.77 ON  6

[REMARKS]
