000
CXUS54 KMAF 301100
CF6ODO
PRELIMINARY LOCAL CLIMATOLOGICAL DATA (WS FORM: F-6)

                                          STATION:   Odessa Schleymeyer
                                          MONTH:     AUGUST
                                          YEAR:      2015
                                          LATITUDE:   31 55 N
                                          LONGITUDE: 102 23 W

  TEMPERATURE IN F:       :PCPN:    SNOW:  WIND      :SUNSHINE: SKY     :PK WND
================================================================================
1   2   3   4   5  6A  6B    7    8   9   10  11  12  13   14  15   16   17  18
                                     12Z  AVG MX 2MIN
DY MAX MIN AVG DEP HDD CDD  WTR  SNW DPTH SPD SPD DIR MIN PSBL S-S WX    SPD DR
================================================================================

 1  99  74  87   3   0  22    T  0.0    0 10.2 26 140   M    M   2        32 140
 2 101  73  87   3   0  22    T  0.0    0  9.7 20 170   M    M   2 3      26  90
 3 100  70  85   1   0  20 0.38  0.0    0 14.0 31 290   M    M   3 13     41 330
 4 100  70  85   1   0  20    T  0.0    0  6.9 15 180   M    M   1 1      20 180
 5 104  78  91   7   0  26 0.00  0.0    0 10.6 21 200   M    M   0        25 200
 6 103  78  91   8   0  26 0.00  0.0    0 12.5 20 190   M    M   0        26 150
 7 103  76  90   7   0  25 0.00  0.0    0 12.6 22 140   M    M   0        28 150
 8 104  79  92   9   0  27 0.00  0.0    0 13.1 21 170   M    M   0        26 170
 9 102  73  88   5   0  23 0.00  0.0    M  8.9 23 190   M    M   1 3      30 200
10 101  77  89   6   0  24 0.00  0.0    0 10.6 20 140   M    M   0        28 120
11 100  72  86   3   0  21 0.00  0.0    0  9.2 18 120   M    M   0        26 130
12 100  71  86   3   0  21 0.00  0.0    0  7.8 21 130   M    M   1        27 120
13 102  75  89   6   0  24 0.00  0.0    0  6.6 17 150   M    M   0        37 260
14 103  71  87   4   0  22 0.03  0.0    0  8.0 23 190   M    M   1 13     30 190
15  96  70  83   0   0  18 0.00  0.0    0  6.4 16 150   M    M   2 18     20 120
16  96  74  85   2   0  20 0.00  0.0    0  8.9 18 120   M    M   1        26 110
17  96  74  85   2   0  20 0.00  0.0    0  9.8 17 180   M    M   2        23 200
18  97  70  84   2   0  19 0.06  0.0    0 12.9 22 180   M    M   0 3      31 220
19  87  65  76  -6   0  11 0.00  0.0    0 16.0 29  50   M    M   1        36  50
20  92  62  77  -5   0  12 0.00  0.0    0  9.9 26 160   M    M   3        34 150
21  97  72  85   3   0  20 0.00  0.0    0 12.0 23 300   M    M   0        28 300
22 101  75  88   6   0  23 0.00  0.0    0 12.1 21 190   M    M   1 3      28 190
23   M   M   M   M   M   M 0.57    M    0  8.4 13 190   M    M   1 3      40 180
24  90  75  83   1   0  18 0.00  0.0    0  7.9 12 120   M    M   0         M  M
25  96  68  82   1   0  17 0.00  0.0    0  8.8 28 130   M    M   0        34 140
26  95  69  82   1   0  17 0.00  0.0    0  8.1 16 140   M    M   1        20 140
27  96  72  84   3   0  19 0.00  0.0    0  8.6 15 180   M    M   0        21 150
28  99  73  86   5   0  21    T  0.0    0 13.2 28 280   M    M   2        33 280
29  84  69  77  -4   0  12    T  0.0    0  7.6 16 340   M    M   8        22 340
================================================================================
SM 2744 2025         0 570  1.04     0.0 291.3          M       33
================================================================================
AV 98.0 72.3                              10.0 FASTST   M    M   1    MAX(MPH)
                                 MISC ---->  # 31 290               # 41  330
================================================================================
NOTES:
# LAST OF SEVERAL OCCURRENCES

COLUMN 17 PEAK WIND IN M.P.H.

PRELIMINARY LOCAL CLIMATOLOGICAL DATA (WS FORM: F-6) , PAGE 2

                                          STATION:  Odessa Schleymeyer
                                          MONTH:    AUGUST
                                          YEAR:     2015
                                          LATITUDE:   31 55 N
                                          LONGITUDE: 102 23 W

[TEMPERATURE DATA]      [PRECIPITATION DATA]       SYMBOLS USED IN COLUMN 16

AVERAGE MONTHLY: 85.2   TOTAL FOR MONTH:   1.04    1 = FOG OR MIST
DPTR FM NORMAL:   2.6   DPTR FM NORMAL:   -0.55    2 = FOG REDUCING VISIBILITY
HIGHEST:   104 ON  8, 5 GRTST 24HR  0.57 ON 23-23      TO 1/4 MILE OR LESS
LOWEST:     62 ON 20                               3 = THUNDER
                        SNOW, ICE PELLETS, HAIL    4 = ICE PELLETS
                        TOTAL MONTH:   0.0 INCH    5 = HAIL
                        GRTST 24HR     0.0         6 = FREEZING RAIN OR DRIZZLE
                        GRTST DEPTH:   0           7 = DUSTSTORM OR SANDSTORM:
                                                       VSBY 1/2 MILE OR LESS
                                                   8 = SMOKE OR HAZE
[NO. OF DAYS WITH]      [WEATHER - DAYS WITH]      9 = BLOWING SNOW
                                                   X = TORNADO
MAX 32 OR BELOW:   0    0.01 INCH OR MORE:   4
MAX 90 OR ABOVE:  26    0.10 INCH OR MORE:   2
MIN 32 OR BELOW:   0    0.50 INCH OR MORE:   1
MIN  0 OR BELOW:   0    1.00 INCH OR MORE:   0

[HDD (BASE 65) ]
TOTAL THIS MO.     0    CLEAR  (SCALE 0-3)  26
DPTR FM NORMAL     0    PTCLDY (SCALE 4-7)   2
TOTAL FM JUL 1     0    CLOUDY (SCALE 8-10)  1
DPTR FM NORMAL     0

[CDD (BASE 65) ]
TOTAL THIS MO.   570
DPTR FM NORMAL    61    [PRESSURE DATA]
TOTAL FM JAN 1  1989    HIGHEST SLP M ON M
DPTR FM NORMAL    -6    LOWEST  SLP 29.55 ON 18

[REMARKS]
