000
CXUS53 KGID 230730
CF6ODX
PRELIMINARY LOCAL CLIMATOLOGICAL DATA (WS FORM: F-6)

                                          STATION:   ORD NE
                                          MONTH:     OCTOBER
                                          YEAR:      2017
                                          LATITUDE:   41 37 N
                                          LONGITUDE:  98 57 W

  TEMPERATURE IN F:       :PCPN:    SNOW:  WIND      :SUNSHINE: SKY     :PK WND
================================================================================
1   2   3   4   5  6A  6B    7    8   9   10  11  12  13   14  15   16   17  18
                                     12Z  AVG MX 2MIN
DY MAX MIN AVG DEP HDD CDD  WTR  SNW DPTH SPD SPD DIR MIN PSBL S-S WX    SPD DR
================================================================================

 1  78  54  66  10   0   1 1.06    M    M 13.9 25 200   M    M   5 1      31 330
 2  63  48  56   0   9   0 1.65    M    M  7.4 43 280   M    M   8 138    57 280
 3  65  44  55   0  10   0 0.05    M    M  8.3 18 350   M    M   4 13     24 340
 4  64  41  53  -2  12   0 0.00    M    M  6.1 14 140   M    M   6        18 140
 5  68  56  62   8   3   0    T    M    M  4.6 13  40   M    M  10 1      17  50
 6  60  51  56   2   9   0 2.46    M    M  9.2 32 290   M    M  10 13     44 290
 7  74  48  61   8   4   0 0.03    M    M  6.6 17 290   M    M   2 1      24 280
 8  68  47  58   5   7   0 0.00    M    M 12.5 21  10   M    M   1 8      29  10
 9  52  40  46  -6  19   0 0.06    M    M 12.6 29 360   M    M  10        36 360
10  56  31  44  -8  21   0 0.00    M    M  3.5 13  30   M    M   4        16  30
11  66  28  47  -5  18   0 0.00    M    M  8.0 21 150   M    M   0        27 150
12  69  40  55   4  10   0 0.00    M    M  8.5 23  20   M    M   0        31  10
13  65  44  55   4  10   0 0.00    M    M  8.0 20  30   M    M   3        26  30
14  56  40  48  -2  17   0 0.01    M    M 12.6 31 320   M    M   9 1      42 320
15  63  32  48  -2  17   0 0.00    M    M  8.5 21 280   M    M   0        28 310
16  75  29  52   2  13   0 0.00    M    M  5.8 23 210   M    M   0 8      28 210
17  78  35  57   8   8   0 0.00    M    M  5.3 12 170   M    M   0        15 210
18  73  37  55   6  10   0 0.00    M    M  6.2 24  10   M    M   0        34  10
19  80  31  56   8   9   0 0.00    M    M  7.1 17 180   M    M   0        24 190
20  76  54  65  17   0   0 0.00    M    M 16.5 31 190   M    M   0        43 180
21  66  34  50   2  15   0 0.00    M    M 12.7 35 320   M    M   4 1      45 310
22  69  27  48   1  17   0 0.00    M    M  7.0 22 230   M    M   0        30 210
================================================================================
SM 1484  891       238   1  5.32    M    190.9          M       76
================================================================================
AV 67.5 40.5                               8.7 FASTST   M    M   3    MAX(MPH)
                                 MISC ---->  # 43 280               # 57  280
================================================================================
NOTES:
# LAST OF SEVERAL OCCURRENCES

COLUMN 17 PEAK WIND IN M.P.H.

PRELIMINARY LOCAL CLIMATOLOGICAL DATA (WS FORM: F-6) , PAGE 2

                                          STATION:  ORD NE
                                          MONTH:    OCTOBER
                                          YEAR:     2017
                                          LATITUDE:   41 37 N
                                          LONGITUDE:  98 57 W

[TEMPERATURE DATA]      [PRECIPITATION DATA]       SYMBOLS USED IN COLUMN 16

AVERAGE MONTHLY: 54.0   TOTAL FOR MONTH:   5.32    1 = FOG OR MIST
DPTR FM NORMAL:   2.5   DPTR FM NORMAL:    3.84    2 = FOG REDUCING VISIBILITY
HIGHEST:    80 ON 19    GRTST 24HR  2.46 ON  6- 6      TO 1/4 MILE OR LESS
LOWEST:     27 ON 22                               3 = THUNDER
                        SNOW, ICE PELLETS, HAIL    4 = ICE PELLETS
                        TOTAL MONTH:    M          5 = HAIL
                        GRTST 24HR    M  ON   M    6 = FREEZING RAIN OR DRIZZLE
                        GRTST DEPTH:  M  ON   M    7 = DUSTSTORM OR SANDSTORM:
                                                       VSBY 1/2 MILE OR LESS
                                                   8 = SMOKE OR HAZE
[NO. OF DAYS WITH]      [WEATHER - DAYS WITH]      9 = BLOWING SNOW
                                                   X = TORNADO
MAX 32 OR BELOW:   0    0.01 INCH OR MORE:   7
MAX 90 OR ABOVE:   0    0.10 INCH OR MORE:   3
MIN 32 OR BELOW:   6    0.50 INCH OR MORE:   3
MIN  0 OR BELOW:   0    1.00 INCH OR MORE:   3

[HDD (BASE 65) ]
TOTAL THIS MO.   238    CLEAR  (SCALE 0-3)  12
DPTR FM NORMAL   -67    PTCLDY (SCALE 4-7)   6
TOTAL FM JUL 1   346    CLOUDY (SCALE 8-10)  4
DPTR FM NORMAL   -96

[CDD (BASE 65) ]
TOTAL THIS MO.     1
DPTR FM NORMAL    -5    [PRESSURE DATA]
TOTAL FM JAN 1   840    HIGHEST SLP M ON M
DPTR FM NORMAL    -4    LOWEST  SLP 29.47 ON 21

[REMARKS]
