000
CXUS53 KGID 300730
CF6ODX
PRELIMINARY LOCAL CLIMATOLOGICAL DATA (WS FORM: F-6)

                                          STATION:   ORD NE
                                          MONTH:     MARCH
                                          YEAR:      2017
                                          LATITUDE:   41 37 N
                                          LONGITUDE:  98 57 W

  TEMPERATURE IN F:       :PCPN:    SNOW:  WIND      :SUNSHINE: SKY     :PK WND
================================================================================
1   2   3   4   5  6A  6B    7    8   9   10  11  12  13   14  15   16   17  18
                                     12Z  AVG MX 2MIN
DY MAX MIN AVG DEP HDD CDD  WTR  SNW DPTH SPD SPD DIR MIN PSBL S-S WX    SPD DR
================================================================================

 1  43  22  33   1  32   0 0.00    M    M 14.0 31 320   M    M   2        39 320
 2  44  21  33   1  32   0 0.00    M    M  9.2 24 320   M    M   0        31 310
 3  58  21  40   8  25   0 0.00    M    M 10.3 25 170   M    M   1        32 180
 4  69  18  44  11  21   0 0.00    M    M  7.8 22 180   M    M   0        27 170
 5  70  29  50  17  15   0 0.00    M    M  7.5 21 180   M    M   2 12     26 180
 6  70  36  53  19  12   0    T    M    M 21.7 40 300   M    M   2        51 320
 7  53  31  42   8  23   0 0.00    M    M 19.0 38 280   M    M   1        52 300
 8  59  20  40   6  25   0 0.00    M    M  5.3 15 260   M    M   1        19 170
 9  50  24  37   2  28   0 0.00    M    M 11.0 26  20   M    M   1        32  20
10  27  15  21 -14  44   0    T    M    M 10.6 20 360   M    M  10        24 360
11  36  19  28  -8  37   0 0.00    M    M  6.6 13 140   M    M   8        17 120
12  50  18  34  -2  31   0 0.02    M    M 20.0 39 330   M    M   8 1      50 320
13  26  14  20 -16  45   0 0.02    M    M 13.8 33 330   M    M   8 1      42 340
14  25  17  21 -16  44   0 0.07    M    M  9.2 14 140   M    M  10 18     16 140
15  56  24  40   3  25   0 0.04    M    M 12.4 22 190   M    M   3 18     27 200
16  81  29  55  17  10   0 0.00    M    M 10.9 24 180   M    M   0 18     33 350
17  64  30  47   9  18   0 0.00    M    M 10.2 22 320   M    M   0        29 340
18  64  22  43   4  22   0 0.00    M    M  8.0 22 180   M    M   1        27 170
19  83  32  58  19   7   0 0.00    M    M  7.2 24  30   M    M   0        31  20
20  65  39  52  13  13   0 0.00    M    M 11.0 18  40   M    M   0        31  30
21  48  35  42   2  23   0 0.01    M    M  9.3 24  10   M    M   8 8      31  10
22  54  29  42   2  23   0    T    M    M 13.3 24 170   M    M   9        32 140
23  67  44  56  15   9   0 0.92    M    M 11.8 26 270   M    M   7 138    35 260
24  54  39  47   6  18   0 0.60    M    M 15.1 25 360   M    M  10 1      32  10
25  44  35  40  -1  25   0 0.00    M    M  9.6 18  10   M    M  10 1      22  10
26  55  39  47   5  18   0 0.00    M    M  2.3 10  30   M    M   9 1      12  40
27  59  41  50   8  15   0 0.00    M    M  4.2 12 280   M    M   6 8      14 280
28  52  35  44   2  21   0 0.02    M    M  6.3 13  80   M    M   9 128     M  M
29  45  38  42  -1  23   0 0.13    M    M 13.3 23  50   M    M  10 1      29  20
================================================================================
SM 1571  816       684   0  1.83    M    310.9          M      136
================================================================================
AV 54.2 28.1                              10.7 FASTST   M    M   5    MAX(MPH)
                                 MISC ---->  # 40 300               # 52  300
================================================================================
NOTES:
# LAST OF SEVERAL OCCURRENCES

COLUMN 17 PEAK WIND IN M.P.H.

PRELIMINARY LOCAL CLIMATOLOGICAL DATA (WS FORM: F-6) , PAGE 2

                                          STATION:  ORD NE
                                          MONTH:    MARCH
                                          YEAR:     2017
                                          LATITUDE:   41 37 N
                                          LONGITUDE:  98 57 W

[TEMPERATURE DATA]      [PRECIPITATION DATA]       SYMBOLS USED IN COLUMN 16

AVERAGE MONTHLY: 41.2   TOTAL FOR MONTH:   1.83    1 = FOG OR MIST
DPTR FM NORMAL:   3.9   DPTR FM NORMAL:    0.58    2 = FOG REDUCING VISIBILITY
HIGHEST:    83 ON 19    GRTST 24HR  0.92 ON 23-23      TO 1/4 MILE OR LESS
LOWEST:     14 ON 13                               3 = THUNDER
                        SNOW, ICE PELLETS, HAIL    4 = ICE PELLETS
                        TOTAL MONTH:    M          5 = HAIL
                        GRTST 24HR    M  ON   M    6 = FREEZING RAIN OR DRIZZLE
                        GRTST DEPTH:  M  ON   M    7 = DUSTSTORM OR SANDSTORM:
                                                       VSBY 1/2 MILE OR LESS
                                                   8 = SMOKE OR HAZE
[NO. OF DAYS WITH]      [WEATHER - DAYS WITH]      9 = BLOWING SNOW
                                                   X = TORNADO
MAX 32 OR BELOW:   3    0.01 INCH OR MORE:   9
MAX 90 OR ABOVE:   0    0.10 INCH OR MORE:   3
MIN 32 OR BELOW:  19    0.50 INCH OR MORE:   2
MIN  0 OR BELOW:   0    1.00 INCH OR MORE:   0

[HDD (BASE 65) ]
TOTAL THIS MO.   684    CLEAR  (SCALE 0-3)  14
DPTR FM NORMAL  -119    PTCLDY (SCALE 4-7)   6
TOTAL FM JUL 1  5195    CLOUDY (SCALE 8-10)  9
DPTR FM NORMAL  -625

[CDD (BASE 65) ]
TOTAL THIS MO.     0
DPTR FM NORMAL     0    [PRESSURE DATA]
TOTAL FM JAN 1     0    HIGHEST SLP M ON M
DPTR FM NORMAL     0    LOWEST  SLP 29.20 ON  6

[REMARKS]
