000
CXUS53 KOAX 231000
CF6OFK
PRELIMINARY LOCAL CLIMATOLOGICAL DATA (WS FORM: F-6)

                                          STATION:   NORFOLK, NEBRASKA
                                          MONTH:     JULY
                                          YEAR:      2017
                                          LATITUDE:   41 58 N
                                          LONGITUDE:  97 26 W

  TEMPERATURE IN F:       :PCPN:    SNOW:  WIND      :SUNSHINE: SKY     :PK WND
================================================================================
1   2   3   4   5  6A  6B    7    8   9   10  11  12  13   14  15   16   17  18
                                     12Z  AVG MX 2MIN
DY MAX MIN AVG DEP HDD CDD  WTR  SNW DPTH SPD SPD DIR MIN PSBL S-S WX    SPD DR
================================================================================

 1  85  51  68  -6   0   3 0.00  0.0    0  5.8 14 250   M    M   1        22 210
 2  85  63  74   0   0   9 0.00  0.0    0  8.0 20 210   M    M   1        26 220
 3  88  65  77   3   0  12 0.00  0.0    0  6.9 17 190   M    M   0 18     21 170
 4  88  61  75   0   0  10 0.00  0.0    0  8.1 17 160   M    M   1        22 160
 5  89  65  77   2   0  12 0.00  0.0    0  9.8 16 180   M    M   0        22 190
 6  97  67  82   7   0  17 0.00  0.0    0  9.3 23 300   M    M   0        35 290
 7  86  61  74  -1   0   9 0.00  0.0    0  6.1 17  30   M    M   0        22  30
 8  88  55  72  -3   0   7    T  0.0    0  4.8 13 190   M    M   1        17 180
 9  93  64  79   4   0  14 0.00  0.0    0 11.1 26 230   M    M   0        32 240
10  87  66  77   2   0  12 0.60  0.0    0  9.3 33 310   M    M   0 13     52 310
11  91  67  79   4   0  14 0.25  0.0    0  7.4 18 170   M    M   2 13     22 170
12  87  70  79   4   0  14    T  0.0    0  6.7 20  10   M    M   2        25  10
13  86  66  76   1   0  11 0.00  0.0    0  4.3 15  30   M    M   1        19  30
14  86  62  74  -1   0   9 0.00  0.0    0  6.8 14 180   M    M   2        19 190
15  94  70  82   7   0  17 0.00  0.0    0 10.2 17 230   M    M   0        26 110
16  95  66  81   6   0  16 0.00  0.0    0  5.7 12 200   M    M   0 1      14 360
17  93  68  81   6   0  16 0.00  0.0    0  9.9 20 180   M    M   0        25 180
18  90  70  80   5   0  15 0.00  0.0    0  7.4 21 210   M    M   3        27 200
19  95  74  85  10   0  20 0.00  0.0    0 11.6 24 190   M    M   1 13     30 190
20  93  73  83   8   0  18    T  0.0    0  6.8 17  20   M    M   1 8      22 280
21  96  75  86  11   0  21 0.02  0.0    0  8.0 17 180   M    M   1 3      22 180
22  90  64  77   2   0  12    T  0.0    0  7.1 17 350   M    M   3 18     22 350
================================================================================
SM 1982 1443         0 288  0.87     0.0 171.1          M       20
================================================================================
AV 90.1 65.6                               7.8 FASTST   M    M   1    MAX(MPH)
                                 MISC ---->  # 33 310               # 52  310
================================================================================
NOTES:
# LAST OF SEVERAL OCCURRENCES

COLUMN 17 PEAK WIND IN M.P.H.

PRELIMINARY LOCAL CLIMATOLOGICAL DATA (WS FORM: F-6) , PAGE 2

                                          STATION:  NORFOLK, NEBRASKA
                                          MONTH:    JULY
                                          YEAR:     2017
                                          LATITUDE:   41 58 N
                                          LONGITUDE:  97 26 W

[TEMPERATURE DATA]      [PRECIPITATION DATA]       SYMBOLS USED IN COLUMN 16

AVERAGE MONTHLY: 77.8   TOTAL FOR MONTH:   0.87    1 = FOG OR MIST
DPTR FM NORMAL:   3.0   DPTR FM NORMAL:   -1.53    2 = FOG REDUCING VISIBILITY
HIGHEST:    97 ON  6    GRTST 24HR  0.60 ON 10-10      TO 1/4 MILE OR LESS
LOWEST:     51 ON  1                               3 = THUNDER
                        SNOW, ICE PELLETS, HAIL    4 = ICE PELLETS
                        TOTAL MONTH:   0.0 INCH    5 = HAIL
                        GRTST 24HR     0.0         6 = FREEZING RAIN OR DRIZZLE
                        GRTST DEPTH:   0           7 = DUSTSTORM OR SANDSTORM:
                                                       VSBY 1/2 MILE OR LESS
                                                   8 = SMOKE OR HAZE
[NO. OF DAYS WITH]      [WEATHER - DAYS WITH]      9 = BLOWING SNOW
                                                   X = TORNADO
MAX 32 OR BELOW:   0    0.01 INCH OR MORE:   3
MAX 90 OR ABOVE:  11    0.10 INCH OR MORE:   2
MIN 32 OR BELOW:   0    0.50 INCH OR MORE:   1
MIN  0 OR BELOW:   0    1.00 INCH OR MORE:   0

[HDD (BASE 65) ]
TOTAL THIS MO.     0    CLEAR  (SCALE 0-3)  22
DPTR FM NORMAL     0    PTCLDY (SCALE 4-7)   0
TOTAL FM JUL 1     0    CLOUDY (SCALE 8-10)  0
DPTR FM NORMAL     0

[CDD (BASE 65) ]
TOTAL THIS MO.   288
DPTR FM NORMAL    70    [PRESSURE DATA]
TOTAL FM JAN 1   553    HIGHEST SLP M ON M
DPTR FM NORMAL    88    LOWEST  SLP 29.66 ON 11

[REMARKS]
