000
CXUS55 KCAE 011400
CF6OGB
PRELIMINARY LOCAL CLIMATOLOGICAL DATA (WS FORM: F-6)

                                          STATION:   ORANGEBURG AIRPORT SC
                                          MONTH:     AUGUST
                                          YEAR:      2015
                                          LATITUDE:   33 27 N
                                          LONGITUDE:  80 51 W

  TEMPERATURE IN F:       :PCPN:    SNOW:  WIND      :SUNSHINE: SKY     :PK WND
================================================================================
1   2   3   4   5  6A  6B    7    8   9   10  11  12  13   14  15   16   17  18
                                     12Z  AVG MX 2MIN
DY MAX MIN AVG DEP HDD CDD  WTR  SNW DPTH SPD SPD DIR MIN PSBL S-S WX    SPD DR
================================================================================

 1  96  74  85   3   0  20 0.01    M    M  4.6 18 150   M    M   5 1      22 160
 2  94  75  85   3   0  20 0.00    M    M  6.1 20 140   M    M   5 12     23 150
 3  84  73  79  -3   0  14 0.05    M    M  4.0 15 150   M    M   6 13     19 150
 4  98  75  87   5   0  22 0.00    M    M  5.5 13  20   M    M   3 1      18 350
 5  98  74  86   5   0  21 0.00    M    M  6.8 15 200   M    M   0        20 240
 6  90  71  81   0   0  16 1.40    M    M  8.1 25  20   M    M   2 138    36  20
 7  88  72  80  -1   0  15 0.03    M    M  6.2 15 280   M    M   6 1      20 280
 8  91  72  82   1   0  17 0.00    M    M  5.7 13  30   M    M   4        17  20
 9  92  71  82   1   0  17    T    M    M  3.3 10  80   M    M   2 1      13  80
10  89  70  80  -1   0  15 0.00    M    M  3.7 12 290   M    M   3        16 260
11  93  75  84   3   0  19 0.03    M    M  8.3 17 230   M    M   5 3      21 230
12  92  73  83   2   0  18 0.00    M    M  5.1 15  40   M    M   4 1      18  30
13  93  70  82   1   0  17 0.00    M    M  4.6 15  50   M    M   2 12     20  50
14  92  65  79  -1   0  14 0.00    M    M  4.2 14  30   M    M   0 1      20  40
15  94  65  80   0   0  15 0.00    M    M  4.1 13  90   M    M   1        19  80
16  93  67  80   0   0  15 0.00    M    M  3.3 14 170   M    M   0        19 170
17  92  70  81   1   0  16    T    M    M  2.7 21 180   M    M   2        25 190
18  93  74  84   4   0  19 0.05    M    M  4.3 16 290   M    M   5 13     23 280
19  94  73  84   4   0  19 0.35    M    M  5.0 20 230   M    M   3 13     25 220
20  90  73  82   2   0  17 0.43    M    M  5.0 20 190   M    M   1 13     28 210
21  92  72  82   2   0  17 0.00    M    M  3.0 13  70   M    M   2 12     15  60
22  92  74  83   3   0  18 0.09    M    M  3.8 14 300   M    M   2 1      16 310
23  89  72  81   2   0  16 0.03    M    M  3.5 18 260   M    M   4 13     24 250
24  90  70  80   1   0  15    T    M    M  2.9 13 160   M    M   4 1      18  80
25  95  73  84   5   0  19 0.00    M    M  4.3 14 230   M    M   1 1      18 220
26  92  70  81   2   0  16 0.00    M    M  2.9 10  20   M    M   3 1      14  30
27  88  73  81   2   0  16 0.00    M    M  7.0 14  20   M    M   4 1      20  40
28  87  68  78  -1   0  13 0.00    M    M  6.0 15  30   M    M   2        21  40
29  87  65  76  -3   0  11 0.00    M    M  4.4 12  70   M    M   0        17  30
30  81  69  75  -3   0  10 0.52    M    M  4.3 12 130   M    M   7 1      16 110
31  85  71  78   0   0  13 0.04    M    M  3.8 12  10   M    M   8 1      15  20
================================================================================
SM 2824 2209         0 510  3.03    M    146.5          M       96
================================================================================
AV 91.1 71.3                               4.7 FASTST   M    M   3    MAX(MPH)
                                 MISC ---->  # 25  20               # 36   20
================================================================================
NOTES:
# LAST OF SEVERAL OCCURRENCES

COLUMN 17 PEAK WIND IN M.P.H.

PRELIMINARY LOCAL CLIMATOLOGICAL DATA (WS FORM: F-6) , PAGE 2

                                          STATION:  ORANGEBURG AIRPORT SC
                                          MONTH:    AUGUST
                                          YEAR:     2015
                                          LATITUDE:   33 27 N
                                          LONGITUDE:  80 51 W

[TEMPERATURE DATA]      [PRECIPITATION DATA]       SYMBOLS USED IN COLUMN 16

AVERAGE MONTHLY: 81.2   TOTAL FOR MONTH:   3.03    1 = FOG OR MIST
DPTR FM NORMAL:   1.0   DPTR FM NORMAL:   -2.25    2 = FOG REDUCING VISIBILITY
HIGHEST:    98 ON  5, 4 GRTST 24HR  1.43 ON  6- 7      TO 1/4 MILE OR LESS
LOWEST:     65 ON 29,15                            3 = THUNDER
                        SNOW, ICE PELLETS, HAIL    4 = ICE PELLETS
                        TOTAL MONTH:    M          5 = HAIL
                        GRTST 24HR    M  ON   M    6 = FREEZING RAIN OR DRIZZLE
                        GRTST DEPTH:  M  ON   M    7 = DUSTSTORM OR SANDSTORM:
                                                       VSBY 1/2 MILE OR LESS
                                                   8 = SMOKE OR HAZE
[NO. OF DAYS WITH]      [WEATHER - DAYS WITH]      9 = BLOWING SNOW
                                                   X = TORNADO
MAX 32 OR BELOW:   0    0.01 INCH OR MORE:  12
MAX 90 OR ABOVE:  22    0.10 INCH OR MORE:   4
MIN 32 OR BELOW:   0    0.50 INCH OR MORE:   2
MIN  0 OR BELOW:   0    1.00 INCH OR MORE:   1

[HDD (BASE 65) ]
TOTAL THIS MO.     0    CLEAR  (SCALE 0-3)  16
DPTR FM NORMAL     0    PTCLDY (SCALE 4-7)  15
TOTAL FM JUL 1     0    CLOUDY (SCALE 8-10)  0
DPTR FM NORMAL     0

[CDD (BASE 65) ]
TOTAL THIS MO.   510
DPTR FM NORMAL    39    [PRESSURE DATA]
TOTAL FM JAN 1  1968    HIGHEST SLP 30.21 ON 29
DPTR FM NORMAL   275    LOWEST  SLP 29.74 ON  7

[REMARKS]
#FINAL-08-15#
