000
CXHW52 PHFO 231250
CF6OGG
PRELIMINARY LOCAL CLIMATOLOGICAL DATA (WS FORM: F-6)

                                          STATION:   KAHULUI HI
                                          MONTH:     AUGUST
                                          YEAR:      2014
                                          LATITUDE:   20 53 N
                                          LONGITUDE: 156 26 W

  TEMPERATURE IN F:       :PCPN:    SNOW:  WIND      :SUNSHINE: SKY     :PK WND
================================================================================
1   2   3   4   5  6A  6B    7    8   9   10  11  12  13   14  15   16   17  18
                                     12Z  AVG MX 2MIN
DY MAX MIN AVG DEP HDD CDD  WTR  SNW DPTH SPD SPD DIR MIN PSBL S-S WX    SPD DR
================================================================================

 1  88  71  80   0   0  15 0.00  0.0    0 14.7 28  50   M    M   5 8      37  60
 2  91  76  84   4   0  19 0.00  0.0    0 15.0 25  70   M    M   3        32  80
 3  91  69  80   0   0  15 0.00  0.0    0 16.4 26  70   M    M   2        37  70
 4  91  76  84   4   0  19 0.00  0.0    0 18.9 28  70   M    M   3 8      37  60
 5  89  75  82   2   0  17 0.00  0.0    0 17.8 31  40   M    M   3        38  50
 6  89  75  82   2   0  17 0.02  0.0    0 16.4 26  40   M    M   3 1      35  50
 7  87  75  81   1   0  16 0.15  0.0    0 16.3 28  50   M    M   7 18     37  50
 8  88  76  82   2   0  17 0.12  0.0    0 14.9 37  60   M    M   9 1      55  70
 9  89  74  82   2   0  17 0.00  0.0    0 11.8 25  40   M    M   5        29  40
10  88  73  81   1   0  16 0.00  0.0    0  7.5 15  20   M    M   3        18 360
11  89  68  79  -1   0  14 0.00  0.0    0  8.2 16  20   M    M   3        21 360
12  90  70  80   0   0  15 0.00  0.0    0 10.3 23  40   M    M   3        28  40
13  90  71  81   1   0  16 0.00  0.0    0 10.3 26  60   M    M   3        33  70
14  90  72  81   1   0  16 0.00  0.0    0 14.8 25  30   M    M   3        31  60
15  89  64  77  -3   0  12 0.00  0.0    0 13.4 26  50   M    M   3        35  40
16  89  74  82   2   0  17 0.01  0.0    0 15.9 29  70   M    M   3 1      37  60
17  90  74  82   2   0  17    T  0.0    0 15.5 29  40   M    M   2        33  40
18  90  74  82   2   0  17    T  0.0    0 15.2 30  40   M    M   4 8      36  40
19  90  73  82   2   0  17    T  0.0    0 13.4 26  40   M    M   3 1      33  40
20  86  71  79  -1   0  14    T  0.0    0 13.2 24  40   M    M   5        29  40
21  91  73  82   2   0  17 0.10  0.0    0 14.3 26  40   M    M   6 1      33  40
22  89  74  82   2   0  17    T  0.0    0 14.5 25  40   M    M   4        30  30
================================================================================
SM 1964 1598         0 357  0.40     0.0 308.7          M       85
================================================================================
AV 89.3 72.6                              14.0 FASTST   M    M   4    MAX(MPH)
                                 MISC ---->  # 37  60               # 55   70
================================================================================
NOTES:
# LAST OF SEVERAL OCCURRENCES

COLUMN 17 PEAK WIND IN M.P.H.

PRELIMINARY LOCAL CLIMATOLOGICAL DATA (WS FORM: F-6) , PAGE 2

                                          STATION:  KAHULUI HI
                                          MONTH:    AUGUST
                                          YEAR:     2014
                                          LATITUDE:   20 53 N
                                          LONGITUDE: 156 26 W

[TEMPERATURE DATA]      [PRECIPITATION DATA]       SYMBOLS USED IN COLUMN 16

AVERAGE MONTHLY: 81.0   TOTAL FOR MONTH:   0.40    1 = FOG OR MIST
DPTR FM NORMAL:   1.0   DPTR FM NORMAL:    0.02    2 = FOG REDUCING VISIBILITY
HIGHEST:    91 ON 21, 4 GRTST 24HR  0.26 ON  7- 8      TO 1/4 MILE OR LESS
LOWEST:     64 ON 15                               3 = THUNDER
                        SNOW, ICE PELLETS, HAIL    4 = ICE PELLETS
                        TOTAL MONTH:   0.0 INCH    5 = HAIL
                        GRTST 24HR     0.0         6 = FREEZING RAIN OR DRIZZLE
                        GRTST DEPTH:   0           7 = DUSTSTORM OR SANDSTORM:
                                                       VSBY 1/2 MILE OR LESS
                                                   8 = SMOKE OR HAZE
[NO. OF DAYS WITH]      [WEATHER - DAYS WITH]      9 = BLOWING SNOW
                                                   X = TORNADO
MAX 32 OR BELOW:   0    0.01 INCH OR MORE:   5
MAX 90 OR ABOVE:  10    0.10 INCH OR MORE:   3
MIN 32 OR BELOW:   0    0.50 INCH OR MORE:   0
MIN  0 OR BELOW:   0    1.00 INCH OR MORE:   0

[HDD (BASE 65) ]
TOTAL THIS MO.     0    CLEAR  (SCALE 0-3)  10
DPTR FM NORMAL     0    PTCLDY (SCALE 4-7)  11
TOTAL FM JUL 1     0    CLOUDY (SCALE 8-10)  1
DPTR FM NORMAL     0

[CDD (BASE 65) ]
TOTAL THIS MO.   357
DPTR FM NORMAL    27    [PRESSURE DATA]
TOTAL FM JAN 1  2751    HIGHEST SLP M ON M
DPTR FM NORMAL   335    LOWEST  SLP 29.91 ON  8

[REMARKS]
