000
CXUS55 KTWC 230855
CF6OLS
PRELIMINARY LOCAL CLIMATOLOGICAL DATA (WS FORM: F-6)

                                          STATION:   NOGALES AZ AIRPORT
                                          MONTH:     APRIL
                                          YEAR:      2017
                                          LATITUDE:   31 25 N
                                          LONGITUDE: 110 51 W

  TEMPERATURE IN F:       :PCPN:    SNOW:  WIND      :SUNSHINE: SKY     :PK WND
================================================================================
1   2   3   4   5  6A  6B    7    8   9   10  11  12  13   14  15   16   17  18
                                     12Z  AVG MX 2MIN
DY MAX MIN AVG DEP HDD CDD  WTR  SNW DPTH SPD SPD DIR MIN PSBL S-S WX    SPD DR
================================================================================

 1  65  34  50  -8  15   0 0.12    M    0  5.6 21 320   M    M   5        31 320
 2  72  37  55  -3  10   0 0.00  0.0    0  4.5 15 280   M    M   0        22 270
 3  77  40  59   0   6   0 0.00  0.0    0  8.5 23 240   M    M   0        29 220
 4  74  43  59   0   6   0 0.00  0.0    0  6.1 18 280   M    M   0        26 270
 5  84  37  61   2   4   0 0.00  0.0    0  3.4 14 190   M    M   0        19 220
 6  87  44  66   7   0   1 0.00  0.0    0  4.8 20 210   M    M   0        25 210
 7  86  45  66   6   0   1 0.00  0.0    0  5.9 20 220   M    M   0        26 220
 8  87  46  67   7   0   2 0.00  0.0    0  9.4 31 230   M    M   M        40 220
 9  77  43  60   0   5   0 0.00  0.0    0  4.8 15 270   M    M   M        21 270
10  84  37  61   1   4   0 0.00  0.0    0  6.1 18 220   M    M   0        23 240
11  89  40  65   5   0   0 0.00  0.0    0  5.1 21 210   M    M   0        26 200
12  88  43  66   5   0   1 0.00  0.0    0  4.0 14 230   M    M   M        19 320
13  89  45  67   6   0   2 0.00  0.0    0  6.0 23 240   M    M   0        29 240
14  86  47  67   6   0   2 0.00  0.0    0  8.1 23 210   M    M   0        30 200
15  85  45  65   3   0   0 0.00  0.0    0  6.8 17 220   M    M   0        23 190
16  86  45  66   4   0   1 0.00  0.0    0  4.7 17 220   M    M   0        23 190
17  87  46  67   5   0   2 0.00  0.0    0  4.9 13 290   M    M   0        18 290
18  89  47  68   6   0   3 0.00  0.0    0  4.6 15 290   M    M   0        24 320
19  88  49  69   7   0   4 0.00  0.0    0  4.0 18 210   M    M   0        29 190
20  87  46  67   4   0   2 0.00  0.0    0  4.6 15 320   M    M   0        23 320
21  90  44  67   4   0   2 0.00  0.0    0  4.5 15 310   M    M   0        21 310
22  93  47  70   7   0   5 0.00  0.0    0  3.8 15 230   M    M   0        19 240
================================================================================
SM 1850  950        50  28  0.12     0.0 120.2          M        5
================================================================================
AV 84.1 43.2                               5.5 FASTST   M    M   0    MAX(MPH)
                                 MISC ---->  # 31 230               # 40  220
================================================================================
NOTES:
# LAST OF SEVERAL OCCURRENCES

COLUMN 17 PEAK WIND IN M.P.H.

PRELIMINARY LOCAL CLIMATOLOGICAL DATA (WS FORM: F-6) , PAGE 2

                                          STATION:  NOGALES AZ AIRPORT
                                          MONTH:    APRIL
                                          YEAR:     2017
                                          LATITUDE:   31 25 N
                                          LONGITUDE: 110 51 W

[TEMPERATURE DATA]      [PRECIPITATION DATA]       SYMBOLS USED IN COLUMN 16

AVERAGE MONTHLY: 63.6   TOTAL FOR MONTH:   0.12    1 = FOG OR MIST
DPTR FM NORMAL:   3.0   DPTR FM NORMAL:   -0.31    2 = FOG REDUCING VISIBILITY
HIGHEST:    93 ON 22    GRTST 24HR  0.12 ON 31- 1      TO 1/4 MILE OR LESS
LOWEST:     34 ON  1                               3 = THUNDER
                        SNOW, ICE PELLETS, HAIL    4 = ICE PELLETS
                        TOTAL MONTH:   0.0 INCH    5 = HAIL
                        GRTST 24HR     0.0         6 = FREEZING RAIN OR DRIZZLE
                        GRTST DEPTH:   0           7 = DUSTSTORM OR SANDSTORM:
                                                       VSBY 1/2 MILE OR LESS
                                                   8 = SMOKE OR HAZE
[NO. OF DAYS WITH]      [WEATHER - DAYS WITH]      9 = BLOWING SNOW
                                                   X = TORNADO
MAX 32 OR BELOW:   0    0.01 INCH OR MORE:   1
MAX 90 OR ABOVE:   2    0.10 INCH OR MORE:   1
MIN 32 OR BELOW:   0    0.50 INCH OR MORE:   0
MIN  0 OR BELOW:   0    1.00 INCH OR MORE:   0

[HDD (BASE 65) ]
TOTAL THIS MO.    50    CLEAR  (SCALE 0-3)  18
DPTR FM NORMAL   -59    PTCLDY (SCALE 4-7)   1
TOTAL FM JUL 1  1536    CLOUDY (SCALE 8-10)  0
DPTR FM NORMAL  -573

[CDD (BASE 65) ]
TOTAL THIS MO.    28
DPTR FM NORMAL    17    [PRESSURE DATA]
TOTAL FM JAN 1    59    HIGHEST SLP M ON M
DPTR FM NORMAL    43    LOWEST  SLP 29.67 ON  3

[REMARKS]
