000
CXUS53 KOAX 011000
CF6OMA
PRELIMINARY LOCAL CLIMATOLOGICAL DATA (WS FORM: F-6)

                                          STATION:   OMAHA EPPLEY, NEBRASKA
                                          MONTH:     AUGUST
                                          YEAR:      2014
                                          LATITUDE:   41 17 N
                                          LONGITUDE:  95 54 W

  TEMPERATURE IN F:       :PCPN:    SNOW:  WIND      :SUNSHINE: SKY     :PK WND
================================================================================
1   2   3   4   5  6A  6B    7    8   9   10  11  12  13   14  15   16   17  18
                                     12Z  AVG MX 2MIN
DY MAX MIN AVG DEP HDD CDD  WTR  SNW DPTH SPD SPD DIR MIN PSBL S-S WX    SPD DR
================================================================================

 1  86  65  76   0   0  11 0.01  0.0    0  5.1 15 110   M    M   4 3      18 110
 2  88  62  75  -1   0  10 0.11  0.0    0  6.8 22 360   M    M   7 3      37  10
 3  87  64  76   0   0  11 1.07  0.0    0  9.2 29  10   M    M   4 13     35 360
 4  86  70  78   2   0  13 0.00  0.0    0  4.9 12 100   M    M   6        15 110
 5  86  71  79   3   0  14 0.12  0.0    0  7.5 16  70   M    M   8        22  70
 6  75  69  72  -4   0   7 0.46  0.0    0 10.9 17  80   M    M  10 1      22  80
 7  77  69  73  -3   0   8 0.06  0.0    0  5.5 16 120   M    M  10 18     20  80
 8  81  70  76   0   0  11    T  0.0    0  7.4 14 100   M    M   8 18     16 110
 9  82  69  76   0   0  11 0.01  0.0    0  7.9 18 110   M    M   9 1      23 110
10  77  67  72  -4   0   7 0.24  0.0    0  4.1 12 140   M    M   9 1      13 140
11  78  58  68  -8   0   3 0.00  0.0    0 10.6 24 350   M    M   3 1      30 350
12  79  54  67  -8   0   2 0.00  0.0    0  6.5 18 340   M    M   1 1      23 340
13  83  58  71  -4   0   6 0.00  0.0    0  3.7 12 120   M    M   2 1      18 130
14  83  61  72  -3   0   7 0.00  0.0    0  8.5 17 150   M    M   7        21 160
15  75  70  73  -2   0   8 0.01  0.0    0 11.0 21 160   M    M   9        23 160
16  86  69  78   3   0  13    T  0.0    0  5.6 10 100   M    M   6        14  50
17  87  68  78   3   0  13    T  0.0    0  7.1 21 240   M    M   5 3      28 240
18  92  66  79   4   0  14    T  0.0    0  6.4 21 140   M    M   3 3      25 230
19  90  68  79   5   0  14 0.00  0.0    0  4.4  9 140   M    M   4 1      13  20
20  91  73  82   8   0  17    T  0.0    0 13.7 26 150   M    M   7        31 150
21  93  75  84  10   0  19 0.29  0.0    0  8.5 20 230   M    M   6 3      25 240
22  92  73  83   9   0  18 0.78  0.0    0  4.7 22 130   M    M   7 13     26 130
23  92  71  82   8   0  17 0.59  0.0    0 11.9 26 280   M    M   6 13     33 280
24  92  73  83   9   0  18 0.00  0.0    0  8.9 16 170   M    M   4        19 180
25  80  67  74   1   0   9    T  0.0    0 10.0 22 330   M    M   5 3      26 330
26  78  63  71  -2   0   6 1.71  0.0    0  7.6 28 300   M    M   8 138    32 310
27  75  67  71  -2   0   6 1.84  0.0    0  7.2 16 150   M    M   8 13     20  30
28  83  70  77   5   0  12 1.55  0.0    0  9.8 20 160   M    M   9 13     24 130
29  78  67  73   1   0   8 0.64  0.0    0  6.8 16 150   M    M   9 13     21 170
30  81  63  72   0   0   7 0.00  0.0    0  6.0 13 320   M    M   2 1      14 340
31  85  69  77   5   0  12 0.10  0.0    0 12.6 32 280   M    M   7 3      41 280
================================================================================
SM 2598 2079         0 332  9.59     0.0 240.8          M      193
================================================================================
AV 83.8 67.1                               7.8 FASTST   M    M   6    MAX(MPH)
                                 MISC ---->  # 32 280               # 41  280
================================================================================
NOTES:
# LAST OF SEVERAL OCCURRENCES

COLUMN 17 PEAK WIND IN M.P.H.

PRELIMINARY LOCAL CLIMATOLOGICAL DATA (WS FORM: F-6) , PAGE 2

                                          STATION:  OMAHA EPPLEY, NEBRASKA
                                          MONTH:    AUGUST
                                          YEAR:     2014
                                          LATITUDE:   41 17 N
                                          LONGITUDE:  95 54 W

[TEMPERATURE DATA]      [PRECIPITATION DATA]       SYMBOLS USED IN COLUMN 16

AVERAGE MONTHLY: 75.4   TOTAL FOR MONTH:   9.59    1 = FOG OR MIST
DPTR FM NORMAL:   0.8   DPTR FM NORMAL:    5.77    2 = FOG REDUCING VISIBILITY
HIGHEST:    93 ON 21    GRTST 24HR  3.38 ON 27-28      TO 1/4 MILE OR LESS
LOWEST:     54 ON 12                               3 = THUNDER
                        SNOW, ICE PELLETS, HAIL    4 = ICE PELLETS
                        TOTAL MONTH:   0.0 INCH    5 = HAIL
                        GRTST 24HR     0.0         6 = FREEZING RAIN OR DRIZZLE
                        GRTST DEPTH:   0           7 = DUSTSTORM OR SANDSTORM:
                                                       VSBY 1/2 MILE OR LESS
                                                   8 = SMOKE OR HAZE
[NO. OF DAYS WITH]      [WEATHER - DAYS WITH]      9 = BLOWING SNOW
                                                   X = TORNADO
MAX 32 OR BELOW:   0    0.01 INCH OR MORE:  17
MAX 90 OR ABOVE:   7    0.10 INCH OR MORE:  13
MIN 32 OR BELOW:   0    0.50 INCH OR MORE:   7
MIN  0 OR BELOW:   0    1.00 INCH OR MORE:   4

[HDD (BASE 65) ]
TOTAL THIS MO.     0    CLEAR  (SCALE 0-3)   5
DPTR FM NORMAL    -7    PTCLDY (SCALE 4-7)  18
TOTAL FM JUL 1     4    CLOUDY (SCALE 8-10)  8
DPTR FM NORMAL    -4

[CDD (BASE 65) ]
TOTAL THIS MO.   332
DPTR FM NORMAL    29    [PRESSURE DATA]
TOTAL FM JAN 1  1023    HIGHEST SLP 30.20 ON  3
DPTR FM NORMAL    43    LOWEST  SLP 29.52 ON 31

[REMARKS]
#FINAL-08-14#
